000
CXUS54 KLZK 261130
CF6FLP
PRELIMINARY LOCAL CLIMATOLOGICAL DATA (WS FORM: F-6)

                                          STATION:   Flippin
                                          MONTH:     MAY
                                          YEAR:      2017
                                          LATITUDE:   36 17 N
                                          LONGITUDE:  92 28 W

  TEMPERATURE IN F:       :PCPN:    SNOW:  WIND      :SUNSHINE: SKY     :PK WND
================================================================================
1   2   3   4   5  6A  6B    7    8   9   10  11  12  13   14  15   16   17  18
                                     12Z  AVG MX 2MIN
DY MAX MIN AVG DEP HDD CDD  WTR  SNW DPTH SPD SPD DIR MIN PSBL S-S WX    SPD DR
================================================================================

 1   M   M   M   M   M   M 0.00  0.0    0 13.0 21 270   M    M   6        31 250
 2   M   M   M   M   M   M 0.00  0.0    0  5.5 12 230   M    M   1        17 300
 3  59  57  58   M   7   0 1.90  0.0    0  6.3 16 340   M    M   8 3      23 340
 4   M   M   M   M   M   M 0.93    M    0  9.8 15 330   M    M   5        25 330
 5   M   M   M   M   M   M 0.00  0.0    0  8.9 17 350   M    M   0        28 350
 6   M   M   M   M   M   M 0.00  0.0    0  6.0 18 300   M    M   0        23 300
 7   M   M   M   M   M   M 0.00  0.0    0  1.5  7 160   M    M   0         M  M
 8   M   M   M   M   M   M 0.00  0.0    0  3.1 10 210   M    M   0         M  M
 9   M   M   M   M   M   M 0.00  0.0    0  3.3 12 160   M    M   1        20 160
10  84  70  77   M   0  12 0.00  0.0    0  4.7 10 200   M    M   1 3      17 200
11  82  64  73   M   0   8 0.13  0.0    0  2.2  7 220   M    M   5 13      M  M
12  70  55  63   M   2   0 0.10  0.0    0  4.2 12  20   M    M   8        17  20
13  79  50  65   M   0   0 0.00  0.0    0  2.8  9  10   M    M   0         M  M
14  81  48  65   M   0   0 0.00  0.0    0  2.3  7 240   M    M   1         M  M
15  84  52  68   M   0   3 0.00  0.0    0  2.9  8 160   M    M   0         M  M
16  84  57  71   M   0   6 0.00  0.0    0  6.9 14 220   M    M   0        27 190
17  81  70  76   M   0  11 0.00  0.0    0  7.9 15 190   M    M   3        29 180
18  86  66  76   M   0  11 0.00  0.0    0  3.9  9 170   M    M   3        16 150
19  82  63  73   M   0   8 0.22  0.0    0  4.3  8  90   M    M   5 3       M  M
20  77  59  68   M   0   3 1.52  0.0    0  5.2 10 310   M    M   8 3      17 310
21  73  54  64   M   1   0 0.00  0.0    0  5.3 10 310   M    M   0        18 300
22  75  52  64   M   1   0 0.00  0.0    0  2.6  8 110   M    M   0         M  M
23  73  55  64   M   1   0 0.05  0.0    0  3.3  9 340   M    M   8         M  M
24  64  50  57   M   8   0 0.02  0.0    0  7.1 14 310   M    M   6        25 320
25  79  45  62   M   3   0 0.00  0.0    0  3.5  9 240   M    M   0         M  M
================================================================================
SM 1313  967        23  62  4.87     0.0 126.5          M       69
================================================================================
AV 77.2 56.9                               5.1 FASTST   M    M   3    MAX(MPH)
                                 MISC ---->  # 21 270               # 31  250
================================================================================
NOTES:
# LAST OF SEVERAL OCCURRENCES

COLUMN 17 PEAK WIND IN M.P.H.

PRELIMINARY LOCAL CLIMATOLOGICAL DATA (WS FORM: F-6) , PAGE 2

                                          STATION:  Flippin
                                          MONTH:    MAY
                                          YEAR:     2017
                                          LATITUDE:   36 17 N
                                          LONGITUDE:  92 28 W

[TEMPERATURE DATA]      [PRECIPITATION DATA]       SYMBOLS USED IN COLUMN 16

AVERAGE MONTHLY: 67.1   TOTAL FOR MONTH:   4.87    1 = FOG OR MIST
DPTR FM NORMAL:     M   DPTR FM NORMAL:       M    2 = FOG REDUCING VISIBILITY
HIGHEST:    86 ON 18    GRTST 24HR  1.90 ON  3- 3      TO 1/4 MILE OR LESS
LOWEST:     45 ON 25                               3 = THUNDER
                        SNOW, ICE PELLETS, HAIL    4 = ICE PELLETS
                        TOTAL MONTH:   0.0 INCH    5 = HAIL
                        GRTST 24HR     0.0         6 = FREEZING RAIN OR DRIZZLE
                        GRTST DEPTH:   0           7 = DUSTSTORM OR SANDSTORM:
                                                       VSBY 1/2 MILE OR LESS
                                                   8 = SMOKE OR HAZE
[NO. OF DAYS WITH]      [WEATHER - DAYS WITH]      9 = BLOWING SNOW
                                                   X = TORNADO
MAX 32 OR BELOW:   0    0.01 INCH OR MORE:   8
MAX 90 OR ABOVE:   0    0.10 INCH OR MORE:   6
MIN 32 OR BELOW:   0    0.50 INCH OR MORE:   3
MIN  0 OR BELOW:   0    1.00 INCH OR MORE:   2

[HDD (BASE 65) ]
TOTAL THIS MO.    23    CLEAR  (SCALE 0-3)  15
DPTR FM NORMAL     M    PTCLDY (SCALE 4-7)   9
TOTAL FM JUL 1  2880    CLOUDY (SCALE 8-10)  1
DPTR FM NORMAL     M

[CDD (BASE 65) ]
TOTAL THIS MO.    62
DPTR FM NORMAL     M    [PRESSURE DATA]
TOTAL FM JAN 1   116    HIGHEST SLP M ON M
DPTR FM NORMAL     M    LOWEST  SLP M ON M

[REMARKS]
