000
CXUS55 KTBW 231000
CF6FMY
PRELIMINARY LOCAL CLIMATOLOGICAL DATA (WS FORM: F-6)

                                          STATION:   Fort Myers
                                          MONTH:     JANUARY
                                          YEAR:      2017
                                          LATITUDE:   26 34 N
                                          LONGITUDE:  81 52 W

  TEMPERATURE IN F:       :PCPN:    SNOW:  WIND      :SUNSHINE: SKY     :PK WND
================================================================================
1   2   3   4   5  6A  6B    7    8   9   10  11  12  13   14  15   16   17  18
                                     12Z  AVG MX 2MIN
DY MAX MIN AVG DEP HDD CDD  WTR  SNW DPTH SPD SPD DIR MIN PSBL S-S WX    SPD DR
================================================================================

 1  86  60  73   9   0   8 0.00  0.0    0  5.3 13 150   M    M   1 1      17 160
 2  87  67  77  13   0  12 0.04  0.0    0  6.2 13 130   M    M   3 18     18 150
 3  85  72  79  15   0  14 0.00  0.0    0  6.2 15 250   M    M   5 1      19 250
 4  82  63  73   9   0   8 0.36  0.0    0  6.8 16 320   M    M   5 1      22 270
 5  77  59  68   4   0   3 0.00  0.0    0  3.2 13 250   M    M   1 1      18 260
 6  81  60  71   7   0   6 0.00  0.0    0  5.1 12 170   M    M   5 12     16 170
 7  76  46  61  -3   4   0 0.35  0.0    0 12.5 23  30   M    M   5 13     29 320
 8  62  40  51 -13  14   0 0.00  0.0    0 14.8 23  40   M    M   1        29  30
 9  72  43  58  -6   7   0 0.00  0.0    0 10.3 17  60   M    M   0        23 100
10  75  51  63  -1   2   0 0.00  0.0    0  8.0 18 100   M    M   3        27 110
11  79  57  68   4   0   3 0.00  0.0    0  7.7 17  80   M    M   6        23  80
12  83  60  72   8   0   7 0.00  0.0    0  8.2 15  80   M    M   2        20 110
13  83  60  72   8   0   7 0.01  0.0    0  7.6 16  90   M    M   5 1      21 100
14  80  61  71   7   0   6 0.00  0.0    0  7.4 14  90   M    M   5        21 120
15  82  59  71   7   0   6 0.00  0.0    0  5.5 15 120   M    M   8        19 110
16  81  65  73   9   0   8 0.00  0.0    0  8.5 14  80   M    M   5        18  90
17  84  63  74  10   0   9 0.00  0.0    0  4.3 15 130   M    M   2        22 130
18  82  59  71   7   0   6 0.00  0.0    0  2.5 12 240   M    M   0        16 300
19  81  59  70   6   0   5 0.00  0.0    0  3.3 14 250   M    M   0 1      20 250
20  82  59  71   7   0   6 0.00  0.0    0  3.7 14 230   M    M   0 1      20 240
21  83  63  73   9   0   8 0.00  0.0    0  7.5 18 200   M    M   0 1      26 220
22  82  69  76  12   0  11 0.33  0.0    0 15.9 30 240   M    M   5 13     41 220
================================================================================
SM 1765 1295        27 133  1.09     0.0 160.5          M       67
================================================================================
AV 80.2 58.9                               7.3 FASTST   M    M   3    MAX(MPH)
                                 MISC ---->  # 30 240               # 41  220
================================================================================
NOTES:
# LAST OF SEVERAL OCCURRENCES

COLUMN 17 PEAK WIND IN M.P.H.

PRELIMINARY LOCAL CLIMATOLOGICAL DATA (WS FORM: F-6) , PAGE 2

                                          STATION:  Fort Myers
                                          MONTH:    JANUARY
                                          YEAR:     2017
                                          LATITUDE:   26 34 N
                                          LONGITUDE:  81 52 W

[TEMPERATURE DATA]      [PRECIPITATION DATA]       SYMBOLS USED IN COLUMN 16

AVERAGE MONTHLY: 69.6   TOTAL FOR MONTH:   1.09    1 = FOG OR MIST
DPTR FM NORMAL:   5.5   DPTR FM NORMAL:   -0.27    2 = FOG REDUCING VISIBILITY
HIGHEST:    87 ON  2    GRTST 24HR  0.36 ON  4- 4      TO 1/4 MILE OR LESS
LOWEST:     40 ON  8                               3 = THUNDER
                        SNOW, ICE PELLETS, HAIL    4 = ICE PELLETS
                        TOTAL MONTH:   0.0 INCH    5 = HAIL
                        GRTST 24HR     0.0         6 = FREEZING RAIN OR DRIZZLE
                        GRTST DEPTH:   0           7 = DUSTSTORM OR SANDSTORM:
                                                       VSBY 1/2 MILE OR LESS
                                                   8 = SMOKE OR HAZE
[NO. OF DAYS WITH]      [WEATHER - DAYS WITH]      9 = BLOWING SNOW
                                                   X = TORNADO
MAX 32 OR BELOW:   0    0.01 INCH OR MORE:   5
MAX 90 OR ABOVE:   0    0.10 INCH OR MORE:   3
MIN 32 OR BELOW:   0    0.50 INCH OR MORE:   0
MIN  0 OR BELOW:   0    1.00 INCH OR MORE:   0

[HDD (BASE 65) ]
TOTAL THIS MO.    27    CLEAR  (SCALE 0-3)  12
DPTR FM NORMAL   -58    PTCLDY (SCALE 4-7)  10
TOTAL FM JUL 1    41    CLOUDY (SCALE 8-10)  0
DPTR FM NORMAL  -137

[CDD (BASE 65) ]
TOTAL THIS MO.   133
DPTR FM NORMAL    68    [PRESSURE DATA]
TOTAL FM JAN 1   133    HIGHEST SLP M ON M
DPTR FM NORMAL    68    LOWEST  SLP 29.51 ON 22

[REMARKS]
