000
CXUS55 KTBW 261000
CF6FMY
PRELIMINARY LOCAL CLIMATOLOGICAL DATA (WS FORM: F-6)

                                          STATION:   Fort Myers
                                          MONTH:     JULY
                                          YEAR:      2016
                                          LATITUDE:   26 34 N
                                          LONGITUDE:  81 52 W

  TEMPERATURE IN F:       :PCPN:    SNOW:  WIND      :SUNSHINE: SKY     :PK WND
================================================================================
1   2   3   4   5  6A  6B    7    8   9   10  11  12  13   14  15   16   17  18
                                     12Z  AVG MX 2MIN
DY MAX MIN AVG DEP HDD CDD  WTR  SNW DPTH SPD SPD DIR MIN PSBL S-S WX    SPD DR
================================================================================

 1  93  77  85   2   0  20 0.00  0.0    0  5.5 14 290   M    M   1        20 250
 2  93  78  86   3   0  21 0.00  0.0    0  4.4 14 250   M    M   1 3      18 280
 3  95  78  87   4   0  22    T  0.0    0  4.7 23 100   M    M   2 3      29 110
 4  94  76  85   2   0  20 0.68  0.0    0  5.0 24 340   M    M   2 138    36 350
 5  95  76  86   3   0  21 0.00  0.0    0  4.8 13 280   M    M   2        16 280
 6  96  77  87   4   0  22 0.16  0.0    0  4.7 15 210   M    M   4 138    19 200
 7  95  77  86   3   0  21 0.02  0.0    0  5.0 15 280   M    M   3 3      19 260
 8  94  74  84   1   0  19 0.83  0.0    0  3.9 24  30   M    M   1 13     29  70
 9  95  77  86   3   0  21 0.01  0.0    0  4.6 20  20   M    M   2 38     23  20
10  94  80  87   4   0  22 0.02  0.0    0  3.5 22  80   M    M   3 38     30  90
11  96  77  87   4   0  22 0.45  0.0    0  5.7 18 150   M    M   2 13     24 140
12  94  76  85   2   0  20 0.33  0.0    0  5.3 17 100   M    M   3 13     23 250
13  94  73  84   1   0  19 0.15  0.0    0  4.9 26 100   M    M   1 13     35 100
14  91  75  83   0   0  18    T  0.0    0  4.4 18 340   M    M   2 38     24 330
15  94  76  85   2   0  20 0.01  0.0    0  5.1 16 170   M    M   2 3      21 160
16  92  73  83   0   0  18 0.61  0.0    0  6.9 24 200   M    M   2 13     31 210
17  92  74  83   0   0  18 0.26  0.0    0  6.4 25  70   M    M   1 138    36  80
18  93  76  85   2   0  20 0.09  0.0    0  8.0 18 150   M    M   1 3      27 130
19  92  76  84   1   0  19 0.75  0.0    0  7.4 23  80   M    M   1 13     31  20
20  94  75  85   2   0  20 0.00  0.0    0  7.4 16 190   M    M   1 3      20  80
21  92  77  85   2   0  20 0.10  0.0    0  6.1 26 160   M    M   1 13     33 170
22  92  73  83   0   0  18 0.27  0.0    0  5.6 22 330   M    M   2 13     26 330
23  91  73  82  -1   0  17 1.01  0.0    0  3.9 17 220   M    M   3 13     22 230
24  90  72  81  -2   0  16 1.18  0.0    0  4.6 17 250   M    M   2 13     22 160
25  92  74  83   0   0  18 0.02  0.0    0  5.5 22 180   M    M   1 3      30 160
================================================================================
SM 2333 1890         0 492  6.95     0.0 133.3          M       46
================================================================================
AV 93.3 75.6                               5.3 FASTST   M    M   2    MAX(MPH)
                                 MISC ---->  # 26 100               # 36  350
================================================================================
NOTES:
# LAST OF SEVERAL OCCURRENCES

COLUMN 17 PEAK WIND IN M.P.H.

PRELIMINARY LOCAL CLIMATOLOGICAL DATA (WS FORM: F-6) , PAGE 2

                                          STATION:  Fort Myers
                                          MONTH:    JULY
                                          YEAR:     2016
                                          LATITUDE:   26 34 N
                                          LONGITUDE:  81 52 W

[TEMPERATURE DATA]      [PRECIPITATION DATA]       SYMBOLS USED IN COLUMN 16

AVERAGE MONTHLY: 84.5   TOTAL FOR MONTH:   6.95    1 = FOG OR MIST
DPTR FM NORMAL:   1.5   DPTR FM NORMAL:   -0.35    2 = FOG REDUCING VISIBILITY
HIGHEST:    96 ON 11, 6 GRTST 24HR  2.19 ON 23-24      TO 1/4 MILE OR LESS
LOWEST:     72 ON 24                               3 = THUNDER
                        SNOW, ICE PELLETS, HAIL    4 = ICE PELLETS
                        TOTAL MONTH:   0.0 INCH    5 = HAIL
                        GRTST 24HR     0.0         6 = FREEZING RAIN OR DRIZZLE
                        GRTST DEPTH:   0           7 = DUSTSTORM OR SANDSTORM:
                                                       VSBY 1/2 MILE OR LESS
                                                   8 = SMOKE OR HAZE
[NO. OF DAYS WITH]      [WEATHER - DAYS WITH]      9 = BLOWING SNOW
                                                   X = TORNADO
MAX 32 OR BELOW:   0    0.01 INCH OR MORE:  19
MAX 90 OR ABOVE:  25    0.10 INCH OR MORE:  13
MIN 32 OR BELOW:   0    0.50 INCH OR MORE:   6
MIN  0 OR BELOW:   0    1.00 INCH OR MORE:   2

[HDD (BASE 65) ]
TOTAL THIS MO.     0    CLEAR  (SCALE 0-3)  24
DPTR FM NORMAL     0    PTCLDY (SCALE 4-7)   1
TOTAL FM JUL 1     0    CLOUDY (SCALE 8-10)  0
DPTR FM NORMAL     0

[CDD (BASE 65) ]
TOTAL THIS MO.   492
DPTR FM NORMAL    42    [PRESSURE DATA]
TOTAL FM JAN 1  2134    HIGHEST SLP M ON M
DPTR FM NORMAL    93    LOWEST  SLP 29.97 ON 23

[REMARKS]
