000
CXUS55 KBOU 271205
CF6FNL
PRELIMINARY LOCAL CLIMATOLOGICAL DATA (WS FORM: F-6)

                                          STATION:   FT COLLINS/LOVELAND CO
                                          MONTH:     FEBRUARY
                                          YEAR:      2015
                                          LATITUDE:   40 27 N
                                          LONGITUDE: 105  1 W

  TEMPERATURE IN F:       :PCPN:    SNOW:  WIND      :SUNSHINE: SKY     :PK WND
================================================================================
1   2   3   4   5  6A  6B    7    8   9   10  11  12  13   14  15   16   17  18
                                     12Z  AVG MX 2MIN
DY MAX MIN AVG DEP HDD CDD  WTR  SNW DPTH SPD SPD DIR MIN PSBL S-S WX    SPD DR
================================================================================

 1  32  18  25   M  40   0    M    M    M  8.1 16  30   M    M   2        22  10
 2  55  16  36   M  29   0    M    M    M  4.6 15 170   M    M   0        17 180
 3  63  27  45   M  20   0    M    M    M 10.0 23 230   M    M   0        29 250
 4  43  16  30   M  35   0    M    M    M  8.1 28  20   M    M   3        32  20
 5  54  10  32   M  33   0    M    M    M  2.2  8  50   M    M   0         M  M
 6  64  30  47   M  18   0    M    M    M  6.0 23 270   M    M   0        38 270
 7  72  34  53   M  12   0    M    M    M 10.3 24 260   M    M   0        31 260
 8  66  39  53   M  12   0    M    M    M 10.5 25 310   M    M   0        35 310
 9  68  28  48   M  17   0    M    M    M  7.3 15 240   M    M   0        22 210
10  59  39  49   M  16   0    M    M    M 13.3 20 350   M    M   1        27 300
11  52  32  42   M  23   0    M    M    M  6.5 12  40   M    M   2         M  M
12  57  27  42   M  23   0    M    M    M  3.8  9  70   M    M   1         M  M
13  64  34  49   M  16   0    M    M    M  4.1 12 160   M    M   1        16 180
14  57  28  43   M  22   0    M    M    M  2.5 12  40   M    M   0         M  M
15  37  25  31   M  34   0    M    M    M  6.7 15  30   M    M   4        18  30
16  37  21  29   M  36   0    M    M    M  5.7 18 360   M    M   3         M  M
17  39  18  29   M  36   0    M    M    M  8.8 25 330   M    M   2        32 330
18  52  21  37   M  28   0    M    M    M  5.4 13 120   M    M   2         M  M
19  64  21  43   M  22   0    M    M    M  6.0 14 220   M    M   0        17 240
20  52  28  40   M  25   0    M    M    M  8.2 24 320   M    M   2        30 320
21  34  16  25   M  40   0    M    M    M  9.2 23 350   M    M   7        30 360
22  16   9  13   M  52   0    M    M    M  3.9  9  50   M    M   1         M  M
23  18   1  10   M  55   0    M    M    M  3.6  8 170   M    M   0         M  M
24  37   7  22   M  43   0    M    M    M  3.5  9 160   M    M   1         M  M
25  43  19  31   M  34   0    M    M    M 12.1 27  10   M    M   5        32  10
26  19  12  16   M  49   0    M    M    M  8.2 13 120   M    M   5         M  M
================================================================================
SM 1254  576       770   0    M     M    178.6          M       42
================================================================================
AV 48.2 22.2                               6.9 FASTST   M    M   2    MAX(MPH)
                                 MISC ---->    28   M               # 38  270
================================================================================
NOTES:
# LAST OF SEVERAL OCCURRENCES

COLUMN 17 PEAK WIND IN M.P.H.

PRELIMINARY LOCAL CLIMATOLOGICAL DATA (WS FORM: F-6) , PAGE 2

                                          STATION:  FT COLLINS/LOVELAND CO
                                          MONTH:    FEBRUARY
                                          YEAR:     2015
                                          LATITUDE:   40 27 N
                                          LONGITUDE: 105  1 W

[TEMPERATURE DATA]      [PRECIPITATION DATA]       SYMBOLS USED IN COLUMN 16

AVERAGE MONTHLY: 35.2   TOTAL FOR MONTH:      M    1 = FOG OR MIST
DPTR FM NORMAL:     M   DPTR FM NORMAL:       M    2 = FOG REDUCING VISIBILITY
HIGHEST:    72 ON  7    GRTST 24HR    M  ON   M        TO 1/4 MILE OR LESS
LOWEST:      1 ON 23                               3 = THUNDER
                        SNOW, ICE PELLETS, HAIL    4 = ICE PELLETS
                        TOTAL MONTH:    M          5 = HAIL
                        GRTST 24HR    M  ON   M    6 = FREEZING RAIN OR DRIZZLE
                        GRTST DEPTH:  M  ON   M    7 = DUSTSTORM OR SANDSTORM:
                                                       VSBY 1/2 MILE OR LESS
                                                   8 = SMOKE OR HAZE
[NO. OF DAYS WITH]      [WEATHER - DAYS WITH]      9 = BLOWING SNOW
                                                   X = TORNADO
MAX 32 OR BELOW:   4    0.01 INCH OR MORE:   0
MAX 90 OR ABOVE:   0    0.10 INCH OR MORE:   0
MIN 32 OR BELOW:  22    0.50 INCH OR MORE:   0
MIN  0 OR BELOW:   0    1.00 INCH OR MORE:   0

[HDD (BASE 65) ]
TOTAL THIS MO.   770    CLEAR  (SCALE 0-3)  20
DPTR FM NORMAL     M    PTCLDY (SCALE 4-7)   6
TOTAL FM JUL 1  4217    CLOUDY (SCALE 8-10)  0
DPTR FM NORMAL     M

[CDD (BASE 65) ]
TOTAL THIS MO.     0
DPTR FM NORMAL     M    [PRESSURE DATA]
TOTAL FM JAN 1     0    HIGHEST SLP M ON M
DPTR FM NORMAL     M    LOWEST  SLP M ON M

[REMARKS]
