000
CXUS54 KMAF 291100
CF6FST
PRELIMINARY LOCAL CLIMATOLOGICAL DATA (WS FORM: F-6)

                                          STATION:   Fort Stockton
                                          MONTH:     APRIL
                                          YEAR:      2016
                                          LATITUDE:   30 55 N
                                          LONGITUDE: 102 55 W

  TEMPERATURE IN F:       :PCPN:    SNOW:  WIND      :SUNSHINE: SKY     :PK WND
================================================================================
1   2   3   4   5  6A  6B    7    8   9   10  11  12  13   14  15   16   17  18
                                     12Z  AVG MX 2MIN
DY MAX MIN AVG DEP HDD CDD  WTR  SNW DPTH SPD SPD DIR MIN PSBL S-S WX    SPD DR
================================================================================

 1  60  39  50 -14  15   0 0.47    M    0 10.4 22 320   M    M   8 1      29 330
 2  63  35  49 -15  16   0 0.00  0.0    0  5.5 10 200   M    M   1        17 270
 3  77  41  59  -5   6   0 0.00  0.0    0  8.5 15 160   M    M   0        21 160
 4  87  48  68   3   0   3 0.00  0.0    0 10.3 18 160   M    M   0        24 150
 5  88  56  72   7   0   7 0.00  0.0    0 16.7 29 150   M    M   0        37 170
 6  75  52  64  -1   1   0 0.00  0.0    0  8.2 26 320   M    M   0        35 300
 7  86  55  71   5   0   6 0.00  0.0    0  8.7 18  70   M    M   0        25  80
 8  79  58  69   3   0   4    T  0.0    0 14.7 30 120   M    M   3 38     39 130
 9  84  54  69   3   0   4 0.00  0.0    0 11.5 29 140   M    M   1        39 140
10  89  60  75   9   0  10 0.00  0.0    0 14.7 26 230   M    M   0        33 250
11  82  57  70   3   0   5 0.00  0.0    0 13.0 24 320   M    M   1        34 320
12  57  51  54 -13  11   0 0.09  0.0    0  7.6 14  20   M    M   9 13     17  20
13  77  46  62  -5   3   0 0.00  0.0    0  4.6 12 320   M    M   2 1      16 360
14  85  52  69   2   0   4 0.00  0.0    0 12.1 25 120   M    M   0 8      33 150
15  91  59  75   7   0  10 0.00  0.0    0 20.8 32 150   M    M   0        44 150
16  85  56  71   3   0   6 0.00  0.0    0 10.0 26 180   M    M   0        31 180
17  78  53  66  -2   0   1    T  0.0    0  9.8 20  50   M    M   4        26  40
18  65  54  60  -8   5   0 0.03  0.0    0  9.6 18  30   M    M   9 13     22  30
19  81  58  70   1   0   5 0.23  0.0    0 10.6 22 100   M    M   6 13     26 110
20  85  53  69   0   0   4 0.00  0.0    0  8.1 21 150   M    M   2 1      27 150
21  82  52  67  -2   0   2 0.00  0.0    0 10.0 21 340   M    M   1        28 340
22  83  55  69   0   0   4 0.00  0.0    0 10.6 20 120   M    M   0        25 110
23  85  60  73   3   0   8 0.09  0.0    0 12.2 33 180   M    M   1 13     42 180
24  92  57  75   5   0  10 0.00  0.0    0 12.8 26 290   M    M   0        39 290
25  93  56  75   5   0  10 0.00  0.0    0 11.1 24 210   M    M   0        31 210
26  92  58  75   5   0  10 0.00  0.0    0 13.2 29 260   M    M   2        44 240
27  86  57  72   1   0   7 0.00  0.0    0 10.9 23 270   M    M   0        32 280
28  93  58  76   5   0  11 0.00  0.0    0 13.4 30 150   M    M   0        41 150
================================================================================
SM 2280 1490        57 131  0.91     0.0 309.6          M       50
================================================================================
AV 81.4 53.2                              11.1 FASTST   M    M   2    MAX(MPH)
                                 MISC ---->  # 33 180               # 44  150
================================================================================
NOTES:
# LAST OF SEVERAL OCCURRENCES

COLUMN 17 PEAK WIND IN M.P.H.

PRELIMINARY LOCAL CLIMATOLOGICAL DATA (WS FORM: F-6) , PAGE 2

                                          STATION:  Fort Stockton
                                          MONTH:    APRIL
                                          YEAR:     2016
                                          LATITUDE:   30 55 N
                                          LONGITUDE: 102 55 W

[TEMPERATURE DATA]      [PRECIPITATION DATA]       SYMBOLS USED IN COLUMN 16

AVERAGE MONTHLY: 67.3   TOTAL FOR MONTH:   0.91    1 = FOG OR MIST
DPTR FM NORMAL:  -0.1   DPTR FM NORMAL:    0.18    2 = FOG REDUCING VISIBILITY
HIGHEST:    93 ON 28,25 GRTST 24HR  0.47 ON  1- 1      TO 1/4 MILE OR LESS
LOWEST:     35 ON  2                               3 = THUNDER
                        SNOW, ICE PELLETS, HAIL    4 = ICE PELLETS
                        TOTAL MONTH:   0.0 INCH    5 = HAIL
                        GRTST 24HR     0.0         6 = FREEZING RAIN OR DRIZZLE
                        GRTST DEPTH:   0           7 = DUSTSTORM OR SANDSTORM:
                                                       VSBY 1/2 MILE OR LESS
                                                   8 = SMOKE OR HAZE
[NO. OF DAYS WITH]      [WEATHER - DAYS WITH]      9 = BLOWING SNOW
                                                   X = TORNADO
MAX 32 OR BELOW:   0    0.01 INCH OR MORE:   5
MAX 90 OR ABOVE:   5    0.10 INCH OR MORE:   2
MIN 32 OR BELOW:   0    0.50 INCH OR MORE:   0
MIN  0 OR BELOW:   0    1.00 INCH OR MORE:   0

[HDD (BASE 65) ]
TOTAL THIS MO.    57    CLEAR  (SCALE 0-3)  22
DPTR FM NORMAL    -8    PTCLDY (SCALE 4-7)   3
TOTAL FM JUL 1  1696    CLOUDY (SCALE 8-10)  3
DPTR FM NORMAL  -235

[CDD (BASE 65) ]
TOTAL THIS MO.   131
DPTR FM NORMAL    -4    [PRESSURE DATA]
TOTAL FM JAN 1   199    HIGHEST SLP M ON M
DPTR FM NORMAL    15    LOWEST  SLP 29.45 ON 15

[REMARKS]
