000
CXUS54 KFWD 270730
CF6FTW
PRELIMINARY LOCAL CLIMATOLOGICAL DATA (WS FORM: F-6)

                                          STATION:   FORT WORTH MEACHAM
                                          MONTH:     MARCH
                                          YEAR:      2015
                                          LATITUDE:   32 49 N
                                          LONGITUDE:  97 21 W

  TEMPERATURE IN F:       :PCPN:    SNOW:  WIND      :SUNSHINE: SKY     :PK WND
================================================================================
1   2   3   4   5  6A  6B    7    8   9   10  11  12  13   14  15   16   17  18
                                     12Z  AVG MX 2MIN
DY MAX MIN AVG DEP HDD CDD  WTR  SNW DPTH SPD SPD DIR MIN PSBL S-S WX    SPD DR
================================================================================

 1  37  32  35 -18  30   0 0.02  0.0    M  8.8 17 350   M    M  10 16     20 360
 2  40  34  37 -16  28   0 0.04  0.0    M  6.4 15 350   M    M  10 12     20 350
 3  55  39  47  -6  18   0 0.01  0.0    0  5.0 12 160   M    M   9 12     15 160
 4  53  28  41 -12  24   0    M    M    0 15.4 32 360   M    M  10 126    43 360
 5  41  23  32 -22  33   0    M    M    M  8.6 23 360   M    M   2 1      29 360
 6  53  26  40 -14  25   0 0.00  0.0    M  4.8 12 220   M    M   0        14 210
 7  63  31  47  -7  18   0 0.00  0.0    0  6.4 14 180   M    M   4        17 150
 8  53  47  50  -4  15   0 0.20  0.0    0  8.7 16 140   M    M  10 18     19 150
 9  51  48  50  -5  15   0 0.42  0.0    0  7.5 13  40   M    M   9 1      22  40
10  60  49  55   0  10   0 0.00  0.0    0  6.0 13 310   M    M  10 1      16 310
11  68  45  57   2   8   0 0.00  0.0    0  5.0 14  40   M    M   4 128    26  20
12  71  50  61   5   4   0 0.00  0.0    0  7.2 15 360   M    M   2        19  20
13  66  55  61   5   4   0 0.01  0.0    0 10.4 21 330   M    M   9 1      28 330
14  70  56  63   7   2   0 0.00  0.0    0 13.9 30 360   M    M   9 18     39 360
15  68  54  61   5   4   0    T  0.0    0  5.5 17 360   M    M   7 1      20 360
16  80  51  66   9   0   1 0.00  0.0    0  6.9 15 160   M    M   0 1      20 210
17  83  62  73  16   0   8 0.00  0.0    0  6.1 15 360   M    M   2        20 190
18  65  55  60   3   5   0 0.10  0.0    0  5.5 13 310   M    M   7 13     14 310
19  77  57  67   9   0   2 0.00  0.0    0  7.0 16  30   M    M   7 128    19  30
20  62  54  58   0   7   0 0.14  0.0    0  9.2 18 360   M    M   9 1      23 350
21  62  53  58   0   7   0 0.06  0.0    0  6.1 13 320   M    M   9 1      16  30
22  66  53  60   2   5   0 0.21  0.0    0  3.2  9 350   M    M   6 18     11 350
23  75  50  63   4   2   0 0.00  0.0    0  9.1 17 160   M    M   0 1      21 140
24  87  60  74  15   0   9 0.00  0.0    0 13.3 23 190   M    M   1        30 190
25  82  63  73  14   0   8 0.00  0.0    0 14.7 30 310   M    M   1 13     38 320
26  66  49  58  -2   7   0 0.04    M    0 16.0 31 330   M    M   4 3      45 330
================================================================================
SM 1654 1224       271  28  1.25     0.0 216.7          M      151
================================================================================
AV 63.6 47.1                               8.3 FASTST   M    M   6    MAX(MPH)
                                 MISC ---->  # 32 360               # 45  330
================================================================================
NOTES:
# LAST OF SEVERAL OCCURRENCES

COLUMN 17 PEAK WIND IN M.P.H.

PRELIMINARY LOCAL CLIMATOLOGICAL DATA (WS FORM: F-6) , PAGE 2

                                          STATION:  FORT WORTH MEACHAM
                                          MONTH:    MARCH
                                          YEAR:     2015
                                          LATITUDE:   32 49 N
                                          LONGITUDE:  97 21 W

[TEMPERATURE DATA]      [PRECIPITATION DATA]       SYMBOLS USED IN COLUMN 16

AVERAGE MONTHLY: 55.3   TOTAL FOR MONTH:   1.25    1 = FOG OR MIST
DPTR FM NORMAL:  -0.7   DPTR FM NORMAL:   -1.67    2 = FOG REDUCING VISIBILITY
HIGHEST:    87 ON 24    GRTST 24HR  0.42 ON  9- 9      TO 1/4 MILE OR LESS
LOWEST:     23 ON  5                               3 = THUNDER
                        SNOW, ICE PELLETS, HAIL    4 = ICE PELLETS
                        TOTAL MONTH:   0.0 INCH    5 = HAIL
                        GRTST 24HR     0.0         6 = FREEZING RAIN OR DRIZZLE
                        GRTST DEPTH:   0           7 = DUSTSTORM OR SANDSTORM:
                                                       VSBY 1/2 MILE OR LESS
                                                   8 = SMOKE OR HAZE
[NO. OF DAYS WITH]      [WEATHER - DAYS WITH]      9 = BLOWING SNOW
                                                   X = TORNADO
MAX 32 OR BELOW:   0    0.01 INCH OR MORE:  11
MAX 90 OR ABOVE:   0    0.10 INCH OR MORE:   5
MIN 32 OR BELOW:   5    0.50 INCH OR MORE:   0
MIN  0 OR BELOW:   0    1.00 INCH OR MORE:   0

[HDD (BASE 65) ]
TOTAL THIS MO.   271    CLEAR  (SCALE 0-3)   8
DPTR FM NORMAL    20    PTCLDY (SCALE 4-7)   7
TOTAL FM JUL 1  2157    CLOUDY (SCALE 8-10) 11
DPTR FM NORMAL   -80

[CDD (BASE 65) ]
TOTAL THIS MO.    28
DPTR FM NORMAL     5    [PRESSURE DATA]
TOTAL FM JAN 1    29    HIGHEST SLP M ON M
DPTR FM NORMAL    -1    LOWEST  SLP 29.71 ON 25

[REMARKS]
