000
CXUS54 KFWD 260730
CF6FTW
PRELIMINARY LOCAL CLIMATOLOGICAL DATA (WS FORM: F-6)

                                          STATION:   FORT WORTH MEACHAM
                                          MONTH:     FEBRUARY
                                          YEAR:      2017
                                          LATITUDE:   32 49 N
                                          LONGITUDE:  97 21 W

  TEMPERATURE IN F:       :PCPN:    SNOW:  WIND      :SUNSHINE: SKY     :PK WND
================================================================================
1   2   3   4   5  6A  6B    7    8   9   10  11  12  13   14  15   16   17  18
                                     12Z  AVG MX 2MIN
DY MAX MIN AVG DEP HDD CDD  WTR  SNW DPTH SPD SPD DIR MIN PSBL S-S WX    SPD DR
================================================================================

 1  81  52  67  20   0   2 0.00  0.0    0 10.5 18 320   M    M   0        25 180
 2  52  41  47   0  18   0 0.00  0.0    0 13.0 22 350   M    M   7        27 350
 3  53  40  47   0  18   0 0.00  0.0    0  9.9 17  30   M    M   7        21  30
 4  55  46  51   3  14   0    T  0.0    0 10.6 16 160   M    M  10 18     20 160
 5  77  50  64  16   1   0 0.00  0.0    0 10.3 21 190   M    M   6 18     26 190
 6  84  64  74  26   0   9 0.00  0.0    0 16.9 28 190   M    M   4        37 180
 7  79  58  69  21   0   4 0.00  0.0    0 10.2 21 200   M    M   0        27 210
 8  68  43  56   8   9   0 0.00  0.0    0 11.6 26 320   M    M   0        34 330
 9  62  34  48   0  17   0 0.00  0.0    0  9.1 16 360   M    M   0        20 360
10  78  48  63  15   2   0 0.00  0.0    0 15.4 26 200   M    M   0        37 170
11  89  61  75  26   0  10 0.00  0.0    0 15.0 23 180   M    M   1 18     27 180
12  73  60  67  18   0   2 0.00  0.0    0 16.2 28  20   M    M   3 18     35  20
13  66  48  57   8   8   0 0.25  0.0    0 11.9 20  40   M    M  10 3      24  90
14  48  42  45  -4  20   0 1.04  0.0    0 14.6 24 310   M    M  10 13     32 320
15  60  40  50   1  15   0 0.00  0.0    0  9.3 21 310   M    M   1        30 300
16  68  38  53   3  12   0 0.00  0.0    0  7.6 15 170   M    M   0        19 230
17  72  48  60  10   5   0 0.00  0.0    0 13.0 23 150   M    M   1        27 150
18  81  56  69  19   0   4 0.00  0.0    0  7.7 22 150   M    M   3        26 150
19  76  59  68  18   0   3 0.22  0.0    0 12.6 29 290   M    M   7 1238   38 290
20  69  55  62  12   3   0 0.48  0.0    0  9.5 23 290   M    M   5 13     30 300
21  76  52  64  13   1   0 0.00  0.0    0 10.4 22 310   M    M   0 1      29 310
22  84  46  65  14   0   0 0.00  0.0    0  6.2 17 170   M    M   0        22 170
23  91  54  73  22   0   8 0.00  0.0    0 12.1 28 170   M    M   0        36 180
24  71  46  59   8   6   0 0.00  0.0    0 13.5 23 320   M    M   0        29 320
25  55  33  44  -8  21   0 0.00  0.0    0  8.2 21  10   M    M   0        27  20
================================================================================
SM 1768 1214       170  42  1.99     0.0 285.3          M       75
================================================================================
AV 70.7 48.6                              11.4 FASTST   M    M   3    MAX(MPH)
                                 MISC ---->  # 29 290               # 38  290
================================================================================
NOTES:
# LAST OF SEVERAL OCCURRENCES

COLUMN 17 PEAK WIND IN M.P.H.

PRELIMINARY LOCAL CLIMATOLOGICAL DATA (WS FORM: F-6) , PAGE 2

                                          STATION:  FORT WORTH MEACHAM
                                          MONTH:    FEBRUARY
                                          YEAR:     2017
                                          LATITUDE:   32 49 N
                                          LONGITUDE:  97 21 W

[TEMPERATURE DATA]      [PRECIPITATION DATA]       SYMBOLS USED IN COLUMN 16

AVERAGE MONTHLY: 59.6   TOTAL FOR MONTH:   1.99    1 = FOG OR MIST
DPTR FM NORMAL:  10.5   DPTR FM NORMAL:   -0.33    2 = FOG REDUCING VISIBILITY
HIGHEST:    91 ON 23    GRTST 24HR  1.29 ON 13-14      TO 1/4 MILE OR LESS
LOWEST:     33 ON 25                               3 = THUNDER
                        SNOW, ICE PELLETS, HAIL    4 = ICE PELLETS
                        TOTAL MONTH:   0.0 INCH    5 = HAIL
                        GRTST 24HR     0.0         6 = FREEZING RAIN OR DRIZZLE
                        GRTST DEPTH:   0           7 = DUSTSTORM OR SANDSTORM:
                                                       VSBY 1/2 MILE OR LESS
                                                   8 = SMOKE OR HAZE
[NO. OF DAYS WITH]      [WEATHER - DAYS WITH]      9 = BLOWING SNOW
                                                   X = TORNADO
MAX 32 OR BELOW:   0    0.01 INCH OR MORE:   4
MAX 90 OR ABOVE:   1    0.10 INCH OR MORE:   4
MIN 32 OR BELOW:   0    0.50 INCH OR MORE:   1
MIN  0 OR BELOW:   0    1.00 INCH OR MORE:   1

[HDD (BASE 65) ]
TOTAL THIS MO.   170    CLEAR  (SCALE 0-3)  15
DPTR FM NORMAL  -232    PTCLDY (SCALE 4-7)   7
TOTAL FM JUL 1  1171    CLOUDY (SCALE 8-10)  3
DPTR FM NORMAL  -776

[CDD (BASE 65) ]
TOTAL THIS MO.    42
DPTR FM NORMAL    42    [PRESSURE DATA]
TOTAL FM JAN 1    48    HIGHEST SLP M ON M
DPTR FM NORMAL    46    LOWEST  SLP 29.42 ON 23

[REMARKS]
