841
CXUS52 KFFC 281110
CF6FTY
PRELIMINARY LOCAL CLIMATOLOGICAL DATA (WS FORM: F-6)

                                          STATION:   FULTON COUNTY AIRPORT
                                          MONTH:     APRIL
                                          YEAR:      2016
                                          LATITUDE:   33 46 N
                                          LONGITUDE:  84 31 W

  TEMPERATURE IN F:       :PCPN:    SNOW:  WIND      :SUNSHINE: SKY     :PK WND
================================================================================
1   2   3   4   5  6A  6B    7    8   9   10  11  12  13   14  15   16   17  18
                                     12Z  AVG MX 2MIN
DY MAX MIN AVG DEP HDD CDD  WTR  SNW DPTH SPD SPD DIR MIN PSBL S-S WX    SPD DR
================================================================================

 1  71  59  65   7   0   0 1.33    M    M  4.3 17 310   M    M   7 13     23 300
 2  64  52  58   0   7   0 0.01  0.0    M 11.0 26 290   M    M   2 1      34 290
 3  69  45  57  -1   8   0 0.00  0.0    M  5.3 16 310   M    M   0        24 330
 4  77  39  58   0   7   0 0.00    M    M  4.7 17 290   M    M   0        25 310
 5  67  44  56  -3   9   0 0.00    M    M  8.4 21 330   M    M   0        30 320
 6  68  42  55  -4  10   0 0.36    M    M 11.3 30 260   M    M   2 13     49 270
 7  72  48  60   1   5   0 0.02  0.0    0  8.7 25 280   M    M   3 13     31 280
 8  63  48  56  -3   9   0 0.01  0.0    0 10.7 24 310   M    M   4        32 290
 9  61  38  50  -9  15   0 0.00  0.0    0  8.9 26 310   M    M   0        35 320
10  62  34  48 -12  17   0 0.00  0.0    0  5.4 14 160   M    M   1 8      19 150
11  72  44  58  -2   7   0 0.51  0.0    0  3.7 13 150   M    M   6 18     18 170
12  70  51  61   1   4   0 0.11  0.0    0  6.1 25 180   M    M   6 1      36 170
13  65  47  56  -4   9   0 0.01  0.0    0  6.7 17  80   M    M   8        24  90
14  71  56  64   3   1   0 0.05    M    M  6.8 17  60   M    M   6        22  70
15  67  54  61   0   4   0 0.00    M    M 10.8 22  80   M    M   8        28  60
16  73  50  62   1   3   0 0.00  0.0    M  8.8 20  60   M    M   5        26  60
17  75  42  59  -2   6   0 0.00  0.0    M  4.1 15  80   M    M   0        22  80
18  82  43  63   1   2   0 0.00    M    M  2.6 13 140   M    M   0        18 160
19  83  46  65   3   0   0 0.00    M    M  1.2  9 200   M    M   0        11 250
20  81  57  69   7   0   4 0.00    M    M  1.9 10 170   0    0   0         M  M
21   M   M   M   M   M   M99.99    M    M   M   M   M   M    M   M 1       M  M
22  74  59  67   4   0   2 0.25    M    M  3.5 12  20   M    M   8 13     15  10
23  76  55  66   3   0   1 0.00    M    M  6.9 17 310   M    M   1 1      24 320
24  80  49  65   2   0   0 0.00    M    M  2.7 10 180   M    M   0        16 140
25  81  56  69   6   0   4 0.00    M    M  4.5 15 160   M    M   3        20 160
26  83  57  70   6   0   5 0.00    M    M  4.2 13 220   M    M   2 1      21 230
27  83  57  70   6   0   5    T    M    M  5.4 17 210   M    M   2        23 200
================================================================================
SM 1890 1272       123  21102.65     0.0 158.6            0     74
================================================================================
AV 72.7 48.9                               6.1 FASTST    0   0   3    MAX(MPH)
                                 MISC ---->  # 30 260               # 49  270
================================================================================
NOTES:
# LAST OF SEVERAL OCCURRENCES

COLUMN 17 PEAK WIND IN M.P.H.

PRELIMINARY LOCAL CLIMATOLOGICAL DATA (WS FORM: F-6) , PAGE 2

                                          STATION:  FULTON COUNTY AIRPORT
                                          MONTH:    APRIL
                                          YEAR:     2016
                                          LATITUDE:   33 46 N
                                          LONGITUDE:  84 31 W

[TEMPERATURE DATA]      [PRECIPITATION DATA]       SYMBOLS USED IN COLUMN 16

AVERAGE MONTHLY: 60.8   TOTAL FOR MONTH: 102.65    1 = FOG OR MIST
DPTR FM NORMAL:   0.1   DPTR FM NORMAL:   99.28    2 = FOG REDUCING VISIBILITY
HIGHEST:    83 ON 27,26 GRTST 24HR 99.99 ON 21-21      TO 1/4 MILE OR LESS
LOWEST:     34 ON 10                               3 = THUNDER
                        SNOW, ICE PELLETS, HAIL    4 = ICE PELLETS
                        TOTAL MONTH:   0.0 INCH    5 = HAIL
                        GRTST 24HR     0.0         6 = FREEZING RAIN OR DRIZZLE
                        GRTST DEPTH:   0           7 = DUSTSTORM OR SANDSTORM:
                                                       VSBY 1/2 MILE OR LESS
                                                   8 = SMOKE OR HAZE
[NO. OF DAYS WITH]      [WEATHER - DAYS WITH]      9 = BLOWING SNOW
                                                   X = TORNADO
MAX 32 OR BELOW:   0    0.01 INCH OR MORE:  11
MAX 90 OR ABOVE:   0    0.10 INCH OR MORE:   6
MIN 32 OR BELOW:   0    0.50 INCH OR MORE:   3
MIN  0 OR BELOW:   0    1.00 INCH OR MORE:   2

[HDD (BASE 65) ]
TOTAL THIS MO.   123    CLEAR  (SCALE 0-3)  16
DPTR FM NORMAL   -23    PTCLDY (SCALE 4-7)   9
TOTAL FM JUL 1  2254    CLOUDY (SCALE 8-10)  1
DPTR FM NORMAL  -591

[CDD (BASE 65) ]
TOTAL THIS MO.    21
DPTR FM NORMAL    -8    [PRESSURE DATA]
TOTAL FM JAN 1    42    HIGHEST SLP  0.00 ON 20
DPTR FM NORMAL     7    LOWEST  SLP 29.72 ON  2

[REMARKS]
