000
CXUS52 KMFL 261000
CF6FXE
PRELIMINARY LOCAL CLIMATOLOGICAL DATA (WS FORM: F-6)

                                          STATION:   FORT LAUDERDALE EXEC ARPT
                                          MONTH:     MARCH
                                          YEAR:      2015
                                          LATITUDE:   26 12 N
                                          LONGITUDE:  80 11 W

  TEMPERATURE IN F:       :PCPN:    SNOW:  WIND      :SUNSHINE: SKY     :PK WND
================================================================================
1   2   3   4   5  6A  6B    7    8   9   10  11  12  13   14  15   16   17  18
                                     12Z  AVG MX 2MIN
DY MAX MIN AVG DEP HDD CDD  WTR  SNW DPTH SPD SPD DIR MIN PSBL S-S WX    SPD DR
================================================================================

 1  82  73  78   8   0  13    T  0.0    0 12.0 20  90   M    M   5        24 100
 2  82  70  76   6   0  11 0.00  0.0    0  9.2 16  80   M    M   3        21  80
 3  82  70  76   6   0  11 0.00  0.0    0 12.7 21  90   M    M   3        27  80
 4  82  74  78   8   0  13 0.00  0.0    0 11.5 18 110   M    M   3        24 130
 5  85  74  80  10   0  15 0.00  0.0    0 10.7 21 140   M    M   4        25 140
 6  86  70  78   8   0  13 0.00  0.0    0  5.9 14 110   M    M   6        20 110
 7  80  66  73   3   0   8    T  0.0    0 10.5 21  90   M    M   9 18     27  40
 8  78  71  75   5   0  10 0.00  0.0    0 12.1 20  80   M    M   9 8      28  70
 9  81  72  77   7   0  12 0.03  0.0    0 12.1 21  90   M    M   4 1      24  80
10  84  74  79   8   0  14    T  0.0    0 14.6 21 110   M    M   5        26 130
11  85  76  81  10   0  16 0.01  0.0    0 13.4 22 120   M    M   4        27 140
12  84  74  79   8   0  14    T  0.0    0 13.8 21 100   M    M   4        27  90
13  82  73  78   7   0  13 0.07  0.0    0 18.4 28 100   M    M   5 1      33 100
14  84  71  78   7   0  13 0.06  0.0    0 11.0 23 100   M    M   4        27 100
15  85  69  77   6   0  12 0.00  0.0    0  5.0 14 100   M    M   2        20  70
16  84  70  77   6   0  12 0.00  0.0    0  6.8 16  90   M    M   3        22  90
17  88  67  78   7   0  13 0.00  0.0    0  5.4 16 140   M    M   2        21 140
18  87  63  75   3   0  10 0.00  0.0    0  7.3 15 140   M    M   3        19 110
19  87  68  78   6   0  13 0.00  0.0    0  6.7 16 110   M    M   3 18     20 110
20  89  65  77   5   0  12 0.00  0.0    0  6.3 15 240   M    M   1        19 240
21  87  66  77   5   0  12 0.00  0.0    0  6.2 13 140   M    M   1        19 130
22  90  68  79   7   0  14 0.00  0.0    0  7.5 15 240   M    M   1        19 250
23  90  68  79   7   0  14    T  0.0    0  7.0 23 260   M    M   3        29 260
24  84  69  77   5   0  12 0.00  0.0    0  5.8 14 120   M    M   4 1      17 100
25  90  68  79   7   0  14    T  0.0    0  4.4 13 110   M    M   6 12     16 270
================================================================================
SM 2118 1749         0 314  0.17     0.0 236.3          M       97
================================================================================
AV 84.7 70.0                               9.5 FASTST   M    M   4    MAX(MPH)
                                 MISC ---->  # 28 100               # 33  100
================================================================================
NOTES:
# LAST OF SEVERAL OCCURRENCES

COLUMN 17 PEAK WIND IN M.P.H.

PRELIMINARY LOCAL CLIMATOLOGICAL DATA (WS FORM: F-6) , PAGE 2

                                          STATION:  FORT LAUDERDALE EXEC ARPT
                                          MONTH:    MARCH
                                          YEAR:     2015
                                          LATITUDE:   26 12 N
                                          LONGITUDE:  80 11 W

[TEMPERATURE DATA]      [PRECIPITATION DATA]       SYMBOLS USED IN COLUMN 16

AVERAGE MONTHLY: 77.3   TOTAL FOR MONTH:   0.17    1 = FOG OR MIST
DPTR FM NORMAL:   6.4   DPTR FM NORMAL:   -3.91    2 = FOG REDUCING VISIBILITY
HIGHEST:    90 ON 25,23 GRTST 24HR  0.07 ON 13-13      TO 1/4 MILE OR LESS
LOWEST:     63 ON 18                               3 = THUNDER
                        SNOW, ICE PELLETS, HAIL    4 = ICE PELLETS
                        TOTAL MONTH:   0.0 INCH    5 = HAIL
                        GRTST 24HR     0.0         6 = FREEZING RAIN OR DRIZZLE
                        GRTST DEPTH:   0           7 = DUSTSTORM OR SANDSTORM:
                                                       VSBY 1/2 MILE OR LESS
                                                   8 = SMOKE OR HAZE
[NO. OF DAYS WITH]      [WEATHER - DAYS WITH]      9 = BLOWING SNOW
                                                   X = TORNADO
MAX 32 OR BELOW:   0    0.01 INCH OR MORE:   4
MAX 90 OR ABOVE:   3    0.10 INCH OR MORE:   0
MIN 32 OR BELOW:   0    0.50 INCH OR MORE:   0
MIN  0 OR BELOW:   0    1.00 INCH OR MORE:   0

[HDD (BASE 65) ]
TOTAL THIS MO.     0    CLEAR  (SCALE 0-3)  11
DPTR FM NORMAL   -11    PTCLDY (SCALE 4-7)  12
TOTAL FM JUL 1   106    CLOUDY (SCALE 8-10)  2
DPTR FM NORMAL   -58

[CDD (BASE 65) ]
TOTAL THIS MO.   314
DPTR FM NORMAL   153    [PRESSURE DATA]
TOTAL FM JAN 1   620    HIGHEST SLP M ON M
DPTR FM NORMAL   197    LOWEST  SLP 29.91 ON 23

[REMARKS]
