691
CXUS54 KTSA 280840
CF6FYV
PRELIMINARY LOCAL CLIMATOLOGICAL DATA (WS FORM: F-6)

                                          STATION:   FAYETTEVILLE ARKANSAS
                                          MONTH:     SEPTEMBER
                                          YEAR:      2016
                                          LATITUDE:   36  0 N
                                          LONGITUDE:  94 10 W

  TEMPERATURE IN F:       :PCPN:    SNOW:  WIND      :SUNSHINE: SKY     :PK WND
================================================================================
1   2   3   4   5  6A  6B    7    8   9   10  11  12  13   14  15   16   17  18
                                     12Z  AVG MX 2MIN
DY MAX MIN AVG DEP HDD CDD  WTR  SNW DPTH SPD SPD DIR MIN PSBL S-S WX    SPD DR
================================================================================

 1  82  64  73  -1   0   8    T  0.0    0  3.3 12  70   M    M   6        16  70
 2  80  53  67  -7   0   2 0.00  0.0    0  3.3 12  80   M    M   0 1      17  50
 3  82  49  66  -8   0   1 0.00  0.0    0  2.4 10 120   M    M   0 1      14  80
 4  85  50  68  -5   0   3 0.00  0.0    0  4.0 14 200   M    M   0 1      19 190
 5  89  59  74   1   0   9 0.00  0.0    0  6.4 21 180   M    M   1        25 170
 6  90  68  79   7   0  14 0.00  0.0    0  6.8 17 170   M    M   2 1      28 170
 7  91  72  82  10   0  17 0.00  0.0    0  9.9 21 180   M    M   1 8      25 180
 8  92  71  82  10   0  17 0.00  0.0    0  9.4 21 180   M    M   2 8      29 200
 9  91  73  82  11   0  17 0.00  0.0    0  8.9 23 180   M    M   1        31 190
10  78  52  65  -6   0   0 0.40  0.0    0  6.5 26 330   M    M   4 13     35 330
11  80  46  63  -7   2   0 0.00  0.0    0  2.6 12 180   M    M   0 12     15 170
12  84  52  68  -2   0   3 0.00  0.0    0  4.9 16 170   M    M   0        20 180
13  88  60  74   4   0   9 0.00  0.0    0  2.9 13 200   M    M   1        16 210
14  87  62  75   6   0  10 0.86  0.0    0  1.7 21 320   M    M   3 13     29 310
15  86  61  74   5   0   9 0.03  0.0    0  2.7 14 180   M    M   3 1238   18 170
16  85  61  73   5   0   8 1.13  0.0    0  5.8 24 340   M    M   3 13     31 350
17  84  60  72   4   0   7    T  0.0    0  1.4  8 190   M    M   3 12     12 280
18  83  62  73   5   0   8 0.06  0.0    0  3.5 15 280   M    M   2 123    20 270
19  89  61  75   8   0  10 0.00  0.0    0  2.7 13 190   M    M   2 1      15 190
20  90  65  78  11   0  13 0.00  0.0    0  1.7  9 170   M    M   1 1      12 180
21  86  61  74   8   0   9 0.00  0.0    0  1.8 10 170   M    M   3 12     16 210
22  87  57  72   6   0   7 0.00  0.0    0  3.2 10 170   M    M   0 1      15 170
23  87  56  72   7   0   7 0.00  0.0    0  2.4 12 180   M    M   0 1      14 150
24  88  62  75  10   0  10 0.00  0.0    0  4.5 17 180   M    M   0 1      21 180
25  87  62  75  10   0  10 0.15  0.0    0  5.8 17 330   M    M   3 1      21 360
26  73  47  60  -4   5   0 0.01    M    0  3.9 14  70   M    M   4 1      18  60
27  78  43  61  -3   4   0 0.00  0.0    0  2.4  9 200   M    M   0 1      14 180
================================================================================
SM 2302 1589        11 208  2.64     0.0 114.8          M       45
================================================================================
AV 85.3 58.9                               4.3 FASTST   M    M   2    MAX(MPH)
                                 MISC ---->  # 26 330               # 35  330
================================================================================
NOTES:
# LAST OF SEVERAL OCCURRENCES

COLUMN 17 PEAK WIND IN M.P.H.

PRELIMINARY LOCAL CLIMATOLOGICAL DATA (WS FORM: F-6) , PAGE 2

                                          STATION:  FAYETTEVILLE ARKANSAS
                                          MONTH:    SEPTEMBER
                                          YEAR:     2016
                                          LATITUDE:   36  0 N
                                          LONGITUDE:  94 10 W

[TEMPERATURE DATA]      [PRECIPITATION DATA]       SYMBOLS USED IN COLUMN 16

AVERAGE MONTHLY: 72.1   TOTAL FOR MONTH:   2.64    1 = FOG OR MIST
DPTR FM NORMAL:   2.9   DPTR FM NORMAL:   -1.69    2 = FOG REDUCING VISIBILITY
HIGHEST:    92 ON  8    GRTST 24HR  1.13 ON 16-16      TO 1/4 MILE OR LESS
LOWEST:     43 ON 27                               3 = THUNDER
                        SNOW, ICE PELLETS, HAIL    4 = ICE PELLETS
                        TOTAL MONTH:   0.0 INCH    5 = HAIL
                        GRTST 24HR     0.0         6 = FREEZING RAIN OR DRIZZLE
                        GRTST DEPTH:   0           7 = DUSTSTORM OR SANDSTORM:
                                                       VSBY 1/2 MILE OR LESS
                                                   8 = SMOKE OR HAZE
[NO. OF DAYS WITH]      [WEATHER - DAYS WITH]      9 = BLOWING SNOW
                                                   X = TORNADO
MAX 32 OR BELOW:   0    0.01 INCH OR MORE:   7
MAX 90 OR ABOVE:   5    0.10 INCH OR MORE:   4
MIN 32 OR BELOW:   0    0.50 INCH OR MORE:   2
MIN  0 OR BELOW:   0    1.00 INCH OR MORE:   1

[HDD (BASE 65) ]
TOTAL THIS MO.    11    CLEAR  (SCALE 0-3)  20
DPTR FM NORMAL   -25    PTCLDY (SCALE 4-7)   7
TOTAL FM JUL 1    11    CLOUDY (SCALE 8-10)  0
DPTR FM NORMAL   -26

[CDD (BASE 65) ]
TOTAL THIS MO.   208
DPTR FM NORMAL    57    [PRESSURE DATA]
TOTAL FM JAN 1  1427    HIGHEST SLP M ON M
DPTR FM NORMAL   151    LOWEST  SLP 29.82 ON  9

[REMARKS]
