000
CXUS54 KOUN 250700
CF6GAG
PRELIMINARY LOCAL CLIMATOLOGICAL DATA (WS FORM: F-6)

                                          STATION:   GAGE
                                          MONTH:     FEBRUARY
                                          YEAR:      2017
                                          LATITUDE:   36 17 N
                                          LONGITUDE:  99 46 W

  TEMPERATURE IN F:       :PCPN:    SNOW:  WIND      :SUNSHINE: SKY     :PK WND
================================================================================
1   2   3   4   5  6A  6B    7    8   9   10  11  12  13   14  15   16   17  18
                                     12Z  AVG MX 2MIN
DY MAX MIN AVG DEP HDD CDD  WTR  SNW DPTH SPD SPD DIR MIN PSBL S-S WX    SPD DR
================================================================================

 1  51  28  40   4  25   0 0.00  0.0    0 14.1 22  10   M    M   0        32  20
 2  37  17  27  -9  38   0 0.00  0.0    0 10.0 21  30   M    M   0        26  20
 3  40  14  27  -9  38   0 0.00  0.0    0  6.5 13 110   M    M   0        16 110
 4  69  22  46  10  19   0 0.00  0.0    0 16.3 33 220   M    M   1        41 200
 5  62  24  43   7  22   0 0.00  0.0    0  5.6 16 160   M    M   0 12     22 130
 6  79  31  55  18  10   0 0.00  0.0    0 10.5 30 250   M    M   3 12     39 260
 7  75  32  54  17  11   0 0.00  0.0    0 11.3 23 210   M    M   0        27 210
 8  54  22  38   1  27   0 0.00  0.0    0 12.9 27  10   M    M   0        31  10
 9  60  19  40   3  25   0 0.00  0.0    M 14.4 28 180   M    M   M        35 180
10  94  47  71  34   0   6 0.00  0.0    M 16.9 28 190   M    M   M        33 190
11  93  46  70  32   0   5 0.00  0.0    M  9.9 22  10   M    M   M        28  10
12  55  37  46   8  19   0 0.00  0.0    0 15.5 26  10   M    M   1        33  20
13  41  23  32  -6  33   0 0.23  0.0    0  2.3 12  20   M    M   6 1      14  20
14  46  34  40   2  25   0 0.14    M    0  8.7 20 360   M    M   8 1      25 360
15  59  25  42   3  23   0 0.00  0.0    0  7.7 13 210   M    M   0        16 210
16  74  28  51  12  14   0 0.00  0.0    0 12.0 24 190   M    M   0        29 180
17  73  38  56  17   9   0 0.00  0.0    0 13.8 22 200   M    M   0        28 190
18  75  33  54  15  11   0 0.00  0.0    0  8.2 20 160   M    M   0 1      23 170
19  71  45  58  18   7   0    T    M    0 11.9 25 180   M    M   5 12     30 170
20  73  41  57  17   8   0 0.00  0.0    0 13.4 25 340   M    M   0        33 360
21  79  30  55  15  10   0 0.00  0.0    0  6.8 15 260   M    M   0        19 270
22  86  34  60  20   5   0 0.00  0.0    0  8.3 20 320   M    M   0        26 330
23  85  38  62  21   3   0 0.00  0.0    0 16.4 37 240   M    M   1        46 250
24  47  24  36  -5  29   0 0.00  0.0    0 14.1 26 330   M    M   1        32 320
================================================================================
SM 1578  732       411  11  0.37     0.0 267.5          M       26
================================================================================
AV 65.8 30.5                              11.1 FASTST   M    M   1    MAX(MPH)
                                 MISC ---->  # 37 240               # 46  250
================================================================================
NOTES:
# LAST OF SEVERAL OCCURRENCES

COLUMN 17 PEAK WIND IN M.P.H.

PRELIMINARY LOCAL CLIMATOLOGICAL DATA (WS FORM: F-6) , PAGE 2

                                          STATION:  GAGE
                                          MONTH:    FEBRUARY
                                          YEAR:     2017
                                          LATITUDE:   36 17 N
                                          LONGITUDE:  99 46 W

[TEMPERATURE DATA]      [PRECIPITATION DATA]       SYMBOLS USED IN COLUMN 16

AVERAGE MONTHLY: 48.1   TOTAL FOR MONTH:   0.37    1 = FOG OR MIST
DPTR FM NORMAL:  10.0   DPTR FM NORMAL:   -0.27    2 = FOG REDUCING VISIBILITY
HIGHEST:    94 ON 10    GRTST 24HR  0.37 ON 13-14      TO 1/4 MILE OR LESS
LOWEST:     14 ON  3                               3 = THUNDER
                        SNOW, ICE PELLETS, HAIL    4 = ICE PELLETS
                        TOTAL MONTH:   0.0 INCH    5 = HAIL
                        GRTST 24HR     0.0         6 = FREEZING RAIN OR DRIZZLE
                        GRTST DEPTH:   0           7 = DUSTSTORM OR SANDSTORM:
                                                       VSBY 1/2 MILE OR LESS
                                                   8 = SMOKE OR HAZE
[NO. OF DAYS WITH]      [WEATHER - DAYS WITH]      9 = BLOWING SNOW
                                                   X = TORNADO
MAX 32 OR BELOW:   0    0.01 INCH OR MORE:   2
MAX 90 OR ABOVE:   2    0.10 INCH OR MORE:   2
MIN 32 OR BELOW:  14    0.50 INCH OR MORE:   0
MIN  0 OR BELOW:   0    1.00 INCH OR MORE:   0

[HDD (BASE 65) ]
TOTAL THIS MO.   411    CLEAR  (SCALE 0-3)  17
DPTR FM NORMAL  -233    PTCLDY (SCALE 4-7)   4
TOTAL FM JUL 1  2512    CLOUDY (SCALE 8-10)  0
DPTR FM NORMAL  -868

[CDD (BASE 65) ]
TOTAL THIS MO.    11
DPTR FM NORMAL    11    [PRESSURE DATA]
TOTAL FM JAN 1    11    HIGHEST SLP M ON M
DPTR FM NORMAL    11    LOWEST  SLP 29.33 ON 23

[REMARKS]
