073
CXUS53 KDDC 241200
CF6GCK
PRELIMINARY LOCAL CLIMATOLOGICAL DATA (WS FORM: F-6)

                                          STATION:   GARDEN CITY REGIONAL ARPT KS
                                          MONTH:     SEPTEMBER
                                          YEAR:      2016
                                          LATITUDE:   37 55 N
                                          LONGITUDE: 100 43 W

  TEMPERATURE IN F:       :PCPN:    SNOW:  WIND      :SUNSHINE: SKY     :PK WND
================================================================================
1   2   3   4   5  6A  6B    7    8   9   10  11  12  13   14  15   16   17  18
                                     12Z  AVG MX 2MIN
DY MAX MIN AVG DEP HDD CDD  WTR  SNW DPTH SPD SPD DIR MIN PSBL S-S WX    SPD DR
================================================================================

 1  79  63  71  -3   0   6 0.00  0.0    0  9.7 16  80   M    M   8 12     20 110
 2  82  58  70  -4   0   5    T  0.0    0 14.0 24 140   M    M   4        30 150
 3  90  66  78   5   0  13 0.08  0.0    0 17.8 29 180   M    M   6 1      35 170
 4  92  68  80   7   0  15    T  0.0    0 20.7 35 180   M    M   0 1      42 190
 5  93  69  81   9   0  16 0.00  0.0    0 20.6 30 180   M    M   0        38 180
 6  94  68  81   9   0  16 0.11  0.0    0 17.4 30 200   M    M   2 1      38 210
 7  88  66  77   5   0  12 0.00    M    M 11.4 22 230   M    M   0 8      27 230
 8  91  68  80   9   0  15    T    M    M  9.5 17 150   M    M   3 1      23 150
 9  87  54  71   0   0   6    T    M    M 12.4 35  30   M    M   2 12     44  30
10  79  46  63  -8   2   0 0.00    M    M  8.7 16 330   M    M   0        20 340
11  93  53  73   3   0   8 0.00    M    M 15.4 25 190   M    M   0        32 190
12  83  60  72   2   0   7 0.00    M    M 12.4 25  30   M    M   1        31  20
13  63  54  59 -10   6   0 0.00    M    M 13.4 23  30   M    M   9 1      28 350
14  79  52  66  -3   0   1 0.00    M    M  9.5 20 180   M    M   6 12     27 200
15  92  62  77   9   0  12 0.00    M    M 13.6 25 210   M    M   1 1      33 210
16  81  53  67  -1   0   2    T    M    M 11.5 22  40   M    M   3 1      29  30
17  82  51  67  -1   0   2 0.00    M    M  9.8 22 110   M    M   4 1238   30 150
18  92  50  71   4   0   6 0.00    M    M  5.6 12 190   M    M   1 12     16 220
19  98  52  75   8   0  10 0.00    M    M  7.1 21 140   M    M   0 8      25 180
20  99  59  79  13   0  14 0.00    M    M 13.4 28 180   M    M   0        35 180
21  95  70  83  17   0  18 0.00    M    M 18.1 35 210   M    M   0        40 220
22  96  66  81  16   0  16 0.00  0.0    M 15.2 29 190   M    M   0        35 190
23  90  62  76  11   0  11 0.00  0.0    0 18.3 35 150   M    M   0 8      44 150
================================================================================
SM 2018 1370         8 211  0.19     0.0 305.5          M       50
================================================================================
AV 87.7 59.6                              13.3 FASTST   M    M   2    MAX(MPH)
                                 MISC ---->  # 35 180               # 44   30
================================================================================
NOTES:
# LAST OF SEVERAL OCCURRENCES

COLUMN 17 PEAK WIND IN M.P.H.

PRELIMINARY LOCAL CLIMATOLOGICAL DATA (WS FORM: F-6) , PAGE 2

                                          STATION:  GARDEN CITY REGIONAL ARPT KS
                                          MONTH:    SEPTEMBER
                                          YEAR:     2016
                                          LATITUDE:   37 55 N
                                          LONGITUDE: 100 43 W

[TEMPERATURE DATA]      [PRECIPITATION DATA]       SYMBOLS USED IN COLUMN 16

AVERAGE MONTHLY: 73.7   TOTAL FOR MONTH:   0.19    1 = FOG OR MIST
DPTR FM NORMAL:   4.0   DPTR FM NORMAL:   -0.98    2 = FOG REDUCING VISIBILITY
HIGHEST:    99 ON 20    GRTST 24HR  0.11 ON  6- 6      TO 1/4 MILE OR LESS
LOWEST:     46 ON 10                               3 = THUNDER
                        SNOW, ICE PELLETS, HAIL    4 = ICE PELLETS
                        TOTAL MONTH:   0.0 INCH    5 = HAIL
                        GRTST 24HR     0.0         6 = FREEZING RAIN OR DRIZZLE
                        GRTST DEPTH:   0           7 = DUSTSTORM OR SANDSTORM:
                                                       VSBY 1/2 MILE OR LESS
                                                   8 = SMOKE OR HAZE
[NO. OF DAYS WITH]      [WEATHER - DAYS WITH]      9 = BLOWING SNOW
                                                   X = TORNADO
MAX 32 OR BELOW:   0    0.01 INCH OR MORE:   2
MAX 90 OR ABOVE:  13    0.10 INCH OR MORE:   1
MIN 32 OR BELOW:   0    0.50 INCH OR MORE:   0
MIN  0 OR BELOW:   0    1.00 INCH OR MORE:   0

[HDD (BASE 65) ]
TOTAL THIS MO.     8    CLEAR  (SCALE 0-3)  17
DPTR FM NORMAL   -28    PTCLDY (SCALE 4-7)   5
TOTAL FM JUL 1     8    CLOUDY (SCALE 8-10)  1
DPTR FM NORMAL   -32

[CDD (BASE 65) ]
TOTAL THIS MO.   211
DPTR FM NORMAL    67    [PRESSURE DATA]
TOTAL FM JAN 1  1367    HIGHEST SLP M ON M
DPTR FM NORMAL   107    LOWEST  SLP 29.70 ON  4

[REMARKS]
