000
CXUS56 KOTX 210900
CF6GEG
PRELIMINARY LOCAL CLIMATOLOGICAL DATA (WS FORM: F-6)

                                          STATION:   SPOKANE WA AIRPORT
                                          MONTH:     FEBRUARY
                                          YEAR:      2018
                                          LATITUDE:   47 37 N
                                          LONGITUDE: 117 32 W

  TEMPERATURE IN F:       :PCPN:    SNOW:  WIND      :SUNSHINE: SKY     :PK WND
================================================================================
1   2   3   4   5  6A  6B    7    8   9   10  11  12  13   14  15   16   17  18
                                     12Z  AVG MX 2MIN
DY MAX MIN AVG DEP HDD CDD  WTR  SNW DPTH SPD SPD DIR MIN PSBL S-S WX    SPD DR
================================================================================

 1  39  30  35   4  30   0 0.18  0.5    T  6.8 13 200   M    M  10 1      16 200
 2  44  32  38   6  27   0 0.20    T    1  7.6 25 230   M    M   9 12     31 220
 3  52  40  46  14  19   0    T  0.0    0 17.1 24 240   M    M   8        29 240
 4  51  43  47  15  18   0 0.06  0.0    0 15.8 33 240   M    M   9 1      41 230
 5  47  39  43  11  22   0    T  0.0    0  8.5 21 230   M    M   9        26 220
 6  45  35  40   8  25   0    T  0.0    0  8.2 15 210   M    M   9 1      19 200
 7  48  38  43  11  22   0    T  0.0    0 11.8 18 210   M    M   9        23 210
 8  56  34  45  13  20   0 0.00  0.0    0 17.6 31 240   M    M   6        37 200
 9  41  26  34   2  31   0 0.00  0.0    0  6.0 15 290   M    M   5        18 290
10  36  20  28  -4  37   0 0.00  0.0    0  6.6 17 240   M    M   2        20 230
11  37  23  30  -2  35   0 0.00  0.0    0 10.1 17  30   M    M   7        22  30
12  33  18  26  -6  39   0 0.00  0.0    0  9.8 21  20   M    M   1        24  20
13  39  19  29  -3  36   0 0.00  0.0    0  6.1 13 150   M    M   6        16 150
14  33  22  28  -5  37   0 0.57  7.3    3  6.3 17 230   M    M   9 18     19 230
15  32  11  22 -11  43   0 0.00  0.0    5  7.1 16 240   M    M   6 1      17 240
16  38  26  32  -1  33   0 0.17  0.8    4 13.4 31 220   M    M   9 1359   37 220
17  41  30  36   3  29   0 0.30  1.9    3 12.7 37 240   M    M   9 15     49 250
18  33  13  23 -10  42   0    T  0.2    3 14.1 23  40   M    M   9 1      28  40
19  20   6  13 -21  52   0 0.00  0.0    3  8.8 17  30   M    M   4        22  30
20  21   8  15 -19  50   0    T    M    3  5.1 12 140   M    M   7 8      14 140
================================================================================
SM  786  513       647   0  1.48    10.7 199.5          M      143
================================================================================
AV 39.3 25.7                              10.0 FASTST   M    M   7    MAX(MPH)
                                 MISC ---->  # 37 240               # 49  250
================================================================================
NOTES:
# LAST OF SEVERAL OCCURRENCES

COLUMN 17 PEAK WIND IN M.P.H.

PRELIMINARY LOCAL CLIMATOLOGICAL DATA (WS FORM: F-6) , PAGE 2

                                          STATION:  SPOKANE WA AIRPORT
                                          MONTH:    FEBRUARY
                                          YEAR:     2018
                                          LATITUDE:   47 37 N
                                          LONGITUDE: 117 32 W

[TEMPERATURE DATA]      [PRECIPITATION DATA]       SYMBOLS USED IN COLUMN 16

AVERAGE MONTHLY: 32.5   TOTAL FOR MONTH:   1.48    1 = FOG OR MIST
DPTR FM NORMAL:   0.1   DPTR FM NORMAL:    0.54    2 = FOG REDUCING VISIBILITY
HIGHEST:    56 ON  8    GRTST 24HR  0.57 ON 14-14      TO 1/4 MILE OR LESS
LOWEST:      6 ON 19                               3 = THUNDER
                        SNOW, ICE PELLETS, HAIL    4 = ICE PELLETS
                        TOTAL MONTH:  10.7 INCHES  5 = HAIL
                        GRTST 24HR   7.3 ON 14-14  6 = FREEZING RAIN OR DRIZZLE
                        GRTST DEPTH:   5 ON 15     7 = DUSTSTORM OR SANDSTORM:
                                                       VSBY 1/2 MILE OR LESS
                                                   8 = SMOKE OR HAZE
[NO. OF DAYS WITH]      [WEATHER - DAYS WITH]      9 = BLOWING SNOW
                                                   X = TORNADO
MAX 32 OR BELOW:   3    0.01 INCH OR MORE:   6
MAX 90 OR ABOVE:   0    0.10 INCH OR MORE:   5
MIN 32 OR BELOW:  14    0.50 INCH OR MORE:   1
MIN  0 OR BELOW:   0    1.00 INCH OR MORE:   0

[HDD (BASE 65) ]
TOTAL THIS MO.   647    CLEAR  (SCALE 0-3)   2
DPTR FM NORMAL    -6    PTCLDY (SCALE 4-7)   7
TOTAL FM JUL 1  4326    CLOUDY (SCALE 8-10) 11
DPTR FM NORMAL  -260

[CDD (BASE 65) ]
TOTAL THIS MO.     0
DPTR FM NORMAL     0    [PRESSURE DATA]
TOTAL FM JAN 1     0    HIGHEST SLP M ON M
DPTR FM NORMAL     0    LOWEST  SLP 29.51 ON 17

[REMARKS]
