000
CXUS53 KIND 010730
CF6GEZ
PRELIMINARY LOCAL CLIMATOLOGICAL DATA (WS FORM: F-6)

                                          STATION:   SHELBYVILLE IN
                                          MONTH:     MAY
                                          YEAR:      2015
                                          LATITUDE:   39 35 N
                                          LONGITUDE:  85 48 W

  TEMPERATURE IN F:       :PCPN:    SNOW:  WIND      :SUNSHINE: SKY     :PK WND
================================================================================
1   2   3   4   5  6A  6B    7    8   9   10  11  12  13   14  15   16   17  18
                                     12Z  AVG MX 2MIN
DY MAX MIN AVG DEP HDD CDD  WTR  SNW DPTH SPD SPD DIR MIN PSBL S-S WX    SPD DR
================================================================================

 1  75  39  57  -1   8   0 0.00    M    M  6.9 17 340   M    M   1        20 340
 2  76  49  63   5   2   0 0.00    M    M  4.4 14 210   M    M   2        21 170
 3  80  51  66   7   0   1 0.00    M    M  8.7 18 190   M    M   1        24 190
 4  78  59  69  10   0   4 0.01    M    M  8.7 22 270   M    M   4 138    25 280
 5  85  61  73  14   0   8 0.00    M    M  7.8 17 270   M    M   4 8      21 270
 6  87  56  72  12   0   7 0.00    M    M  3.9 10 180   M    M   1        14 160
 7  90  59  75  15   0  10 0.00    M    M  6.9 18 200   M    M   0        24 220
 8  87  61  74  14   0   9 0.00    M    M  9.0 18 190   M    M   1 8      33 160
 9  85  66  76  15   0  11 0.06    M    M  9.0 25 250   M    M   6 13     33 270
10  87  67  77  16   0  12 0.21    M    M 11.1 28 260   M    M   6 13     38 280
11  84  63  74  13   0   9 0.14    M    M 11.6 32 240   M    M   2 13     40 260
12  67  50  59  -3   6   0 0.00    M    M 12.6 29 270   M    M   3        35 270
13  70  44  57  -5   8   0 0.00    M    M  6.9 14  70   M    M   0        20  70
14  74  49  62   0   3   0 0.00    M    M 10.7 16  90   M    M   2        22 150
15  83  62  73  10   0   8 0.48    M    M  9.5 20 190   M    M   6 38     24 190
16  74  66  70   7   0   5 0.37    M    M  9.7 15 210   M    M   6 1      18 180
17  82  68  75  12   0  10 0.00    M    M 11.9 23 190   M    M   6 1      27 190
18  79  66  73   9   0   8    T    M    M 10.3 17 230   M    M   5 8      21 230
19  67  51  59  -5   6   0 0.00    M    M 11.3 17 300   M    M   0        23 320
20  56  44  50 -14  15   0    T    M    M  9.1 15  60   M    M   4        20  50
21  64  49  57  -7   8   0 0.00    M    M  8.8 16 320   M    M   6        19 310
22  78  45  62  -3   3   0 0.00    M    M  7.6 17 290   M    M   1        28 290
23  82  55  69   4   0   4 0.00    M    M  7.6 16 160   M    M   0        21 210
24  87  63  75   9   0  10 0.00    M    M 12.1 23 160   M    M   1        29 160
25  82  69  76  10   0  11 0.06    M    M 15.5 28 190   M    M   5 1      34 190
26  84  68  76  10   0  11 0.47    M    M 14.4 28 190   M    M   6 13     34 180
27  83  64  74   8   0   9 0.00    M    M 11.0 25 220   M    M   2        31 230
28  87  61  74   7   0   9 0.00    M    M  6.1 14 180   M    M   1 18      M  M
29  87  64  76   9   0  11 0.00    M    M  9.8 22 190   M    M   3 1      27 210
30  87  69  78  11   0  13 0.44    M    M 12.4 28 210   M    M   4 138    36 200
31  70  55  63  -5   2   0 0.25    M    M 12.3 23 230   M    M  10 18     28 230
================================================================================
SM 2457 1793        61 180  2.49    M    297.6          M       99
================================================================================
AV 79.3 57.8                               9.6 FASTST   M    M   3    MAX(MPH)
                                 MISC ---->  # 32 240               # 40  260
================================================================================
NOTES:
# LAST OF SEVERAL OCCURRENCES

COLUMN 17 PEAK WIND IN M.P.H.

PRELIMINARY LOCAL CLIMATOLOGICAL DATA (WS FORM: F-6) , PAGE 2

                                          STATION:  SHELBYVILLE IN
                                          MONTH:    MAY
                                          YEAR:     2015
                                          LATITUDE:   39 35 N
                                          LONGITUDE:  85 48 W

[TEMPERATURE DATA]      [PRECIPITATION DATA]       SYMBOLS USED IN COLUMN 16

AVERAGE MONTHLY: 68.5   TOTAL FOR MONTH:   2.49    1 = FOG OR MIST
DPTR FM NORMAL:   5.6   DPTR FM NORMAL:   -2.79    2 = FOG REDUCING VISIBILITY
HIGHEST:    90 ON  7    GRTST 24HR  0.69 ON 30-31      TO 1/4 MILE OR LESS
LOWEST:     39 ON  1                               3 = THUNDER
                        SNOW, ICE PELLETS, HAIL    4 = ICE PELLETS
                        TOTAL MONTH:    M          5 = HAIL
                        GRTST 24HR    M  ON   M    6 = FREEZING RAIN OR DRIZZLE
                        GRTST DEPTH:  M  ON   M    7 = DUSTSTORM OR SANDSTORM:
                                                       VSBY 1/2 MILE OR LESS
                                                   8 = SMOKE OR HAZE
[NO. OF DAYS WITH]      [WEATHER - DAYS WITH]      9 = BLOWING SNOW
                                                   X = TORNADO
MAX 32 OR BELOW:   0    0.01 INCH OR MORE:  10
MAX 90 OR ABOVE:   1    0.10 INCH OR MORE:   7
MIN 32 OR BELOW:   0    0.50 INCH OR MORE:   0
MIN  0 OR BELOW:   0    1.00 INCH OR MORE:   0

[HDD (BASE 65) ]
TOTAL THIS MO.    61    CLEAR  (SCALE 0-3)  17
DPTR FM NORMAL   -74    PTCLDY (SCALE 4-7)  13
TOTAL FM JUL 1  5556    CLOUDY (SCALE 8-10)  1
DPTR FM NORMAL   161

[CDD (BASE 65) ]
TOTAL THIS MO.   180
DPTR FM NORMAL   112    [PRESSURE DATA]
TOTAL FM JAN 1   188    HIGHEST SLP 30.43 ON 13
DPTR FM NORMAL   107    LOWEST  SLP 29.82 ON 31

[REMARKS]
#FINAL-05-15#
