000
CXUS55 KGJT 231000
CF6GJT
PRELIMINARY LOCAL CLIMATOLOGICAL DATA (WS FORM: F-6)

                                          STATION:   GRAND JUNCTION CO
                                          MONTH:     AUGUST
                                          YEAR:      2017
                                          LATITUDE:   39  7 N
                                          LONGITUDE: 108 32 W

  TEMPERATURE IN F:       :PCPN:    SNOW:  WIND      :SUNSHINE: SKY     :PK WND
================================================================================
1   2   3   4   5  6A  6B    7    8   9   10  11  12  13   14  15   16   17  18
                                     12Z  AVG MX 2MIN
DY MAX MIN AVG DEP HDD CDD  WTR  SNW DPTH SPD SPD DIR MIN PSBL S-S WX    SPD DR
================================================================================

 1  97  68  83   5   0  18 0.00  0.0    0  8.2 20 140   M    M   0        22 140
 2  97  68  83   5   0  18 0.00  0.0    0 13.1 32 350   M    M   0        39 360
 3  92  68  80   2   0  15    T  0.0    0 12.8 31 150   M    M   1 3      40 150
 4  94  64  79   1   0  14 0.02  0.0    0 14.2 28 120   M    M   1 3      35 120
 5  87  63  75  -3   0  10    T  0.0    0 12.4 30 140   M    M   2 3      37 140
 6  90  61  76  -1   0  11    T  0.0    0 10.2 23 110   M    M   1        28 130
 7  85  66  76  -1   0  11    T  0.0    0  7.6 22 160   M    M   6        28 330
 8  89  60  75  -2   0  10    T  0.0    0  8.1 32 260   M    M   3 3      40 280
 9  90  59  75  -2   0  10 0.01  0.0    0  7.7 21 330   M    M   0 3      26 330
10  91  62  77   0   0  12    T  0.0    0  8.3 31  60   M    M   0 3      37  50
11  92  59  76  -1   0  11 0.27  0.0    0 11.0 35 150   M    M   2 13     42 150
12  87  56  72  -4   0   7    T  0.0    0  7.0 25 120   M    M   0        30 100
13  90  63  77   1   0  12    T  0.0    0  8.1 21 130   M    M   1        24 120
14  89  67  78   2   0  13 0.07  0.0    0  9.6 40 230   M    M   2 3      51 230
15  83  62  73  -3   0   8 0.00  0.0    0  7.1 23 300   M    M   3        27 310
16  87  54  71  -5   0   6 0.00  0.0    0  6.9 16 320   M    M   1        20 330
17  91  60  76   0   0  11 0.00  0.0    0  8.8 21 320   M    M   0        26 320
18  94  60  77   2   0  12 0.00  0.0    0  9.4 21 310   M    M   0        26 300
19  94  60  77   2   0  12 0.00  0.0    0  8.2 17 120   M    M   0        23 310
20  95  61  78   3   0  13 0.00  0.0    0  8.1 16 280   M    M   0        20 300
21  94  62  78   3   0  13 0.00  0.0    0  8.6 25 150   M    M   0        30 150
22  91  63  77   3   0  12    T  0.0    0 10.1 33  40   M    M   1        41  50
================================================================================
SM 1999 1366         0 259  0.37     0.0 205.5          M       24
================================================================================
AV 90.9 62.1                               9.3 FASTST   M    M   1    MAX(MPH)
                                 MISC ---->  # 40 230               # 51  230
================================================================================
NOTES:
# LAST OF SEVERAL OCCURRENCES

COLUMN 17 PEAK WIND IN M.P.H.

PRELIMINARY LOCAL CLIMATOLOGICAL DATA (WS FORM: F-6) , PAGE 2

                                          STATION:  GRAND JUNCTION CO
                                          MONTH:    AUGUST
                                          YEAR:     2017
                                          LATITUDE:   39  7 N
                                          LONGITUDE: 108 32 W

[TEMPERATURE DATA]      [PRECIPITATION DATA]       SYMBOLS USED IN COLUMN 16

AVERAGE MONTHLY: 76.5   TOTAL FOR MONTH:   0.37    1 = FOG OR MIST
DPTR FM NORMAL:   0.0   DPTR FM NORMAL:   -0.28    2 = FOG REDUCING VISIBILITY
HIGHEST:    97 ON  2, 1 GRTST 24HR  0.27 ON 11-11      TO 1/4 MILE OR LESS
LOWEST:     54 ON 16                               3 = THUNDER
                        SNOW, ICE PELLETS, HAIL    4 = ICE PELLETS
                        TOTAL MONTH:   0.0 INCH    5 = HAIL
                        GRTST 24HR     0.0         6 = FREEZING RAIN OR DRIZZLE
                        GRTST DEPTH:   0           7 = DUSTSTORM OR SANDSTORM:
                                                       VSBY 1/2 MILE OR LESS
                                                   8 = SMOKE OR HAZE
[NO. OF DAYS WITH]      [WEATHER - DAYS WITH]      9 = BLOWING SNOW
                                                   X = TORNADO
MAX 32 OR BELOW:   0    0.01 INCH OR MORE:   4
MAX 90 OR ABOVE:  15    0.10 INCH OR MORE:   1
MIN 32 OR BELOW:   0    0.50 INCH OR MORE:   0
MIN  0 OR BELOW:   0    1.00 INCH OR MORE:   0

[HDD (BASE 65) ]
TOTAL THIS MO.     0    CLEAR  (SCALE 0-3)  19
DPTR FM NORMAL     0    PTCLDY (SCALE 4-7)   3
TOTAL FM JUL 1     0    CLOUDY (SCALE 8-10)  0
DPTR FM NORMAL    -1

[CDD (BASE 65) ]
TOTAL THIS MO.   259
DPTR FM NORMAL     7    [PRESSURE DATA]
TOTAL FM JAN 1  1179    HIGHEST SLP M ON M
DPTR FM NORMAL   235    LOWEST  SLP 29.69 ON M

[REMARKS]
