000
CXUS54 KFWD 300730
CF6GLE
PRELIMINARY LOCAL CLIMATOLOGICAL DATA (WS FORM: F-6)

                                          STATION:   GAINESVILLE
                                          MONTH:     JUNE
                                          YEAR:      2015
                                          LATITUDE:   33 39 N
                                          LONGITUDE:  97 12 W

  TEMPERATURE IN F:       :PCPN:    SNOW:  WIND      :SUNSHINE: SKY     :PK WND
================================================================================
1   2   3   4   5  6A  6B    7    8   9   10  11  12  13   14  15   16   17  18
                                     12Z  AVG MX 2MIN
DY MAX MIN AVG DEP HDD CDD  WTR  SNW DPTH SPD SPD DIR MIN PSBL S-S WX    SPD DR
================================================================================

 1  83  56  70  -5   0   5 0.00  0.0    0  2.9  7 110   M    M   0         M  M
 2  86  64  75   0   0  10 0.00  0.0    0  7.9 15 130   M    M   1        22 140
 3  88  65  77   2   0  12 0.00  0.0    0  8.7 15 120   M    M   0        21 130
 4  89  68  79   3   0  14 0.00  0.0    0  7.0 14 140   M    M   1        22 140
 5  89  68  79   3   0  14 0.00  0.0    0  4.2 10 140   M    M   1 1       M  M
 6  91  70  81   5   0  16 0.00  0.0    0  3.2 10 110   M    M   1 1       M  M
 7  92  67  80   4   0  15 0.00  0.0    0  6.0 15 200   M    M   0 1      21 140
 8  93  70  82   6   0  17 0.00  0.0    0  4.2 15 250   M    M   2         M  M
 9  96  70  83   6   0  18 0.00  0.0    0  1.3  8 110   M    M   0         M  M
10  96  71  84   7   0  19 0.00  0.0    0  3.6  9 120   M    M   1         M  M
11  92  71  82   5   0  17 0.00  0.0    0 10.1 18 130   M    M   0        27 140
12  92  74  83   5   0  18 0.00  0.0    0 11.1 16 130   M    M   2        22 140
13  89  67  78   0   0  13 0.47  0.0    0  8.0 13 280   M    M   4        17 140
14  89  74  82   4   0  17    T  0.0    0 11.7 18 150   M    M   5        24 140
15  89  72  81   3   0  16 0.35  0.0    0  8.9 15 360   M    M   5        21 140
16  84  72  78   0   0  13 0.17  0.0    0  5.6 10 110   M    M   7         M  M
17  73  68  71  -7   0   6 2.72  0.0    0 11.8 20 250   M    M  10 1      30 250
18  88  68  78  -1   0  13 0.30  0.0    0 11.8 24 240   M    M   5        36 240
19  92  69  81   2   0  16 0.00  0.0    0  5.6 12 180   M    M   2         M  M
20  89  70  80   1   0  15 0.00  0.0    0  9.8 17 180   M    M   1        23 160
21  81  71  76  -3   0  11 0.00  0.0    0  8.1 14 140   M    M   4 1      18 140
22  91  69  80   0   0  15 0.00  0.0    0 10.5 22 190   M    M   2        25 190
23  91  70  81   1   0  16 0.00  0.0    0  5.7  9 110   M    M   0         M  M
24  92  73  83   3   0  18 0.00  0.0    0  6.1 12 150   M    M   0        17 180
25  92  72  82   2   0  17 0.00  0.0    0  6.2 13 210   M    M   1        17 230
26  93  72  83   3   0  18 0.05  0.0    0  4.9 17 340   M    M   3        17 220
27  86  70  78  -2   0  13 0.01  0.0    0  5.4 10  20   M    M   2        17  20
28  89  63  76  -4   0  11 0.00  0.0    0  1.9  8 140   M    M   0         M  M
29  92  65  79  -2   0  14 0.00  0.0    0  3.7  8 180   M    M   0         M  M
================================================================================
SM 2587 1999         0 417  4.07     0.0 195.9          M       60
================================================================================
AV 89.2 68.9                               6.8 FASTST   M    M   2    MAX(MPH)
                                 MISC ---->    24   M                 36    M
================================================================================
NOTES:
# LAST OF SEVERAL OCCURRENCES

COLUMN 17 PEAK WIND IN M.P.H.

PRELIMINARY LOCAL CLIMATOLOGICAL DATA (WS FORM: F-6) , PAGE 2

                                          STATION:  GAINESVILLE
                                          MONTH:    JUNE
                                          YEAR:     2015
                                          LATITUDE:   33 39 N
                                          LONGITUDE:  97 12 W

[TEMPERATURE DATA]      [PRECIPITATION DATA]       SYMBOLS USED IN COLUMN 16

AVERAGE MONTHLY: 79.1   TOTAL FOR MONTH:   4.07    1 = FOG OR MIST
DPTR FM NORMAL:   1.1   DPTR FM NORMAL:   -1.45    2 = FOG REDUCING VISIBILITY
HIGHEST:    96 ON 10, 9 GRTST 24HR  2.72 ON 17-17      TO 1/4 MILE OR LESS
LOWEST:     56 ON  1                               3 = THUNDER
                        SNOW, ICE PELLETS, HAIL    4 = ICE PELLETS
                        TOTAL MONTH:   0.0 INCH    5 = HAIL
                        GRTST 24HR     0.0         6 = FREEZING RAIN OR DRIZZLE
                        GRTST DEPTH:   0           7 = DUSTSTORM OR SANDSTORM:
                                                       VSBY 1/2 MILE OR LESS
                                                   8 = SMOKE OR HAZE
[NO. OF DAYS WITH]      [WEATHER - DAYS WITH]      9 = BLOWING SNOW
                                                   X = TORNADO
MAX 32 OR BELOW:   0    0.01 INCH OR MORE:   7
MAX 90 OR ABOVE:  14    0.10 INCH OR MORE:   5
MIN 32 OR BELOW:   0    0.50 INCH OR MORE:   1
MIN  0 OR BELOW:   0    1.00 INCH OR MORE:   1

[HDD (BASE 65) ]
TOTAL THIS MO.     0    CLEAR  (SCALE 0-3)  22
DPTR FM NORMAL     0    PTCLDY (SCALE 4-7)   6
TOTAL FM JUL 1  2883    CLOUDY (SCALE 8-10)  1
DPTR FM NORMAL   -18

[CDD (BASE 65) ]
TOTAL THIS MO.   417
DPTR FM NORMAL    40    [PRESSURE DATA]
TOTAL FM JAN 1   629    HIGHEST SLP M ON M
DPTR FM NORMAL    -9    LOWEST  SLP M ON M

[REMARKS]
