000
CXUS54 KJAN 181200
CF6GLH
PRELIMINARY LOCAL CLIMATOLOGICAL DATA (WS FORM: F-6)

                                          STATION:   GREENVILLE
                                          MONTH:     JANUARY
                                          YEAR:      2018
                                          LATITUDE:   33 29 N
                                          LONGITUDE:  90 59 W

  TEMPERATURE IN F:       :PCPN:    SNOW:  WIND      :SUNSHINE: SKY     :PK WND
================================================================================
1   2   3   4   5  6A  6B    7    8   9   10  11  12  13   14  15   16   17  18
                                     12Z  AVG MX 2MIN
DY MAX MIN AVG DEP HDD CDD  WTR  SNW DPTH SPD SPD DIR MIN PSBL S-S WX    SPD DR
================================================================================

 1  24  14  19 -24  46   0 0.00  0.0    0 16.5 26  20   M    M   0        34  30
 2  28  12  20 -23  45   0 0.00  0.0    0 10.6 16  20   M    M   2        21  10
 3  38  14  26 -17  39   0 0.00  0.0    0  5.3 13 290   M    M   2        20 270
 4  37  19  28 -15  37   0 0.00  0.0    0  7.2 15 360   M    M   0        19 350
 5  46  15  31 -11  34   0 0.00  0.0    0  4.6 12 210   M    M   0        15 230
 6  49  21  35  -7  30   0 0.00  0.0    0  5.9 13  50   M    M   0        15  50
 7  53  31  42   0  23   0 0.13  0.0    0 11.9 20 130   M    M   5 18     26 140
 8  49  45  47   5  18   0 0.13  0.0    0 11.8 21 140   M    M  10 1      27 150
 9  48  43  46   4  19   0 0.00  0.0    0  6.5 13  30   M    M  10 12     16  10
10  62  47  55  13  10   0    T  0.0    0  8.7 18 150   M    M  10 12     24 150
11  67  47  57  15   8   0 0.72  0.0    0  8.3 31 310   M    M  10 1      37 320
12  46  28  37  -5  28   0 0.25    M    M 16.4 33  20   M    M   9 16     42  20
13  30  23  27 -15  38   0 0.00  0.0    0 13.9 22  10   M    M   4        26  30
14  30  23  27 -15  38   0 0.00  0.0    0  5.6 13  40   M    M   4        15  30
15  53  23  38  -4  27   0 0.00  0.0    0  9.4 24 360   M    M   3        30 360
16  33   9  21 -21  44   0 0.05    M    M 14.7 31 350   M    M   7 1      37 350
17  25   9  17 -25  48   0 0.00  0.0    M  6.6 16 360   M    M   0        19 360
================================================================================
SM  718  423       532   0  1.28     0.0 163.9          M       76
================================================================================
AV 42.2 24.9                               9.6 FASTST   M    M   4    MAX(MPH)
                                 MISC ---->  # 33  20               # 42   20
================================================================================
NOTES:
# LAST OF SEVERAL OCCURRENCES

COLUMN 17 PEAK WIND IN M.P.H.

PRELIMINARY LOCAL CLIMATOLOGICAL DATA (WS FORM: F-6) , PAGE 2

                                          STATION:  GREENVILLE
                                          MONTH:    JANUARY
                                          YEAR:     2018
                                          LATITUDE:   33 29 N
                                          LONGITUDE:  90 59 W

[TEMPERATURE DATA]      [PRECIPITATION DATA]       SYMBOLS USED IN COLUMN 16

AVERAGE MONTHLY: 33.6   TOTAL FOR MONTH:   1.28    1 = FOG OR MIST
DPTR FM NORMAL:  -8.7   DPTR FM NORMAL:   -1.27    2 = FOG REDUCING VISIBILITY
HIGHEST:    67 ON 11    GRTST 24HR  0.72 ON 11-11      TO 1/4 MILE OR LESS
LOWEST:      9 ON 17,16                            3 = THUNDER
                        SNOW, ICE PELLETS, HAIL    4 = ICE PELLETS
                        TOTAL MONTH:   0.0 INCH    5 = HAIL
                        GRTST 24HR     0.0         6 = FREEZING RAIN OR DRIZZLE
                        GRTST DEPTH:   0           7 = DUSTSTORM OR SANDSTORM:
                                                       VSBY 1/2 MILE OR LESS
                                                   8 = SMOKE OR HAZE
[NO. OF DAYS WITH]      [WEATHER - DAYS WITH]      9 = BLOWING SNOW
                                                   X = TORNADO
MAX 32 OR BELOW:   5    0.01 INCH OR MORE:   5
MAX 90 OR ABOVE:   0    0.10 INCH OR MORE:   4
MIN 32 OR BELOW:  13    0.50 INCH OR MORE:   1
MIN  0 OR BELOW:   0    1.00 INCH OR MORE:   0

[HDD (BASE 65) ]
TOTAL THIS MO.   532    CLEAR  (SCALE 0-3)   8
DPTR FM NORMAL   144    PTCLDY (SCALE 4-7)   4
TOTAL FM JUL 1  1565    CLOUDY (SCALE 8-10)  5
DPTR FM NORMAL    93

[CDD (BASE 65) ]
TOTAL THIS MO.     0
DPTR FM NORMAL     0    [PRESSURE DATA]
TOTAL FM JAN 1     0    HIGHEST SLP M ON M
DPTR FM NORMAL     0    LOWEST  SLP 29.64 ON 12

[REMARKS]
