000
CXUS53 KAPX 280631
CF6GLR
PRELIMINARY LOCAL CLIMATOLOGICAL DATA (WS FORM: F-6)

                                          STATION:   GAYLORD
                                          MONTH:     AUGUST
                                          YEAR:      2015
                                          LATITUDE:   45  0 N
                                          LONGITUDE:  84 42 W

  TEMPERATURE IN F:       :PCPN:    SNOW:  WIND      :SUNSHINE: SKY     :PK WND
================================================================================
1   2   3   4   5  6A  6B    7    8   9   10  11  12  13   14  15   16   17  18
                                     12Z  AVG MX 2MIN
DY MAX MIN AVG DEP HDD CDD  WTR  SNW DPTH SPD SPD DIR MIN PSBL S-S WX    SPD DR
================================================================================

 1  78  53  66   0   0   1 0.00    M    M  7.8 21 260   M    M   1        27 250
 2   M   M   M   M   M   M    M    M    M  5.8 35 260   M    M   2 138    60 230
 3  73  55  64  -2   1   0 0.01    M    M  7.5 18 250   M    M   7 1      26 260
 4  70  54  62  -4   3   0 0.07    M    M  5.7 14 280   M    M   8 1      24 270
 5  74  51  63  -3   2   0 0.00    M    M  3.4 10 290   M    M   3        16  50
 6  76  48  62  -4   3   0 0.00    M    M  3.1 13  50   M    M   2        17  20
 7  77  53  65   0   0   0    T    M    M  4.8 12 140   M    M   3        18 130
 8  75  61  68   3   0   3 0.00    M    M  3.8 12 130   M    M   7        17  60
 9  82  57  70   5   0   5 0.00    M    M  6.6 13 170   M    M   4 1      19 190
10  76  63  70   5   0   5 0.08    M    M  3.5 10  50   M    M   7 138    14  40
11  71  60  66   1   0   1    T    M    M  7.5 15 310   M    M   7        23 320
12  75  52  64  -1   1   0 0.00    M    M  6.8 16 260   M    M   4        22 280
13  83  61  72   7   0   7 0.11    M    M 11.5 24 250   M    M   3 1      31 260
14  88  66  77  12   0  12 0.00    M    M  7.6 14 260   M    M   2 1      19 260
15  88  60  74   9   0   9 0.00    M    M  2.7 10 190   M    M   2 1      15 170
16  89  67  78  14   0  13 0.00    M    M 11.5 24 230   M    M   1        28 230
17  88  67  78  14   0  13    T    M    M  9.3 16 260   M    M   5 13     21 250
18  76  65  71   7   0   6 0.63    M    M  4.7 12 270   M    M   7 138    22 160
19  83  65  74  10   0   9 0.15    M    M 12.4 23 190   M    M   7 1      34 190
20  69  56  63  -1   2   0 0.31    M    M 12.5 26 250   M    M   9 1      32 250
21  74  55  65   1   0   0 0.04    M    M  7.2 15 250   M    M   5        25 260
22  79  60  70   6   0   5 0.00    M    M  6.7 14 190   M    M   3        18 190
23  76  58  67   4   0   2 0.24    M    M 12.0 23 240   M    M   4 3      32 260
24  62  51  57  -6   8   0 0.24    M    M 11.8 22 250   M    M  10        31 250
25  59  52  56  -7   9   0 0.08    M    M  8.2 16 280   M    M   9        22 290
26  58  51  55  -8  10   0    T    M    M  5.4 12 310   M    M  10        18 280
27  70  48  59  -4   6   0 0.00    M    M  2.6 12 250   M    M   7        15 250
================================================================================
SM 1969 1489        45  91  1.96    M    192.4          M      139
================================================================================
AV 75.7 57.3                               7.1 FASTST   M    M   5    MAX(MPH)
                                 MISC ---->  # 35 260               # 60  230
================================================================================
NOTES:
# LAST OF SEVERAL OCCURRENCES

COLUMN 17 PEAK WIND IN M.P.H.

PRELIMINARY LOCAL CLIMATOLOGICAL DATA (WS FORM: F-6) , PAGE 2

                                          STATION:  GAYLORD
                                          MONTH:    AUGUST
                                          YEAR:     2015
                                          LATITUDE:   45  0 N
                                          LONGITUDE:  84 42 W

[TEMPERATURE DATA]      [PRECIPITATION DATA]       SYMBOLS USED IN COLUMN 16

AVERAGE MONTHLY: 66.5   TOTAL FOR MONTH:   1.96    1 = FOG OR MIST
DPTR FM NORMAL:   1.9   DPTR FM NORMAL:   -1.25    2 = FOG REDUCING VISIBILITY
HIGHEST:    89 ON 16    GRTST 24HR  0.76 ON 18-19      TO 1/4 MILE OR LESS
LOWEST:     48 ON 27, 6                            3 = THUNDER
                        SNOW, ICE PELLETS, HAIL    4 = ICE PELLETS
                        TOTAL MONTH:    M          5 = HAIL
                        GRTST 24HR    M  ON   M    6 = FREEZING RAIN OR DRIZZLE
                        GRTST DEPTH:  M  ON   M    7 = DUSTSTORM OR SANDSTORM:
                                                       VSBY 1/2 MILE OR LESS
                                                   8 = SMOKE OR HAZE
[NO. OF DAYS WITH]      [WEATHER - DAYS WITH]      9 = BLOWING SNOW
                                                   X = TORNADO
MAX 32 OR BELOW:   0    0.01 INCH OR MORE:  11
MAX 90 OR ABOVE:   0    0.10 INCH OR MORE:   6
MIN 32 OR BELOW:   0    0.50 INCH OR MORE:   1
MIN  0 OR BELOW:   0    1.00 INCH OR MORE:   0

[HDD (BASE 65) ]
TOTAL THIS MO.    45    CLEAR  (SCALE 0-3)  10
DPTR FM NORMAL   -24    PTCLDY (SCALE 4-7)  13
TOTAL FM JUL 1    86    CLOUDY (SCALE 8-10)  4
DPTR FM NORMAL   -45

[CDD (BASE 65) ]
TOTAL THIS MO.    91
DPTR FM NORMAL    34    [PRESSURE DATA]
TOTAL FM JAN 1   245    HIGHEST SLP M ON M
DPTR FM NORMAL    29    LOWEST  SLP 29.51 ON  2

[REMARKS]
