000
CXUS54 KHGX 301415
CF6GLS
PRELIMINARY LOCAL CLIMATOLOGICAL DATA (WS FORM: F-6)

                                          STATION:   GALVESTON
                                          MONTH:     SEPTEMBER
                                          YEAR:      2014
                                          LATITUDE:   29 16 N
                                          LONGITUDE:  94 52 W

  TEMPERATURE IN F:       :PCPN:    SNOW:  WIND      :SUNSHINE: SKY     :PK WND
================================================================================
1   2   3   4   5  6A  6B    7    8   9   10  11  12  13   14  15   16   17  18
                                     12Z  AVG MX 2MIN
DY MAX MIN AVG DEP HDD CDD  WTR  SNW DPTH SPD SPD DIR MIN PSBL S-S WX    SPD DR
================================================================================

 1  90  82  86   2   0  21 0.00  0.0    0 12.3 21 130   M    M   3        24 140
 2  90  83  87   3   0  22 0.00  0.0    0 14.3 21 140   M    M   2        24 150
 3  91  83  87   3   0  22 0.00  0.0    0 11.6 17 150   M    M   2        22  90
 4  92  83  88   4   0  23 0.00  0.0    0 10.8 15 140   M    M   2        19 140
 5  90  82  86   2   0  21 0.00  0.0    0  9.2 18 160   M    M   1 3      22 170
 6  88  79  84   0   0  19 0.12  0.0    0  4.6 13 160   M    M   1 13     19 200
 7  86  77  82  -1   0  17 0.56  0.0    0  6.3 18 350   M    M   2 13     23 350
 8  88  77  83   0   0  18 0.00  0.0    0  5.7 10 150   M    M   1        13 150
 9  89  79  84   1   0  19 0.06  0.0    0  8.8 16 180   M    M   1 3      21 170
10  91  83  87   4   0  22 0.00  0.0    0 13.4 18 180   M    M   1        22 180
11  91  83  87   4   0  22    T  0.0    0  9.6 16 170   M    M   1        20 170
12  89  78  84   2   0  19 0.59  0.0    0  7.5 22 180   M    M   2 13     26 180
13  81  70  76  -6   0  11 0.01  0.0    0 15.8 22  10   M    M   9 3      27  10
14  78  68  73  -9   0   8 0.00  0.0    0 10.9 17  30   M    M  10 1      21  30
15  89  75  82   0   0  17 0.00  0.0    0 10.7 16  70   M    M   4        21  70
16  87  77  82   0   0  17 0.67  0.0    0  6.3 15  30   M    M   6 13     18 180
17  87  76  82   0   0  17 0.33  0.0    0  6.5 20 290   M    M   3 13     24 280
18  81  75  78  -3   0  13 2.07  0.0    0  7.3 15 130   M    M   5 13     19 240
19  82  75  79  -2   0  14 0.81  0.0    0  8.2 17 110   M    M   7 13     22 110
20  85  79  82   1   0  17 0.00  0.0    0 12.0 20  70   M    M   3        25  70
21  86  79  83   2   0  18 0.00  0.0    0  9.5 16  50   M    M   1        22  50
22  90  78  84   4   0  19 0.04  0.0    0  8.4 26  60   M    M   1 38     37  50
23  84  69  77  -3   0  12 0.00  0.0    0 11.7 18  30   M    M   0        23  30
24  85  72  79  -1   0  14 0.00  0.0    0 11.0 16  50   M    M   1        22  50
25  81  71  76  -4   0  11 0.76  0.0    0 12.2 28 140   M    M   6 13     34 140
26  82  76  79  -1   0  14 0.00  0.0    0 10.5 17  60   M    M   2        22  60
27  82  74  78  -1   0  13    T  0.0    0 11.1 18  50   M    M   5        24  70
28  83  74  79   0   0  14 0.09  0.0    0  9.8 18  40   M    M   5        20  50
29  84  75  80   1   0  15 0.00  0.0    0  8.3 15  30   M    M   3        17  40
================================================================================
SM 2502 2232         0 489  6.11     0.0 284.3          M       90
================================================================================
AV 86.3 77.0                               9.8 FASTST   M    M   3    MAX(MPH)
                                 MISC ---->  # 28 140               # 37   50
================================================================================
NOTES:
# LAST OF SEVERAL OCCURRENCES

COLUMN 17 PEAK WIND IN M.P.H.

PRELIMINARY LOCAL CLIMATOLOGICAL DATA (WS FORM: F-6) , PAGE 2

                                          STATION:  GALVESTON
                                          MONTH:    SEPTEMBER
                                          YEAR:     2014
                                          LATITUDE:   29 16 N
                                          LONGITUDE:  94 52 W

[TEMPERATURE DATA]      [PRECIPITATION DATA]       SYMBOLS USED IN COLUMN 16

AVERAGE MONTHLY: 81.6   TOTAL FOR MONTH:   6.11    1 = FOG OR MIST
DPTR FM NORMAL:  -0.2   DPTR FM NORMAL:    0.25    2 = FOG REDUCING VISIBILITY
HIGHEST:    92 ON  4    GRTST 24HR  2.77 ON 18-19      TO 1/4 MILE OR LESS
LOWEST:     68 ON 14                               3 = THUNDER
                        SNOW, ICE PELLETS, HAIL    4 = ICE PELLETS
                        TOTAL MONTH:   0.0 INCH    5 = HAIL
                        GRTST 24HR     0.0         6 = FREEZING RAIN OR DRIZZLE
                        GRTST DEPTH:   0           7 = DUSTSTORM OR SANDSTORM:
                                                       VSBY 1/2 MILE OR LESS
                                                   8 = SMOKE OR HAZE
[NO. OF DAYS WITH]      [WEATHER - DAYS WITH]      9 = BLOWING SNOW
                                                   X = TORNADO
MAX 32 OR BELOW:   0    0.01 INCH OR MORE:  12
MAX 90 OR ABOVE:   8    0.10 INCH OR MORE:   8
MIN 32 OR BELOW:   0    0.50 INCH OR MORE:   6
MIN  0 OR BELOW:   0    1.00 INCH OR MORE:   1

[HDD (BASE 65) ]
TOTAL THIS MO.     0    CLEAR  (SCALE 0-3)  18
DPTR FM NORMAL     0    PTCLDY (SCALE 4-7)   9
TOTAL FM JUL 1     0    CLOUDY (SCALE 8-10)  2
DPTR FM NORMAL     0

[CDD (BASE 65) ]
TOTAL THIS MO.   489
DPTR FM NORMAL     4    [PRESSURE DATA]
TOTAL FM JAN 1  2816    HIGHEST SLP M ON M
DPTR FM NORMAL   -63    LOWEST  SLP 29.82 ON 10

[REMARKS]
