000
CXUS54 KMAF 231100
CF6GNC
PRELIMINARY LOCAL CLIMATOLOGICAL DATA (WS FORM: F-6)

                                          STATION:   Gaines County Airport
                                          MONTH:     OCTOBER
                                          YEAR:      2017
                                          LATITUDE:   32 40 N
                                          LONGITUDE: 102 39 W

  TEMPERATURE IN F:       :PCPN:    SNOW:  WIND      :SUNSHINE: SKY     :PK WND
================================================================================
1   2   3   4   5  6A  6B    7    8   9   10  11  12  13   14  15   16   17  18
                                     12Z  AVG MX 2MIN
DY MAX MIN AVG DEP HDD CDD  WTR  SNW DPTH SPD SPD DIR MIN PSBL S-S WX    SPD DR
================================================================================

 1  81  62  72   M   0   7 0.00  0.0    0 10.0 14 160   M    M   7 1      20 170
 2  86  63  75   M   0  10 0.00  0.0    0 12.4 18 160   M    M   0        24 180
 3  80  65  73   M   0   8 0.00  0.0    0  8.2 14 150   M    M   7 1      20 140
 4  78  67  73   M   0   8 0.13  0.0    0  7.8 16 160   M    M   8 1      17 140
 5  82  68  75   M   0  10 0.00  0.0    0  9.7 17 180   M    M   6        22 180
 6  88  66  77   M   0  12 0.00  0.0    0  8.6 17 230   M    M   4        21 230
 7  80  53  67   M   0   2 0.00  0.0    0  5.6 13 360   M    M   0        21 360
 8  89  47  68   M   0   3 0.00  0.0    0  8.3 17 260   M    M   0        22 280
 9  74  47  61   M   4   0 0.00  0.0    0 12.4 22  10   M    M   0        31  10
10  65  42  54   M  11   0 0.00  0.0    0  7.1 17 360   M    M   2        25 360
11  75  44  60   M   5   0 0.00  0.0    0  5.5 15 180   M    M   4        18 210
12  86  53  70   M   0   5 0.00  0.0    0  5.6  9 190   M    M   0         M  M
13  91  57  74   M   0   9 0.00  0.0    0  4.9  9 160   M    M   2 12      M  M
14  91  62  77   M   0  12 0.00  0.0    0  8.0 15 200   M    M   1        20 190
15  73  47  60   M   5   0 0.02    M    0  9.1 18  30   M    M   1        29  30
16  71  36  54   M  11   0 0.00  0.0    0  3.7  8 200   M    M   0         M  M
17  82  38  60   M   5   0 0.00  0.0    0  5.3 12 200   M    M   0        16 170
18  87  45  66   M   0   1 0.00  0.0    0  5.2 12 190   M    M   0        16 220
19  74  46  60   M   5   0 0.00  0.0    0  5.2 12 160   M    M   3         M  M
20  81  55  68   M   0   3 0.00  0.0    0 10.2 16 190   M    M   2        23 200
21  83  53  68   M   0   3 0.00  0.0    0 12.0 24 270   M    M   1 2      33 270
22  71  40  56   M   9   0 0.00  0.0    0  6.1 13  10   M    M   0        18  10
================================================================================
SM 1768 1156        55  93  0.15     0.0 170.9          M       48
================================================================================
AV 80.4 52.6                               7.8 FASTST   M    M   2    MAX(MPH)
                                 MISC ---->  # 24 270               # 33  270
================================================================================
NOTES:
# LAST OF SEVERAL OCCURRENCES

COLUMN 17 PEAK WIND IN M.P.H.

PRELIMINARY LOCAL CLIMATOLOGICAL DATA (WS FORM: F-6) , PAGE 2

                                          STATION:  Gaines County Airport
                                          MONTH:    OCTOBER
                                          YEAR:     2017
                                          LATITUDE:   32 40 N
                                          LONGITUDE: 102 39 W

[TEMPERATURE DATA]      [PRECIPITATION DATA]       SYMBOLS USED IN COLUMN 16

AVERAGE MONTHLY: 66.5   TOTAL FOR MONTH:   0.15    1 = FOG OR MIST
DPTR FM NORMAL:     M   DPTR FM NORMAL:       M    2 = FOG REDUCING VISIBILITY
HIGHEST:    91 ON 14,13 GRTST 24HR  0.13 ON  4- 4      TO 1/4 MILE OR LESS
LOWEST:     36 ON 16                               3 = THUNDER
                        SNOW, ICE PELLETS, HAIL    4 = ICE PELLETS
                        TOTAL MONTH:   0.0 INCH    5 = HAIL
                        GRTST 24HR     0.0         6 = FREEZING RAIN OR DRIZZLE
                        GRTST DEPTH:   0           7 = DUSTSTORM OR SANDSTORM:
                                                       VSBY 1/2 MILE OR LESS
                                                   8 = SMOKE OR HAZE
[NO. OF DAYS WITH]      [WEATHER - DAYS WITH]      9 = BLOWING SNOW
                                                   X = TORNADO
MAX 32 OR BELOW:   0    0.01 INCH OR MORE:   2
MAX 90 OR ABOVE:   2    0.10 INCH OR MORE:   1
MIN 32 OR BELOW:   0    0.50 INCH OR MORE:   0
MIN  0 OR BELOW:   0    1.00 INCH OR MORE:   0

[HDD (BASE 65) ]
TOTAL THIS MO.    55    CLEAR  (SCALE 0-3)  16
DPTR FM NORMAL     M    PTCLDY (SCALE 4-7)   6
TOTAL FM JUL 1    77    CLOUDY (SCALE 8-10)  0
DPTR FM NORMAL     M

[CDD (BASE 65) ]
TOTAL THIS MO.    93
DPTR FM NORMAL     M    [PRESSURE DATA]
TOTAL FM JAN 1  1976    HIGHEST SLP M ON M
DPTR FM NORMAL     M    LOWEST  SLP M ON M

[REMARKS]
