000
CXUS54 KOUN 010700
CF6GOK
PRELIMINARY LOCAL CLIMATOLOGICAL DATA (WS FORM: F-6)

                                          STATION:   GUTHRIE MUNICIPAL
                                          MONTH:     SEPTEMBER
                                          YEAR:      2016
                                          LATITUDE:   35 50 N
                                          LONGITUDE:  97 25 W

  TEMPERATURE IN F:       :PCPN:    SNOW:  WIND      :SUNSHINE: SKY     :PK WND
================================================================================
1   2   3   4   5  6A  6B    7    8   9   10  11  12  13   14  15   16   17  18
                                     12Z  AVG MX 2MIN
DY MAX MIN AVG DEP HDD CDD  WTR  SNW DPTH SPD SPD DIR MIN PSBL S-S WX    SPD DR
================================================================================

 1  83  72  78  -1   0  13 0.00  0.0    0  6.7 15  80   M    M   6 1      22  30
 2  84  66  75  -4   0  10 0.00  0.0    0  5.7 12 160   M    M   4        15  70
 3  86  63  75  -4   0  10 0.00  0.0    0  7.4 14 140   M    M   2        19 140
 4  90  68  79   1   0  14 0.00  0.0    0 11.5 18 180   M    M   2        25 170
 5  94  73  84   6   0  19 0.00  0.0    0 13.2 22 190   M    M   0        29 200
 6  93  76  85   7   0  20 0.00  0.0    0 13.4 21 180   M    M   1        28 180
 7  94  78  86   9   0  21 0.00  0.0    0 13.7 22 180   M    M   1        29 180
 8  96  80  88  11   0  23    T  0.0    0 11.2 20 200   M    M   0        26 190
 9  93  67  80   4   0  15 0.43  0.0    0  9.5 22 340   M    M   1 138    41 330
10  78  57  68  -8   0   3 0.17  0.0    0  6.3 12  30   M    M   3 1      20  20
11  84  55  70  -6   0   5 0.00  0.0    0  8.0 17 170   M    M   0        21 170
12  89  65  77   2   0  12 0.00  0.0    0 11.2 20 160   M    M   0        26 170
13  91  69  80   5   0  15 0.00  0.0    0  6.7 15 310   M    M   2 3      20 310
14  80  63  72  -3   0   7 0.01  0.0    0  3.9  9 290   M    M   5 1      13 330
15  87  66  77   3   0  12 0.01  0.0    0  5.8 14 160   M    M   2 13     22 160
16  83  67  75   1   0  10 0.04  0.0    0  6.7 14  90   M    M   3 1      19 220
17  86  63  75   2   0  10 0.13  0.0    0  4.2 15 260   M    M   3 123    20 260
18  90  63  77   4   0  12 0.06  0.0    0  7.0 22 260   M    M   0 13     32 240
19  98  73  86  14   0  21 0.00  0.0    0  7.2 12 220   M    M   0        17 210
20  96  73  85  13   0  20 0.00  0.0    0  7.0 15 180   M    M   0        19 180
21  92  73  83  11   0  18 0.00  0.0    0  8.9 15 190   M    M   0 18     20 210
22  92  69  81  10   0  16 0.00  0.0    0  8.9 17 210   M    M   0        24 190
23  92  69  81  10   0  16 0.00  0.0    0  9.5 20 160   M    M   1        26 130
24  90  68  79   9   0  14 1.02  0.0    0 10.6 26 270   M    M   2 13     33 280
25  73  62  68  -2   0   3 0.23  0.0    0  4.3 15  10   M    M   8 1      21 340
26  77  53  65  -5   0   0 0.00  0.0    0  5.1 15  50   M    M   0        24  30
27  83  48  66  -3   0   1 0.00  0.0    0  5.4 13 210   M    M   0        17 230
28  87  55  71   2   0   6 0.00  0.0    0  6.2 14  20   M    M   0        21  40
29  73  49  61  -7   4   0 0.00  0.0    0  5.0 15  60   M    M   0        19  50
30  78  46  62  -6   3   0 0.00  0.0    0  1.4  7 310   M    M   0 1      11  40
================================================================================
SM 2612 1949         7 346  2.10     0.0 231.6          M       46
================================================================================
AV 87.1 65.0                               7.7 FASTST   M    M   2    MAX(MPH)
                                 MISC ---->  # 26 270               # 41  330
================================================================================
NOTES:
# LAST OF SEVERAL OCCURRENCES

COLUMN 17 PEAK WIND IN M.P.H.

PRELIMINARY LOCAL CLIMATOLOGICAL DATA (WS FORM: F-6) , PAGE 2

                                          STATION:  GUTHRIE MUNICIPAL
                                          MONTH:    SEPTEMBER
                                          YEAR:     2016
                                          LATITUDE:   35 50 N
                                          LONGITUDE:  97 25 W

[TEMPERATURE DATA]      [PRECIPITATION DATA]       SYMBOLS USED IN COLUMN 16

AVERAGE MONTHLY: 76.0   TOTAL FOR MONTH:   2.10    1 = FOG OR MIST
DPTR FM NORMAL:   2.2   DPTR FM NORMAL:   -1.56    2 = FOG REDUCING VISIBILITY
HIGHEST:    98 ON 19    GRTST 24HR  1.26 ON 31- 1      TO 1/4 MILE OR LESS
LOWEST:     46 ON 30                               3 = THUNDER
                        SNOW, ICE PELLETS, HAIL    4 = ICE PELLETS
                        TOTAL MONTH:   0.0 INCH    5 = HAIL
                        GRTST 24HR     0.0         6 = FREEZING RAIN OR DRIZZLE
                        GRTST DEPTH:   0           7 = DUSTSTORM OR SANDSTORM:
                                                       VSBY 1/2 MILE OR LESS
                                                   8 = SMOKE OR HAZE
[NO. OF DAYS WITH]      [WEATHER - DAYS WITH]      9 = BLOWING SNOW
                                                   X = TORNADO
MAX 32 OR BELOW:   0    0.01 INCH OR MORE:   9
MAX 90 OR ABOVE:  14    0.10 INCH OR MORE:   5
MIN 32 OR BELOW:   0    0.50 INCH OR MORE:   1
MIN  0 OR BELOW:   0    1.00 INCH OR MORE:   1

[HDD (BASE 65) ]
TOTAL THIS MO.     7    CLEAR  (SCALE 0-3)  24
DPTR FM NORMAL   -12    PTCLDY (SCALE 4-7)   6
TOTAL FM JUL 1     7    CLOUDY (SCALE 8-10)  0
DPTR FM NORMAL   -12

[CDD (BASE 65) ]
TOTAL THIS MO.   346
DPTR FM NORMAL    63    [PRESSURE DATA]
TOTAL FM JAN 1  2235    HIGHEST SLP M ON M
DPTR FM NORMAL   236    LOWEST  SLP 29.77 ON  8

[REMARKS]
#FINAL-09-16#
