000
CXUS53 KGRB 260741
CF6GRB
PRELIMINARY LOCAL CLIMATOLOGICAL DATA (WS FORM: F-6)

                                          STATION:   GREEN BAY WI
                                          MONTH:     MAY
                                          YEAR:      2015
                                          LATITUDE:   44 28 N
                                          LONGITUDE:  88  8 W

  TEMPERATURE IN F:       :PCPN:    SNOW:  WIND      :SUNSHINE: SKY     :PK WND
================================================================================
1   2   3   4   5  6A  6B    7    8   9   10  11  12  13   14  15   16   17  18
                                     12Z  AVG MX 2MIN
DY MAX MIN AVG DEP HDD CDD  WTR  SNW DPTH SPD SPD DIR MIN PSBL S-S WX    SPD DR
================================================================================

 1  71  36  54   4  11   0 0.00  0.0    0  5.0 14 210   M    M   1        18 220
 2  79  53  66  16   0   1 0.00  0.0    0  8.9 22 200   M    M   4        29 250
 3  79  53  66  15   0   1 0.05  0.0    0 11.5 24 200   M    M   2 13     32 180
 4  75  50  63  12   2   0 0.07  0.0    0  9.0 22 130   M    M   2 18     26 120
 5  66  49  58   7   7   0 0.00  0.0    0  8.0 18 110   M    M   1        23 100
 6  71  51  61   9   4   0 0.09  0.0    0  5.7 14 160   M    M   6 18     16 160
 7  86  49  68  16   0   3 0.00  0.0    0 10.9 30 200   M    M   0 18     38 190
 8  81  52  67  15   0   2 0.00  0.0    0 11.2 25  40   M    M   6 8      31  40
 9  63  47  55   2  10   0 0.00  0.0    0 12.6 23  40   M    M   8        28  40
10  53  42  48  -5  17   0    T  0.0    0 13.8 25  40   M    M   8 18     30  50
11  69  49  59   6   6   0 0.62  0.0    0  9.7 24 260   M    M   9 12     30 270
12  53  39  46  -8  19   0 0.01  0.0    0 13.5 23 260   M    M   9 1      34 320
13  58  36  47  -7  18   0 0.00  0.0    0  6.4 16  60   M    M   1        21 360
14  63  38  51  -3  14   0 0.08  0.0    0 10.5 21 150   M    M   2 1      25 140
15  69  49  59   4   6   0 0.07  0.0    0  5.5 13 140   M    M   9 18     18 140
16  72  52  62   7   3   0 0.00  0.0    0  7.4 16  60   M    M   6 128    19  60
17  74  56  65  10   0   0 0.22  0.0    0 11.9 30 160   M    M   6 1238   37 150
18  70  49  60   4   5   0 0.00  0.0    0 15.5 30 260   M    M   4        37 260
19  55  37  46 -10  19   0 0.00  0.0    0 11.1 22 320   M    M   6 8      31  10
20  59  33  46 -10  19   0 0.00  0.0    0  6.1 15 210   M    M   0        19 210
21  76  41  59   2   6   0 0.02    M    0 10.1 26 320   M    M   2        34 280
22  71  37  54  -3  11   0 0.00  0.0    0  5.3 21 140   M    M   0        24 150
23  79  40  60   3   5   0 0.00  0.0    0  6.7 16 200   M    M   0        22 220
24  72  54  63   5   2   0 1.24  0.0    0  6.9 20 200   M    M   6 1      25 180
25  78  58  68  10   0   3 0.11  0.0    0  9.3 23 290   M    M   8 1      32 300
================================================================================
SM 1742 1150       184  10  2.58     0.0 232.5          M      106
================================================================================
AV 69.7 46.0                               9.3 FASTST   M    M   4    MAX(MPH)
                                 MISC ---->  # 30 200               # 38  190
================================================================================
NOTES:
# LAST OF SEVERAL OCCURRENCES

COLUMN 17 PEAK WIND IN M.P.H.

PRELIMINARY LOCAL CLIMATOLOGICAL DATA (WS FORM: F-6) , PAGE 2

                                          STATION:  GREEN BAY WI
                                          MONTH:    MAY
                                          YEAR:     2015
                                          LATITUDE:   44 28 N
                                          LONGITUDE:  88  8 W

[TEMPERATURE DATA]      [PRECIPITATION DATA]       SYMBOLS USED IN COLUMN 16

AVERAGE MONTHLY: 57.8   TOTAL FOR MONTH:   2.58    1 = FOG OR MIST
DPTR FM NORMAL:   3.8   DPTR FM NORMAL:    0.33    2 = FOG REDUCING VISIBILITY
HIGHEST:    86 ON  7    GRTST 24HR  1.34 ON 24-25      TO 1/4 MILE OR LESS
LOWEST:     33 ON 20                               3 = THUNDER
                        SNOW, ICE PELLETS, HAIL    4 = ICE PELLETS
                        TOTAL MONTH:   0.0 INCH    5 = HAIL
                        GRTST 24HR     0.0         6 = FREEZING RAIN OR DRIZZLE
                        GRTST DEPTH:   0           7 = DUSTSTORM OR SANDSTORM:
                                                       VSBY 1/2 MILE OR LESS
                                                   8 = SMOKE OR HAZE
[NO. OF DAYS WITH]      [WEATHER - DAYS WITH]      9 = BLOWING SNOW
                                                   X = TORNADO
MAX 32 OR BELOW:   0    0.01 INCH OR MORE:  11
MAX 90 OR ABOVE:   0    0.10 INCH OR MORE:   4
MIN 32 OR BELOW:   0    0.50 INCH OR MORE:   2
MIN  0 OR BELOW:   0    1.00 INCH OR MORE:   1

[HDD (BASE 65) ]
TOTAL THIS MO.   184    CLEAR  (SCALE 0-3)  11
DPTR FM NORMAL  -100    PTCLDY (SCALE 4-7)  11
TOTAL FM JUL 1  7754    CLOUDY (SCALE 8-10)  3
DPTR FM NORMAL   -67

[CDD (BASE 65) ]
TOTAL THIS MO.    10
DPTR FM NORMAL     2    [PRESSURE DATA]
TOTAL FM JAN 1    10    HIGHEST SLP M ON M
DPTR FM NORMAL     0    LOWEST  SLP 29.65 ON 11

[REMARKS]
