000
CXUS53 KGID 270730
CF6GRI
PRELIMINARY LOCAL CLIMATOLOGICAL DATA (WS FORM: F-6)

                                          STATION:   GRAND ISLAND NE
                                          MONTH:     FEBRUARY
                                          YEAR:      2015
                                          LATITUDE:   40 58 N
                                          LONGITUDE:  98 19 W

  TEMPERATURE IN F:       :PCPN:    SNOW:  WIND      :SUNSHINE: SKY     :PK WND
================================================================================
1   2   3   4   5  6A  6B    7    8   9   10  11  12  13   14  15   16   17  18
                                     12Z  AVG MX 2MIN
DY MAX MIN AVG DEP HDD CDD  WTR  SNW DPTH SPD SPD DIR MIN PSBL S-S WX    SPD DR
================================================================================

 1  29  -2  14 -12  51   0 0.15  1.9    4 25.0 37 340   M    M   8 129    45 340
 2  26  -9   9 -17  56   0 0.00  0.0    5 10.4 24 210   M    M   0 18     30 220
 3  45   9  27   1  38   0 0.00  0.0    5  8.1 17 170   M    M   2 1      21 170
 4  25  -8   9 -17  56   0 0.41  6.1    5 15.0 31 360   M    M   5 189    39 360
 5  33  -7  13 -14  52   0 0.00  0.0    7 13.8 25 210   M    M   0        33 210
 6  54  32  43  16  22   0 0.00  0.0    5  9.5 21 190   M    M   0        27 200
 7  59  35  47  20  18   0 0.00  0.0    2 11.5 24 270   M    M   0        29 270
 8  64  31  48  21  17   0 0.00  0.0    0 10.7 20 290   M    M   0 1      24 290
 9  40  29  35   8  30   0 0.00  0.0    0  9.4 22 170   M    M  10 12     30 170
10  55  33  44  16  21   0 0.00  0.0    0 11.0 20 360   M    M   7 128    25 210
11  41  24  33   5  32   0 0.00  0.0    0 17.0 31 350   M    M   5        36 340
12  24   8  16 -12  49   0    T    T    0 11.0 22  40   M    M   3        27  20
13  59  20  40  12  25   0 0.00  0.0    0  9.8 21 320   M    M   1        26 320
14  41  16  29   0  36   0 0.00  0.0    0 13.0 25  40   M    M   4        32  40
15  21  13  17 -12  48   0 0.00  0.0    0  7.0 14 120   M    M   7        18 110
16  39  16  28  -1  37   0    T    T    0  6.0 18 340   M    M   7        22 320
17  30   4  17 -13  48   0 0.13  3.1    T 12.2 32 360   M    M   4 128    37 360
18  18   2  10 -20  55   0 0.00  0.0    2 11.3 24 330   M    M   2        28 320
19  23  13  18 -12  47   0 0.00  0.0    1 11.0 20 140   M    M   7        26 170
20  46  11  29  -1  36   0 0.01  0.0    1  5.1 13 280   M    M   5        15 280
21  39  17  28  -3  37   0 0.00  0.0    T 12.8 24 360   M    M   6        30 360
22  19   2  11 -20  54   0    T    T    T 14.4 23 350   M    M   4 8      28 360
23  29   0  15 -17  50   0 0.00  0.0    0 11.3 24 230   M    M   0        31 230
24  50  17  34   2  31   0 0.00  0.0    0 12.3 25 340   M    M   0        30 340
25  43  11  27  -5  38   0    T    T    0 19.9 35 360   M    M   6 19     40 350
26  17   0   9 -24  56   0    T    T    T 14.2 30 350   M    M   2        36 350
================================================================================
SM  969  317      1040   0  0.70    11.1 312.7          M       95
================================================================================
AV 37.3 12.2                              12.0 FASTST   M    M   4    MAX(MPH)
                                 MISC ---->  # 37 340               # 45  340
================================================================================
NOTES:
# LAST OF SEVERAL OCCURRENCES

COLUMN 17 PEAK WIND IN M.P.H.

PRELIMINARY LOCAL CLIMATOLOGICAL DATA (WS FORM: F-6) , PAGE 2

                                          STATION:  GRAND ISLAND NE
                                          MONTH:    FEBRUARY
                                          YEAR:     2015
                                          LATITUDE:   40 58 N
                                          LONGITUDE:  98 19 W

[TEMPERATURE DATA]      [PRECIPITATION DATA]       SYMBOLS USED IN COLUMN 16

AVERAGE MONTHLY: 24.7   TOTAL FOR MONTH:   0.70    1 = FOG OR MIST
DPTR FM NORMAL:  -4.1   DPTR FM NORMAL:    0.08    2 = FOG REDUCING VISIBILITY
HIGHEST:    64 ON  8    GRTST 24HR  0.46 ON 31- 1      TO 1/4 MILE OR LESS
LOWEST:     -9 ON  2                               3 = THUNDER
                        SNOW, ICE PELLETS, HAIL    4 = ICE PELLETS
                        TOTAL MONTH:  11.1 INCHES  5 = HAIL
                        GRTST 24HR   6.1 ON   M    6 = FREEZING RAIN OR DRIZZLE
                        GRTST DEPTH:   7 ON  5     7 = DUSTSTORM OR SANDSTORM:
                                                       VSBY 1/2 MILE OR LESS
                                                   8 = SMOKE OR HAZE
[NO. OF DAYS WITH]      [WEATHER - DAYS WITH]      9 = BLOWING SNOW
                                                   X = TORNADO
MAX 32 OR BELOW:  11    0.01 INCH OR MORE:   4
MAX 90 OR ABOVE:   0    0.10 INCH OR MORE:   3
MIN 32 OR BELOW:  24    0.50 INCH OR MORE:   0
MIN  0 OR BELOW:   6    1.00 INCH OR MORE:   0

[HDD (BASE 65) ]
TOTAL THIS MO.  1040    CLEAR  (SCALE 0-3)  11
DPTR FM NORMAL    98    PTCLDY (SCALE 4-7)  14
TOTAL FM JUL 1  4632    CLOUDY (SCALE 8-10)  1
DPTR FM NORMAL   -66

[CDD (BASE 65) ]
TOTAL THIS MO.     0
DPTR FM NORMAL     0    [PRESSURE DATA]
TOTAL FM JAN 1     0    HIGHEST SLP M ON M
DPTR FM NORMAL     0    LOWEST  SLP 29.62 ON  7

[REMARKS]
