000
CXUS52 KRAH 281345
CF6GSO
PRELIMINARY LOCAL CLIMATOLOGICAL DATA (WS FORM: F-6)

                                          STATION:   PIEDMONT TRIAD INTL AIRPORT NC
                                          MONTH:     AUGUST
                                          YEAR:      2016
                                          LATITUDE:   36  4 N
                                          LONGITUDE:  79 57 W

  TEMPERATURE IN F:       :PCPN:    SNOW:  WIND      :SUNSHINE: SKY     :PK WND
================================================================================
1   2   3   4   5  6A  6B    7    8   9   10  11  12  13   14  15   16   17  18
                                     12Z  AVG MX 2MIN
DY MAX MIN AVG DEP HDD CDD  WTR  SNW DPTH SPD SPD DIR MIN PSBL S-S WX    SPD DR
================================================================================

 1  91  72  82   4   0  17 0.25  0.0    0  6.0 17 220   M    M   9 13     21 220
 2  87  73  80   2   0  15 0.58  0.0    0  5.5 16 260   M    M   9 13     18 260
 3  81  73  77  -1   0  12 1.00  0.0    0  7.6 16  90   M    M  10 12     18 120
 4  81  70  76  -2   0  11 0.01  0.0    0  7.5 14  70   M    M   9 1      16  70
 5  85  72  79   1   0  14 1.13  0.0    0  5.3 17 110   M    M   9 138    21 210
 6  91  72  82   4   0  17 0.00  0.0    0  5.8 16  50   M    M   7 13     21  50
 7  85  74  80   2   0  15 0.36  0.0    0  6.6 16  50   M    M   8 13     21  50
 8  80  70  75  -3   0  10 0.06  0.0    0  8.0 16  50   M    M  10 18     20  60
 9  88  69  79   1   0  14 0.36  0.0    0  6.0 21 130   M    M   7 12     26 130
10  87  72  80   2   0  15 0.02  0.0    0  3.6 22 170   M    M   7 1      24 160
11  89  73  81   3   0  16 0.00  0.0    0  5.1 12 170   M    M   6        14 200
12  90  74  82   4   0  17 0.00  0.0    0  7.2 52 240   M    M   3        52 240
13  92  76  84   6   0  19 0.00  0.0    0  8.6 20 220   M    M   3        23 210
14  94  75  85   7   0  20 0.00  0.0    0  7.0 14 270   M    M   4        19 280
15  93  75  84   6   0  19 0.00  0.0    0  6.2 16 160   M    M   5        20 170
16  93  75  84   7   0  19 0.00  0.0    0  7.7 15 240   M    M   5        23 230
17  94  72  83   6   0  18 0.25  0.0    0  6.8 22 280   M    M   5 13     28 280
18  90  73  82   5   0  17    T  0.0    0  5.3 13 320   M    M   8        18 310
19  87  73  80   3   0  15    T  0.0    0  5.2 20 320   M    M   8        24 310
20  90  72  81   4   0  16    T  0.0    0  4.3 12 250   M    M   8        14 260
21  90  72  81   4   0  16 0.55  0.0    0  7.9 22 220   M    M   7 13     28 200
22  84  65  75  -2   0  10 0.00  0.0    0  3.7 14  30   M    M   3        19  30
23  86  66  76  -1   0  11 0.00  0.0    0  4.7 12  60   M    M   6        16 110
24  86  67  77   1   0  12 0.00  0.0    0  6.4 10 210   M    M   7        14 140
25  91  68  80   4   0  15 0.00  0.0    0  5.3 10 270   M    M   6        13 250
26  94  73  84   8   0  19 0.00  0.0    0  5.1 14  40   M    M   4        18  50
27  94  73  84   8   0  19 0.40  0.0    0  4.8 24 110   M    M   4 138    32 150
================================================================================
SM 2393 1939         0 418  4.97     0.0 163.2          M      177
================================================================================
AV 88.6 71.8                               6.0 FASTST   M    M   7    MAX(MPH)
                                 MISC ---->  # 52 240               # 52  240
================================================================================
NOTES:
# LAST OF SEVERAL OCCURRENCES

COLUMN 17 PEAK WIND IN M.P.H.

PRELIMINARY LOCAL CLIMATOLOGICAL DATA (WS FORM: F-6) , PAGE 2

                                          STATION:  PIEDMONT TRIAD INTL AIRPORT NC
                                          MONTH:    AUGUST
                                          YEAR:     2016
                                          LATITUDE:   36  4 N
                                          LONGITUDE:  79 57 W

[TEMPERATURE DATA]      [PRECIPITATION DATA]       SYMBOLS USED IN COLUMN 16

AVERAGE MONTHLY: 80.2   TOTAL FOR MONTH:   4.97    1 = FOG OR MIST
DPTR FM NORMAL:   2.8   DPTR FM NORMAL:    1.59    2 = FOG REDUCING VISIBILITY
HIGHEST:    94 ON 27,26 GRTST 24HR  1.13 ON  5- 5      TO 1/4 MILE OR LESS
LOWEST:     65 ON 22                               3 = THUNDER
                        SNOW, ICE PELLETS, HAIL    4 = ICE PELLETS
                        TOTAL MONTH:   0.0 INCH    5 = HAIL
                        GRTST 24HR     0.0         6 = FREEZING RAIN OR DRIZZLE
                        GRTST DEPTH:   0           7 = DUSTSTORM OR SANDSTORM:
                                                       VSBY 1/2 MILE OR LESS
                                                   8 = SMOKE OR HAZE
[NO. OF DAYS WITH]      [WEATHER - DAYS WITH]      9 = BLOWING SNOW
                                                   X = TORNADO
MAX 32 OR BELOW:   0    0.01 INCH OR MORE:  12
MAX 90 OR ABOVE:  14    0.10 INCH OR MORE:   9
MIN 32 OR BELOW:   0    0.50 INCH OR MORE:   4
MIN  0 OR BELOW:   0    1.00 INCH OR MORE:   2

[HDD (BASE 65) ]
TOTAL THIS MO.     0    CLEAR  (SCALE 0-3)   2
DPTR FM NORMAL     0    PTCLDY (SCALE 4-7)  16
TOTAL FM JUL 1     0    CLOUDY (SCALE 8-10)  9
DPTR FM NORMAL     0

[CDD (BASE 65) ]
TOTAL THIS MO.   418
DPTR FM NORMAL    83    [PRESSURE DATA]
TOTAL FM JAN 1  1507    HIGHEST SLP M ON M
DPTR FM NORMAL   287    LOWEST  SLP 29.80 ON M

[REMARKS]
