000
CXUS52 KRAH 271345
CF6GSO
PRELIMINARY LOCAL CLIMATOLOGICAL DATA (WS FORM: F-6)

                                          STATION:   PIEDMONT TRIAD INTL AIRPORT NC
                                          MONTH:     MARCH
                                          YEAR:      2015
                                          LATITUDE:   36  4 N
                                          LONGITUDE:  79 57 W

  TEMPERATURE IN F:       :PCPN:    SNOW:  WIND      :SUNSHINE: SKY     :PK WND
================================================================================
1   2   3   4   5  6A  6B    7    8   9   10  11  12  13   14  15   16   17  18
                                     12Z  AVG MX 2MIN
DY MAX MIN AVG DEP HDD CDD  WTR  SNW DPTH SPD SPD DIR MIN PSBL S-S WX    SPD DR
================================================================================

 1  37  29  33 -13  32   0 0.16  0.0    2  4.6 12 250   M    M  10 16     14 250
 2  60  36  48   2  17   0 0.00  0.0    0  8.5 23 330   M    M   8 12     30 300
 3  43  36  40  -6  25   0 0.13  0.0    0  5.8 12 220   M    M  10 18     14 210
 4  73  38  56  10   9   0    T  0.0    0 14.8 28 210   M    M   7 12     38 220
 5  65  30  48   1  17   0 0.94    T    0 11.1 24  50   M    M  10 1      30  50
 6  36  20  28 -19  37   0    T    T    0  5.1 15  50   M    M   3        18  60
 7  57  20  39  -8  26   0 0.00  0.0    0  6.6 18 260   M    M   0        23 280
 8  70  31  51   3  14   0 0.00  0.0    0  6.0 21 280   M    M   5        26 280
 9  63  48  56   8   9   0 0.00  0.0    0  8.1 20 240   M    M   9        26 240
10  71  50  61  13   4   0 0.01  0.0    0  6.0 18 210   M    M  10        23 210
11  73  57  65  17   0   0 0.04  0.0    0  5.6 15 310   M    M  10 1      26 310
12  66  48  57   8   8   0 0.00  0.0    0  8.1 18  60   M    M   6        23  70
13  52  40  46  -3  19   0 0.01    M    0  6.5 14 100   M    M  10 1      17 100
14  57  40  49   0  16   0 0.32  0.0    0  4.8 16 260   M    M   9 1      20 240
15  75  48  62  12   3   0 0.00  0.0    0 11.6 24 320   M    M   4        31 320
16  82  47  65  15   0   0 0.00  0.0    0  8.9 25 300   M    M   7        32 300
17  82  51  67  17   0   2 0.00  0.0    0 10.6 23 320   M    M   6        31 320
18  59  41  50  -1  15   0 0.00  0.0    0  5.2 15 360   M    M   5        22 360
19  51  40  46  -5  19   0 0.42  0.0    0  5.3 14  70   M    M  10 1      17  70
20  52  40  46  -5  19   0 0.22    M    0  2.8 10  70   M    M   9 1      12  60
21  69  39  54   3  11   0 0.00  0.0    0  4.5 14 230   M    M   8 12     23 250
22  70  48  59   7   6   0    T  0.0    0  3.3 12 190   M    M   9        15 180
23  60  45  53   1  12   0 0.00  0.0    0  7.5 18  70   M    M   5        25  80
24  66  40  53   1  12   0 0.00  0.0    0  4.9 13  70   M    M   6        15  70
25  63  46  55   2  10   0 0.02  0.0    0  4.9 14  70   M    M  10        16  70
26  74  53  64  11   1   0 0.12  0.0    0  8.9 22 220   M    M   9 12     29 210
================================================================================
SM 1626 1061       341   2  2.39    T    180.0          M      195
================================================================================
AV 62.5 40.8                               6.9 FASTST   M    M   8    MAX(MPH)
                                 MISC ---->  # 28 210               # 38  220
================================================================================
NOTES:
# LAST OF SEVERAL OCCURRENCES

COLUMN 17 PEAK WIND IN M.P.H.

PRELIMINARY LOCAL CLIMATOLOGICAL DATA (WS FORM: F-6) , PAGE 2

                                          STATION:  PIEDMONT TRIAD INTL AIRPORT NC
                                          MONTH:    MARCH
                                          YEAR:     2015
                                          LATITUDE:   36  4 N
                                          LONGITUDE:  79 57 W

[TEMPERATURE DATA]      [PRECIPITATION DATA]       SYMBOLS USED IN COLUMN 16

AVERAGE MONTHLY: 51.7   TOTAL FOR MONTH:   2.39    1 = FOG OR MIST
DPTR FM NORMAL:   2.4   DPTR FM NORMAL:   -0.72    2 = FOG REDUCING VISIBILITY
HIGHEST:    82 ON 17,16 GRTST 24HR  0.94 ON  5- 5      TO 1/4 MILE OR LESS
LOWEST:     20 ON  7, 6                            3 = THUNDER
                        SNOW, ICE PELLETS, HAIL    4 = ICE PELLETS
                        TOTAL MONTH:    T          5 = HAIL
                        GRTST 24HR    T  ON  6- 6  6 = FREEZING RAIN OR DRIZZLE
                        GRTST DEPTH:   2 ON  1     7 = DUSTSTORM OR SANDSTORM:
                                                       VSBY 1/2 MILE OR LESS
                                                   8 = SMOKE OR HAZE
[NO. OF DAYS WITH]      [WEATHER - DAYS WITH]      9 = BLOWING SNOW
                                                   X = TORNADO
MAX 32 OR BELOW:   0    0.01 INCH OR MORE:  11
MAX 90 OR ABOVE:   0    0.10 INCH OR MORE:   7
MIN 32 OR BELOW:   5    0.50 INCH OR MORE:   1
MIN  0 OR BELOW:   0    1.00 INCH OR MORE:   0

[HDD (BASE 65) ]
TOTAL THIS MO.   341    CLEAR  (SCALE 0-3)   1
DPTR FM NORMAL   -71    PTCLDY (SCALE 4-7)  12
TOTAL FM JUL 1  3426    CLOUDY (SCALE 8-10) 13
DPTR FM NORMAL   159

[CDD (BASE 65) ]
TOTAL THIS MO.     2
DPTR FM NORMAL     2    [PRESSURE DATA]
TOTAL FM JAN 1     2    HIGHEST SLP M ON M
DPTR FM NORMAL     2    LOWEST  SLP 29.66 ON 26

[REMARKS]
