000
CXUS52 KGSP 280817
CF6GSP
PRELIMINARY LOCAL CLIMATOLOGICAL DATA (WS FORM: F-6)

                                          STATION:   GREENVILLE-SPARTANBURG SC
                                          MONTH:     FEBRUARY
                                          YEAR:      2015
                                          LATITUDE:   34 54 N
                                          LONGITUDE:  82 13 W

  TEMPERATURE IN F:       :PCPN:    SNOW:  WIND      :SUNSHINE: SKY     :PK WND
================================================================================
1   2   3   4   5  6A  6B    7    8   9   10  11  12  13   14  15   16   17  18
                                     12Z  AVG MX 2MIN
DY MAX MIN AVG DEP HDD CDD  WTR  SNW DPTH SPD SPD DIR MIN PSBL S-S WX    SPD DR
================================================================================

 1  57  39  48   5  17   0 0.52  0.0    0  6.0 21 190   M    M   5 1      28 180
 2  55  28  42  -2  23   0 0.36  0.0    0 13.1 28 280   M    M   4 1      36 280
 3  48  21  35  -9  30   0 0.00  0.0    0  3.5 10 200   M    M   0        15 330
 4  53  28  41  -3  24   0 0.00  0.0    0  5.5 15 200   M    M   0        18 210
 5  49  28  39  -5  26   0 0.00  0.0    0  9.3 20 350   M    M   1        29 340
 6  48  18  33 -11  32   0 0.00  0.0    0  4.6 13 210   M    M   0        19 200
 7  64  30  47   3  18   0 0.00  0.0    0 10.4 23 210   M    M   0        30 220
 8  68  45  57  13   8   0 0.00  0.0    0 14.1 26 210   M    M   0        34 210
 9  56  51  54   9  11   0 0.46  0.0    0  5.6 13 220   M    M   9 1      15 210
10  59  37  48   3  17   0    T  0.0    0  7.2 16  10   M    M   4        24  30
11  58  29  44  -1  21   0 0.00  0.0    0  3.9 12 210   M    M   0        14 210
12  60  26  43  -2  22   0 0.00  0.0    0  8.0 26 360   M    M   0        41 360
13  42  23  33 -12  32   0 0.00  0.0    0  4.2 10 230   M    M   0        15 330
14  60  22  41  -5  24   0 0.00  0.0    0 13.6 33 280   M    M   2        46 270
15  40  17  29 -17  36   0 0.00  0.0    0  9.8 22 350   M    M   1        36 360
16  35  27  31 -15  34   0 0.87  1.0    0  7.5 15  30   M    M  10 146    19  30
17  35  28  32 -14  33   0 0.15    T    1  4.5 13  30   M    M   8 146    16  30
18  41  20  31 -15  34   0 0.00  0.0    1  9.7 26 250   M    M   4        38 220
19  30  12  21 -25  44   0 0.00  0.0    T  5.5 14 360   M    M   0        18 360
20  33   9  21 -26  44   0 0.00  0.0    T  4.0 12 190   M    M   3        14 180
21  44  30  37 -10  28   0 0.02    T    T  3.5 12 200   M    M  10        17 200
22  57  35  46  -1  19   0 0.42  0.0    0  3.3  9 190   M    M   9 1      12 230
23  57  37  47  -1  18   0 0.01    T    0  7.2 15 360   M    M  10 14     18 360
24  37  27  32 -16  33   0 0.06  1.0    T  6.6 15  30   M    M  10 18     19  10
25  41  27  34 -14  31   0 0.47  1.6    T  5.0 13  40   M    M   5 14     17  40
26  42  33  38 -10  27   0 0.12  0.1    2  4.9 16  20   M    M   9 14     22  20
27  53  31  42  -6  23   0 0.00  0.0    T  3.5 10 240   M    M   3 1      14 240
================================================================================
SM 1322  758       709   0  3.46     3.7 184.0          M      107
================================================================================
AV 49.0 28.1                               6.8 FASTST   M    M   4    MAX(MPH)
                                 MISC ---->  # 33 280               # 46  270
================================================================================
NOTES:
# LAST OF SEVERAL OCCURRENCES

COLUMN 17 PEAK WIND IN M.P.H.

PRELIMINARY LOCAL CLIMATOLOGICAL DATA (WS FORM: F-6) , PAGE 2

                                          STATION:  GREENVILLE-SPARTANBURG SC
                                          MONTH:    FEBRUARY
                                          YEAR:     2015
                                          LATITUDE:   34 54 N
                                          LONGITUDE:  82 13 W

[TEMPERATURE DATA]      [PRECIPITATION DATA]       SYMBOLS USED IN COLUMN 16

AVERAGE MONTHLY: 38.5   TOTAL FOR MONTH:   3.46    1 = FOG OR MIST
DPTR FM NORMAL:  -7.1   DPTR FM NORMAL:   -0.36    2 = FOG REDUCING VISIBILITY
HIGHEST:    68 ON  8    GRTST 24HR  1.02 ON 16-17      TO 1/4 MILE OR LESS
LOWEST:      9 ON 20                               3 = THUNDER
                        SNOW, ICE PELLETS, HAIL    4 = ICE PELLETS
                        TOTAL MONTH:   3.7 INCHES  5 = HAIL
                        GRTST 24HR   1.6 ON   M    6 = FREEZING RAIN OR DRIZZLE
                        GRTST DEPTH:   2 ON 26     7 = DUSTSTORM OR SANDSTORM:
                                                       VSBY 1/2 MILE OR LESS
                                                   8 = SMOKE OR HAZE
[NO. OF DAYS WITH]      [WEATHER - DAYS WITH]      9 = BLOWING SNOW
                                                   X = TORNADO
MAX 32 OR BELOW:   1    0.01 INCH OR MORE:  11
MAX 90 OR ABOVE:   0    0.10 INCH OR MORE:   8
MIN 32 OR BELOW:  20    0.50 INCH OR MORE:   2
MIN  0 OR BELOW:   0    1.00 INCH OR MORE:   0

[HDD (BASE 65) ]
TOTAL THIS MO.   709    CLEAR  (SCALE 0-3)  12
DPTR FM NORMAL   186    PTCLDY (SCALE 4-7)   7
TOTAL FM JUL 1  2587    CLOUDY (SCALE 8-10)  8
DPTR FM NORMAL   154

[CDD (BASE 65) ]
TOTAL THIS MO.     0
DPTR FM NORMAL     0    [PRESSURE DATA]
TOTAL FM JAN 1     0    HIGHEST SLP M ON M
DPTR FM NORMAL     0    LOWEST  SLP 29.55 ON  2

[REMARKS]
