000
CXUS52 KGSP 230817
CF6GSP
PRELIMINARY LOCAL CLIMATOLOGICAL DATA (WS FORM: F-6)

                                          STATION:   GREENVILLE-SPARTANBURG SC
                                          MONTH:     JANUARY
                                          YEAR:      2018
                                          LATITUDE:   34 54 N
                                          LONGITUDE:  82 13 W

  TEMPERATURE IN F:       :PCPN:    SNOW:  WIND      :SUNSHINE: SKY     :PK WND
================================================================================
1   2   3   4   5  6A  6B    7    8   9   10  11  12  13   14  15   16   17  18
                                     12Z  AVG MX 2MIN
DY MAX MIN AVG DEP HDD CDD  WTR  SNW DPTH SPD SPD DIR MIN PSBL S-S WX    SPD DR
================================================================================

 1  30  15  23 -19  42   0    T    T    0  8.8 16  50   M    M   5        24  40
 2  34   9  22 -20  43   0 0.00  0.0    0  2.1 10  80   M    M   0        14 110
 3  34  17  26 -16  39   0 0.00  0.0    0  1.8  8  20   M    M   1        11 290
 4  34  17  26 -16  39   0 0.00  0.0    0  8.6 21 350   M    M   0        29  10
 5  37  11  24 -18  41   0 0.00  0.0    0  3.5 12 260   M    M   0        16 230
 6  35  13  24 -18  41   0 0.00  0.0    0  2.0  9  40   M    M   0        12 270
 7  31  13  22 -20  43   0 0.00  0.0    0  3.1 10 130   M    M   0        12 200
 8  43  21  32 -10  33   0 0.02  0.0    0  3.0  7 180   M    M   7 1      11 170
 9  66  30  48   6  17   0 0.00  0.0    0  2.7 12 210   M    M   1 1      15 230
10  63  47  55  13  10   0    T  0.0    0  7.0 14  30   M    M  10        20  30
11  58  46  52  10  13   0 0.23  0.0    0  8.9 15  30   M    M  10 12     20  40
12  63  41  52  10  13   0 1.25  0.0    0 11.3 25 230   M    M   9 1      32 230
13  41  24  33  -9  32   0 0.00  0.0    0  9.3 18 230   M    M   2        27 350
14  37  20  29 -13  36   0 0.00  0.0    0  5.3 13  70   M    M   0        17  10
15  41  20  31 -11  34   0 0.00  0.0    0  3.3 10 200   M    M   0        17 200
16  50  22  36  -6  29   0 0.00  0.0    0  5.5 16 210   M    M   3        21 220
17  41  16  29 -13  36   0 0.29  3.1    1  5.5 13 360   M    M   8 1      17 360
18  44  16  30 -12  35   0 0.00  0.0    2  6.4 13 240   M    M   0        19 280
19  57  24  41  -1  24   0 0.00  0.0    1  3.0 10 230   M    M   0        13 210
20  64  28  46   4  19   0 0.00  0.0    T  5.1 13 230   M    M   0        21 330
21  70  35  53  11  12   0 0.00  0.0    0  2.9 12 190   M    M   0 18     17 160
22  60  40  50   8  15   0 0.15  0.0    0  2.6 15 170   M    M   5 1      20 170
================================================================================
SM 1033  525       646   0  1.94     3.1 111.7          M       61
================================================================================
AV 47.0 23.9                               5.1 FASTST   M    M   3    MAX(MPH)
                                 MISC ---->  # 25 230               # 32  230
================================================================================
NOTES:
# LAST OF SEVERAL OCCURRENCES

COLUMN 17 PEAK WIND IN M.P.H.

PRELIMINARY LOCAL CLIMATOLOGICAL DATA (WS FORM: F-6) , PAGE 2

                                          STATION:  GREENVILLE-SPARTANBURG SC
                                          MONTH:    JANUARY
                                          YEAR:     2018
                                          LATITUDE:   34 54 N
                                          LONGITUDE:  82 13 W

[TEMPERATURE DATA]      [PRECIPITATION DATA]       SYMBOLS USED IN COLUMN 16

AVERAGE MONTHLY: 35.4   TOTAL FOR MONTH:   1.94    1 = FOG OR MIST
DPTR FM NORMAL:  -6.6   DPTR FM NORMAL:   -0.79    2 = FOG REDUCING VISIBILITY
HIGHEST:    70 ON 21    GRTST 24HR  1.25 ON 12-12      TO 1/4 MILE OR LESS
LOWEST:      9 ON  2                               3 = THUNDER
                        SNOW, ICE PELLETS, HAIL    4 = ICE PELLETS
                        TOTAL MONTH:   3.1 INCHES  5 = HAIL
                        GRTST 24HR   3.1 ON 17-17  6 = FREEZING RAIN OR DRIZZLE
                        GRTST DEPTH:   2 ON 18     7 = DUSTSTORM OR SANDSTORM:
                                                       VSBY 1/2 MILE OR LESS
                                                   8 = SMOKE OR HAZE
[NO. OF DAYS WITH]      [WEATHER - DAYS WITH]      9 = BLOWING SNOW
                                                   X = TORNADO
MAX 32 OR BELOW:   2    0.01 INCH OR MORE:   5
MAX 90 OR ABOVE:   0    0.10 INCH OR MORE:   4
MIN 32 OR BELOW:  17    0.50 INCH OR MORE:   1
MIN  0 OR BELOW:   0    1.00 INCH OR MORE:   1

[HDD (BASE 65) ]
TOTAL THIS MO.   646    CLEAR  (SCALE 0-3)  15
DPTR FM NORMAL   140    PTCLDY (SCALE 4-7)   4
TOTAL FM JUL 1  1759    CLOUDY (SCALE 8-10)  3
DPTR FM NORMAL    50

[CDD (BASE 65) ]
TOTAL THIS MO.     0
DPTR FM NORMAL     0    [PRESSURE DATA]
TOTAL FM JAN 1     0    HIGHEST SLP M ON M
DPTR FM NORMAL     0    LOWEST  SLP 29.58 ON 12

[REMARKS]
