000
CXUS56 KTFX 311205
CF6GTF
PRELIMINARY LOCAL CLIMATOLOGICAL DATA (WS FORM: F-6)

                                          STATION:   GREAT FALLS MT
                                          MONTH:     AUGUST
                                          YEAR:      2015
                                          LATITUDE:   47 28 N
                                          LONGITUDE: 111 22 W

  TEMPERATURE IN F:       :PCPN:    SNOW:  WIND      :SUNSHINE: SKY     :PK WND
================================================================================
1   2   3   4   5  6A  6B    7    8   9   10  11  12  13   14  15   16   17  18
                                     12Z  AVG MX 2MIN
DY MAX MIN AVG DEP HDD CDD  WTR  SNW DPTH SPD SPD DIR MIN PSBL S-S WX    SPD DR
================================================================================

 1  97  51  74   5   0   9 0.00  0.0    0 10.0 21 300   M    M   0        29 270
 2  88  52  70   1   0   5 0.00  0.0    0  7.9 14 290   M    M   0        17 300
 3  96  55  76   7   0  11 0.00  0.0    0  6.5 22 260   M    M   0        27 260
 4  87  60  74   5   0   9    T  0.0    0  8.0 26 240   M    M   3        37 250
 5  80  49  65  -4   0   0 0.04  0.0    0  8.6 26 270   M    M   2        32 270
 6  78  49  64  -5   1   0 0.00  0.0    0 14.5 32 240   M    M   0        40 240
 7  80  43  62  -7   3   0 0.00  0.0    0  9.7 16 300   M    M   0        24 320
 8  76  45  61  -7   4   0 0.00  0.0    0  8.9 23 170   M    M   0        27 180
 9  89  54  72   4   0   7 0.00  0.0    0  7.1 15 230   M    M   0        19 230
10  94  56  75   7   0  10 0.00  0.0    0  7.8 18 260   M    M   0        22 260
11  97  58  78  10   0  13 0.00  0.0    0  5.3 14 130   M    M   0        18 130
12  92  56  74   6   0   9    T  0.0    0  7.9 23 220   M    M   1        30 230
13  99  68  84  16   0  19 0.00  0.0    0 11.9 24 220   M    M   0        32 220
14 100  62  81  14   0  16 0.16  0.0    0 11.1 39 260   M    M   1 3      56 270
15  79  51  65  -2   0   0    T  0.0    0 13.0 29 230   M    M   3 8      35 230
16  71  50  61  -6   4   0 0.00  0.0    0  8.1 16  70   M    M   5        19  70
17  68  46  57  -9   8   0    T  0.0    0  5.7 17  30   M    M   3        22  30
18  68  44  56 -10   9   0 0.04  0.0    0  8.9 22 360   M    M   7 1      28  10
19  85  46  66   0   0   1 0.00  0.0    0 11.2 21 210   M    M   2 8      26 240
20  88  56  72   6   0   7 0.00  0.0    0 11.0 25 260   M    M   6 8      31 260
21  85  39  62  -3   3   0 0.12  0.0    0 18.0 32 330   M    M   7 18     42 350
22  65  40  53 -12  12   0    T  0.0    0  9.1 18 300   M    M   4        22 300
23  82  39  61  -4   4   0 0.00  0.0    0  6.4 15 190   M    M   1 8      18 180
24  94  50  72   8   0   7 0.00  0.0    0  9.4 20 190   M    M   1 8      26 230
25  91  51  71   7   0   6 0.00  0.0    0  7.9 17  70   M    M   3 8      22  60
26  91  51  71   7   0   6 0.00  0.0    0  7.2 14  60   M    M   0 8      17  60
27  90  56  73  10   0   8 0.00  0.0    0  9.3 20 230   M    M   6 8      25 240
28  93  57  75  12   0  10 0.00  0.0    0 12.8 24 260   M    M   5 8      30 260
29  92  60  76  13   0  11 0.02  0.0    0  9.7 47 250   M    M   2 38     59 260
30  81  54  68   6   0   3    T  0.0    0 14.8 40 280   M    M   6 18     50 270
================================================================================
SM 2576 1548        48 167  0.38     0.0 287.7          M       68
================================================================================
AV 85.9 51.6                               9.6 FASTST   M    M   2    MAX(MPH)
                                 MISC ---->  # 47 250               # 59  260
================================================================================
NOTES:
# LAST OF SEVERAL OCCURRENCES

COLUMN 17 PEAK WIND IN M.P.H.

PRELIMINARY LOCAL CLIMATOLOGICAL DATA (WS FORM: F-6) , PAGE 2

                                          STATION:  GREAT FALLS MT
                                          MONTH:    AUGUST
                                          YEAR:     2015
                                          LATITUDE:   47 28 N
                                          LONGITUDE: 111 22 W

[TEMPERATURE DATA]      [PRECIPITATION DATA]       SYMBOLS USED IN COLUMN 16

AVERAGE MONTHLY: 68.7   TOTAL FOR MONTH:   0.38    1 = FOG OR MIST
DPTR FM NORMAL:   2.3   DPTR FM NORMAL:   -1.14    2 = FOG REDUCING VISIBILITY
HIGHEST:   100 ON 14    GRTST 24HR  0.16 ON 14-14      TO 1/4 MILE OR LESS
LOWEST:     39 ON 23,21                            3 = THUNDER
                        SNOW, ICE PELLETS, HAIL    4 = ICE PELLETS
                        TOTAL MONTH:   0.0 INCH    5 = HAIL
                        GRTST 24HR     0.0         6 = FREEZING RAIN OR DRIZZLE
                        GRTST DEPTH:   0           7 = DUSTSTORM OR SANDSTORM:
                                                       VSBY 1/2 MILE OR LESS
                                                   8 = SMOKE OR HAZE
[NO. OF DAYS WITH]      [WEATHER - DAYS WITH]      9 = BLOWING SNOW
                                                   X = TORNADO
MAX 32 OR BELOW:   0    0.01 INCH OR MORE:   5
MAX 90 OR ABOVE:  13    0.10 INCH OR MORE:   2
MIN 32 OR BELOW:   0    0.50 INCH OR MORE:   0
MIN  0 OR BELOW:   0    1.00 INCH OR MORE:   0

[HDD (BASE 65) ]
TOTAL THIS MO.    48    CLEAR  (SCALE 0-3)  21
DPTR FM NORMAL   -19    PTCLDY (SCALE 4-7)   9
TOTAL FM JUL 1    95    CLOUDY (SCALE 8-10)  0
DPTR FM NORMAL   -22

[CDD (BASE 65) ]
TOTAL THIS MO.   167
DPTR FM NORMAL    56    [PRESSURE DATA]
TOTAL FM JAN 1   391    HIGHEST SLP M ON M
DPTR FM NORMAL   117    LOWEST  SLP 29.55 ON 21

[REMARKS]
