000
CXUS56 KTFX 271205
CF6GTF
PRELIMINARY LOCAL CLIMATOLOGICAL DATA (WS FORM: F-6)

                                          STATION:   GREAT FALLS MT
                                          MONTH:     MARCH
                                          YEAR:      2017
                                          LATITUDE:   47 28 N
                                          LONGITUDE: 111 22 W

  TEMPERATURE IN F:       :PCPN:    SNOW:  WIND      :SUNSHINE: SKY     :PK WND
================================================================================
1   2   3   4   5  6A  6B    7    8   9   10  11  12  13   14  15   16   17  18
                                     12Z  AVG MX 2MIN
DY MAX MIN AVG DEP HDD CDD  WTR  SNW DPTH SPD SPD DIR MIN PSBL S-S WX    SPD DR
================================================================================

 1  44  15  30   0  35   0 0.08  1.8    1 18.9 36 230   M    M   5 1      46 220
 2  41  19  30   0  35   0 0.02  0.5    2 11.0 24 230   M    M   6 12     29 230
 3  55  33  44  14  21   0 0.00  0.0    T 15.9 31 230   M    M   0        38 240
 4  56  30  43  12  22   0 0.00  0.0    0 15.6 32 230   M    M   3        40 230
 5  39  17  28  -3  37   0 0.02  0.4    0  8.1 21 350   M    M   8 126    25 360
 6  39  15  27  -4  38   0 0.00  0.0    T 14.8 29 260   M    M   2        38 260
 7  39  21  30  -2  35   0 0.01  0.1    0 16.3 32 270   M    M   5 1      39 280
 8  46  13  30  -2  35   0 0.03  0.3    T 12.5 38 270   M    M   5 1      46 260
 9  13   6  10 -22  55   0 0.21  2.4    1  7.5 14 350   M    M  10 18     16 340
10  25   9  17 -15  48   0    T    T    3  5.2 15  50   M    M   5 1      17  60
11  23  11  17 -16  48   0    T  0.1    2  6.3 12  90   M    M   8 18     12  90
12  26  11  19 -14  46   0    T    T    2  6.1 13  20   M    M   5 168    15  20
13  57  15  36   3  29   0    T  0.0    1 14.8 28 230   M    M   4 6      33 230
14  63  43  53  19  12   0 0.02  0.0    0 15.3 32 240   M    M   4        38 240
15  66  49  58  24   7   0 0.00  0.0    0 19.9 32 250   M    M   2        40 260
16  56  25  41   7  24   0 0.00  0.0    0 19.0 36 240   M    M   1        44 240
17  59  23  41   7  24   0 0.00  0.0    0  7.3 15 220   M    M   3        18 210
18  75  40  58  23   7   0 0.00  0.0    0 13.8 38 230   M    M   4        52 230
19  59  24  42   7  23   0 0.00  0.0    0 15.6 29 280   M    M   1        43 300
20  45  20  33  -3  32   0 0.00  0.0    0 10.4 20  40   M    M   3        26  60
21  56  33  45   9  20   0 0.00  0.0    0  8.0 22 190   M    M   7        26 190
22  62  31  47  11  18   0 0.00  0.0    0 15.0 33 240   M    M   1        40 250
23  56  26  41   5  24   0 0.00  0.0    0 11.6 24 270   M    M   0        35 240
24  65  24  45   8  20   0 0.00  0.0    0 14.2 31 250   M    M   2        38 250
25  56  30  43   6  22   0 0.00  0.0    0 13.9 24 230   M    M   2        32 220
26  57  29  43   6  22   0 0.00  0.0    0 10.2 22 240   M    M   2        27 220
================================================================================
SM 1278  612       739   0  0.39     5.6 327.2          M       98
================================================================================
AV 49.2 23.5                              12.6 FASTST   M    M   4    MAX(MPH)
                                 MISC ---->  # 38 270               # 52  230
================================================================================
NOTES:
# LAST OF SEVERAL OCCURRENCES

COLUMN 17 PEAK WIND IN M.P.H.

PRELIMINARY LOCAL CLIMATOLOGICAL DATA (WS FORM: F-6) , PAGE 2

                                          STATION:  GREAT FALLS MT
                                          MONTH:    MARCH
                                          YEAR:     2017
                                          LATITUDE:   47 28 N
                                          LONGITUDE: 111 22 W

[TEMPERATURE DATA]      [PRECIPITATION DATA]       SYMBOLS USED IN COLUMN 16

AVERAGE MONTHLY: 36.4   TOTAL FOR MONTH:   0.39    1 = FOG OR MIST
DPTR FM NORMAL:   2.8   DPTR FM NORMAL:   -0.34    2 = FOG REDUCING VISIBILITY
HIGHEST:    75 ON 18    GRTST 24HR  0.21 ON  9- 9      TO 1/4 MILE OR LESS
LOWEST:      6 ON  9                               3 = THUNDER
                        SNOW, ICE PELLETS, HAIL    4 = ICE PELLETS
                        TOTAL MONTH:   5.6 INCHES  5 = HAIL
                        GRTST 24HR   2.4 ON   M    6 = FREEZING RAIN OR DRIZZLE
                        GRTST DEPTH:   3 ON 10     7 = DUSTSTORM OR SANDSTORM:
                                                       VSBY 1/2 MILE OR LESS
                                                   8 = SMOKE OR HAZE
[NO. OF DAYS WITH]      [WEATHER - DAYS WITH]      9 = BLOWING SNOW
                                                   X = TORNADO
MAX 32 OR BELOW:   4    0.01 INCH OR MORE:   7
MAX 90 OR ABOVE:   0    0.10 INCH OR MORE:   1
MIN 32 OR BELOW:  21    0.50 INCH OR MORE:   0
MIN  0 OR BELOW:   0    1.00 INCH OR MORE:   0

[HDD (BASE 65) ]
TOTAL THIS MO.   739    CLEAR  (SCALE 0-3)  12
DPTR FM NORMAL   -81    PTCLDY (SCALE 4-7)  13
TOTAL FM JUL 1  6437    CLOUDY (SCALE 8-10)  1
DPTR FM NORMAL   112

[CDD (BASE 65) ]
TOTAL THIS MO.     0
DPTR FM NORMAL     0    [PRESSURE DATA]
TOTAL FM JAN 1     0    HIGHEST SLP M ON M
DPTR FM NORMAL     0    LOWEST  SLP 29.33 ON  5

[REMARKS]
