000
CXUS56 KTFX 231205
CF6GTF
PRELIMINARY LOCAL CLIMATOLOGICAL DATA (WS FORM: F-6)

                                          STATION:   GREAT FALLS MT
                                          MONTH:     APRIL
                                          YEAR:      2017
                                          LATITUDE:   47 28 N
                                          LONGITUDE: 111 22 W

  TEMPERATURE IN F:       :PCPN:    SNOW:  WIND      :SUNSHINE: SKY     :PK WND
================================================================================
1   2   3   4   5  6A  6B    7    8   9   10  11  12  13   14  15   16   17  18
                                     12Z  AVG MX 2MIN
DY MAX MIN AVG DEP HDD CDD  WTR  SNW DPTH SPD SPD DIR MIN PSBL S-S WX    SPD DR
================================================================================

 1  58  35  47   8  18   0 0.00  0.0    0 16.9 29 250   M    M   1        36 240
 2  59  29  44   5  21   0 0.00  0.0    0 15.3 35 280   M    M   2        40 280
 3  38  24  31  -9  34   0 0.05  0.6    0 10.4 24 330   M    M  10 1      28 330
 4  52  21  37  -3  28   0 0.00  0.0    1 11.2 18 230   M    M   1        24 230
 5  64  25  45   5  20   0 0.00  0.0    0 14.9 29 230   M    M   1        34 230
 6  72  41  57  17   8   0    T  0.0    0 15.4 31 220   M    M   4        40 230
 7  69  38  54  13  11   0    T  0.0    0 13.0 44 240   M    M   3 8      54 220
 8  60  30  45   4  20   0 0.48  0.0    0  7.5 26 180   M    M   4 1      30 170
 9  37  27  32  -9  33   0 1.08  4.4    T  8.9 20 270   M    M   9 124    23 260
10  50  24  37  -5  28   0    T    T    4 14.0 24 190   M    M   2        30 260
11  53  31  42   0  23   0 0.00  0.0    0 11.9 21 240   M    M   0        25 240
12  55  38  47   5  18   0    T  0.0    0  9.2 15  90   M    M   9        19  90
13  66  33  50   8  15   0 0.49  0.0    0  9.4 29 310   M    M   4 12     35 300
14  54  36  45   2  20   0 0.12  0.0    0 16.4 32 250   M    M   3 1      38 250
15  51  27  39  -4  26   0 0.00  0.0    0 21.0 36 250   M    M   3        47 250
16  53  23  38  -5  27   0 0.00  0.0    0  8.6 21  80   M    M   0        24  60
17  56  36  46   3  19   0 0.04  0.0    0  8.1 23 250   M    M   6 8      28 260
18  63  35  49   5  16   0    T  0.0    0 11.7 28 310   M    M   3        35 310
19  62  32  47   3  18   0 0.00  0.0    0 10.4 22 240   M    M   1        28 230
20  64  27  46   2  19   0 0.10  0.0    0 10.1 28 180   M    M   3 1      34 190
21  44  38  41  -3  24   0 0.49  0.0    0 10.1 25 310   M    M  10 1      31 320
22  62  35  49   4  16   0 0.00  0.0    0  8.6 20 180   M    M   3 1      24 170
================================================================================
SM 1242  685       462   0  2.85     5.0 263.0          M       82
================================================================================
AV 56.5 31.1                              12.0 FASTST   M    M   4    MAX(MPH)
                                 MISC ---->  # 44 240               # 54  220
================================================================================
NOTES:
# LAST OF SEVERAL OCCURRENCES

COLUMN 17 PEAK WIND IN M.P.H.

PRELIMINARY LOCAL CLIMATOLOGICAL DATA (WS FORM: F-6) , PAGE 2

                                          STATION:  GREAT FALLS MT
                                          MONTH:    APRIL
                                          YEAR:     2017
                                          LATITUDE:   47 28 N
                                          LONGITUDE: 111 22 W

[TEMPERATURE DATA]      [PRECIPITATION DATA]       SYMBOLS USED IN COLUMN 16

AVERAGE MONTHLY: 43.8   TOTAL FOR MONTH:   2.85    1 = FOG OR MIST
DPTR FM NORMAL:   1.9   DPTR FM NORMAL:    1.85    2 = FOG REDUCING VISIBILITY
HIGHEST:    72 ON  6    GRTST 24HR  1.56 ON  8- 9      TO 1/4 MILE OR LESS
LOWEST:     21 ON  4                               3 = THUNDER
                        SNOW, ICE PELLETS, HAIL    4 = ICE PELLETS
                        TOTAL MONTH:   5.0 INCHES  5 = HAIL
                        GRTST 24HR   4.4 ON   M    6 = FREEZING RAIN OR DRIZZLE
                        GRTST DEPTH:   4 ON 10     7 = DUSTSTORM OR SANDSTORM:
                                                       VSBY 1/2 MILE OR LESS
                                                   8 = SMOKE OR HAZE
[NO. OF DAYS WITH]      [WEATHER - DAYS WITH]      9 = BLOWING SNOW
                                                   X = TORNADO
MAX 32 OR BELOW:   0    0.01 INCH OR MORE:   8
MAX 90 OR ABOVE:   0    0.10 INCH OR MORE:   6
MIN 32 OR BELOW:  12    0.50 INCH OR MORE:   1
MIN  0 OR BELOW:   0    1.00 INCH OR MORE:   1

[HDD (BASE 65) ]
TOTAL THIS MO.   462    CLEAR  (SCALE 0-3)  14
DPTR FM NORMAL   -45    PTCLDY (SCALE 4-7)   4
TOTAL FM JUL 1  6999    CLOUDY (SCALE 8-10)  4
DPTR FM NORMAL    34

[CDD (BASE 65) ]
TOTAL THIS MO.     0
DPTR FM NORMAL     0    [PRESSURE DATA]
TOTAL FM JAN 1     0    HIGHEST SLP M ON M
DPTR FM NORMAL     0    LOWEST  SLP 29.45 ON 13

[REMARKS]
