000
CXUS52 KFFC 301110
CF6GVL
PRELIMINARY LOCAL CLIMATOLOGICAL DATA (WS FORM: F-6)

                                          STATION:   GAINESVILLE
                                          MONTH:     JANUARY
                                          YEAR:      2015
                                          LATITUDE:   34 16 N
                                          LONGITUDE:  83 50 W

  TEMPERATURE IN F:       :PCPN:    SNOW:  WIND      :SUNSHINE: SKY     :PK WND
================================================================================
1   2   3   4   5  6A  6B    7    8   9   10  11  12  13   14  15   16   17  18
                                     12Z  AVG MX 2MIN
DY MAX MIN AVG DEP HDD CDD  WTR  SNW DPTH SPD SPD DIR MIN PSBL S-S WX    SPD DR
================================================================================

 1  52  30  41   0  24   0 0.02  0.0    M  6.2 13 240   M    M   3 8      16 230
 2  49  41  45   4  20   0 0.39  0.0    M  5.2 12  60   M    M  10 12     13 270
 3  50  47  49   8  16   0 0.58    M    M 10.0 16  80   M    M  10 12     21  80
 4  62  43  53  12  12   0 1.54  0.0    M  9.5 23 290   M    M   6 13     32 300
 5  50  32  41   0  24   0 0.00    M    M 10.3 18 310   M    M   1        26 310
 6  50  28  39  -2  26   0 0.00  0.0    M  9.8 23 270   M    M   0        32 270
 7  40  14  27 -14  38   0 0.00    M    M 13.9 25 310   M    M   1        35 320
 8  30   9  20 -21  45   0 0.00    M    M  5.6 18 320   M    M   0        23 330
 9  39  19  29 -12  36   0 0.00    M    M 10.3 18 250   M    M   0        24 260
10  43  21  32  -9  33   0 0.00    M    M  5.9 14 310   M    M   0        19 310
11  40  26  33  -8  32   0 0.12    M    M  7.3 13  60   M    M   6 1      17  80
12  47  39  43   2  22   0 0.06    M    M  4.6 13  80   M    M  10 12     17  90
13  47  37  42   1  23   0 0.01    M    M  9.8 18  80   M    M  10 12     25 100
14  46  33  40  -1  25   0 0.00    M    M  5.7 12 260   M    M   6 18     14 250
15  42  35  39  -2  26   0 0.03    M    M  5.0 10 260   M    M  10 18     13 280
16  53  30  42   0  23   0 0.00  0.0    M  7.6 15 240   M    M   0 1      19 250
17  56  33  45   3  20   0 0.00  0.0    M  5.8 13 140   M    M   0        22 140
18  57  37  47   5  18   0 0.00  0.0    M  9.3 24 290   M    M   2        32 300
19  63  37  50   8  15   0 0.00  0.0    M  7.6 18 260   M    M   0        24 240
20  64  42  53  11  12   0 0.00  0.0    M  7.1 14 240   M    M   0        19 240
21  64  41  53  11  12   0 0.00  0.0    M  7.1 17 280   M    M   0 8      23 290
22  53  36  45   3  20   0    T    M    M  2.5 10 100   M    M   5 8      12 100
23  47  38  43   1  22   0 0.89    M    M 11.2 22  80   M    M   9 1      32  80
24  46  37  42   0  23   0 0.01  0.0    M 13.0 21 280   M    M   4 1      31 290
25  57  32  45   3  20   0 0.01  0.0    M  7.7 16 250   M    M   3        21 240
26  45  32  39  -3  26   0 0.00  0.0    M 12.4 23 280   M    M   8        28 290
27  47  32  40  -2  25   0 0.00  0.0    M 11.4 22 340   M    M   6        31 300
28  54  28  41  -2  24   0 0.00    M    M  4.3 17 310   M    M   0        22 320
29  56  32  44   1  21   0    T  0.0    M  3.7 12 240   M    M   3 8      16 220
================================================================================
SM 1449  941       683   0  3.66     0.0 229.8          M      113
================================================================================
AV 50.0 32.4                               7.9 FASTST   M    M   4    MAX(MPH)
                                 MISC ---->  # 25 310               # 35  320
================================================================================
NOTES:
# LAST OF SEVERAL OCCURRENCES

COLUMN 17 PEAK WIND IN M.P.H.

PRELIMINARY LOCAL CLIMATOLOGICAL DATA (WS FORM: F-6) , PAGE 2

                                          STATION:  GAINESVILLE
                                          MONTH:    JANUARY
                                          YEAR:     2015
                                          LATITUDE:   34 16 N
                                          LONGITUDE:  83 50 W

[TEMPERATURE DATA]      [PRECIPITATION DATA]       SYMBOLS USED IN COLUMN 16

AVERAGE MONTHLY: 41.2   TOTAL FOR MONTH:   3.66    1 = FOG OR MIST
DPTR FM NORMAL:  -0.3   DPTR FM NORMAL:   -0.97    2 = FOG REDUCING VISIBILITY
HIGHEST:    64 ON 21,20 GRTST 24HR  2.03 ON  3- 4      TO 1/4 MILE OR LESS
LOWEST:      9 ON  8                               3 = THUNDER
                        SNOW, ICE PELLETS, HAIL    4 = ICE PELLETS
                        TOTAL MONTH:   0.0 INCH    5 = HAIL
                        GRTST 24HR     0.0         6 = FREEZING RAIN OR DRIZZLE
                        GRTST DEPTH:  M  ON   M    7 = DUSTSTORM OR SANDSTORM:
                                                       VSBY 1/2 MILE OR LESS
                                                   8 = SMOKE OR HAZE
[NO. OF DAYS WITH]      [WEATHER - DAYS WITH]      9 = BLOWING SNOW
                                                   X = TORNADO
MAX 32 OR BELOW:   1    0.01 INCH OR MORE:  11
MAX 90 OR ABOVE:   0    0.10 INCH OR MORE:   5
MIN 32 OR BELOW:  14    0.50 INCH OR MORE:   3
MIN  0 OR BELOW:   0    1.00 INCH OR MORE:   1

[HDD (BASE 65) ]
TOTAL THIS MO.   683    CLEAR  (SCALE 0-3)  15
DPTR FM NORMAL     1    PTCLDY (SCALE 4-7)   8
TOTAL FM JUL 1  1857    CLOUDY (SCALE 8-10)  6
DPTR FM NORMAL   -21

[CDD (BASE 65) ]
TOTAL THIS MO.     0
DPTR FM NORMAL     0    [PRESSURE DATA]
TOTAL FM JAN 1     0    HIGHEST SLP M ON M
DPTR FM NORMAL     0    LOWEST  SLP 29.67 ON 24

[REMARKS]
