000
CXUS52 KFFC 291110
CF6GVL
PRELIMINARY LOCAL CLIMATOLOGICAL DATA (WS FORM: F-6)

                                          STATION:   GAINESVILLE
                                          MONTH:     AUGUST
                                          YEAR:      2015
                                          LATITUDE:   34 16 N
                                          LONGITUDE:  83 50 W

  TEMPERATURE IN F:       :PCPN:    SNOW:  WIND      :SUNSHINE: SKY     :PK WND
================================================================================
1   2   3   4   5  6A  6B    7    8   9   10  11  12  13   14  15   16   17  18
                                     12Z  AVG MX 2MIN
DY MAX MIN AVG DEP HDD CDD  WTR  SNW DPTH SPD SPD DIR MIN PSBL S-S WX    SPD DR
================================================================================

 1  90  71  81   2   0  16 0.00  0.0    M  5.5 13 110   M    M   5        17 100
 2  92  68  80   1   0  15 0.00  0.0    M  4.6 15  90   M    M   1        19  90
 3  92  70  81   2   0  16 0.00  0.0    M  3.8  9 300   M    M   2        12 110
 4  96  71  84   5   0  19 0.00  0.0    M  3.7 12 240   M    M   0 8      15 240
 5  94  72  83   4   0  18 0.03  0.0    M  4.0 16 140   M    M   2 13     24 130
 6  88  71  80   1   0  15 1.45    M    M  6.5 20 250   M    M   5 13     27 280
 7  86  71  79   0   0  14 0.00    M    M  8.9 18 290   M    M   4        23 270
 8  88  70  79   0   0  14 0.00    M    M  4.6 10  80   M    M   2        15 100
 9  90  73  82   3   0  17 0.00    M    M  3.6 12  80   M    M   3        13  90
10  92  70  81   2   0  16 0.53    M    M  6.6 33 320   M    M   4 13     49 310
11  87  71  79   0   0  14 0.08    M    M  6.6 20 340   M    M   6 1      26 340
12  89  69  79   0   0  14 0.00    M    M  6.0 14 340   M    M   1        18 330
13  87  70  79   0   0  14 0.00    M    M  7.2 14  80   M    M   2        20  60
14  86  69  78   0   0  13 0.00    M    M  6.6 14  90   M    M   4        19 100
15  88  68  78   0   0  13 0.00    M    M  4.5 12  40   M    M   2 8      15  40
16  87  69  78   0   0  13 0.00    M    M  4.7 10 100   M    M   1        14 120
17  82  68  75  -3   0  10 3.00    M    M  5.7 22 300   M    M   7 13     26 290
18  81  69  75  -3   0  10 0.44    M    M  3.5 10 170   M    M   9 123    15 160
19  85  71  78   0   0  13 0.11  0.0    0  4.9 16 190   M    M   7 13     23 170
20  86  72  79   1   0  14    T    M    M  7.0 15 260   M    M   5 1      22 270
21  86  72  79   1   0  14 0.00  0.0    M  4.9  9 340   M    M   2        14 320
22  87  71  79   1   0  14 0.12  0.0    M  4.1 14 250   M    M   2 13     18 270
23  81  68  75  -3   0  10 1.11    M    M  4.6 15 290   M    M   4 13     19 300
24  89  70  80   2   0  15    T  0.0    M  6.4 14 340   M    M   2        20 290
25  86  63  75  -2   0  10 0.00  0.0    M  6.4 14 300   M    M   1        19 300
26  83  63  73  -4   0   8 0.00  0.0    M  5.4 15  60   M    M   1        21  60
27  82  68  75  -2   0  10 0.00  0.0    0  8.0 17  80   M    M   2        22  90
28  82  68  75  -2   0  10 0.00  0.0    0  7.4 14 110   M    M   5 1      24 360
================================================================================
SM 2442 1946         0 379  6.87     0.0 155.7          M       91
================================================================================
AV 87.2 69.5                               5.6 FASTST   M    M   3    MAX(MPH)
                                 MISC ---->  # 33 320               # 49  310
================================================================================
NOTES:
# LAST OF SEVERAL OCCURRENCES

COLUMN 17 PEAK WIND IN M.P.H.

PRELIMINARY LOCAL CLIMATOLOGICAL DATA (WS FORM: F-6) , PAGE 2

                                          STATION:  GAINESVILLE
                                          MONTH:    AUGUST
                                          YEAR:     2015
                                          LATITUDE:   34 16 N
                                          LONGITUDE:  83 50 W

[TEMPERATURE DATA]      [PRECIPITATION DATA]       SYMBOLS USED IN COLUMN 16

AVERAGE MONTHLY: 78.4   TOTAL FOR MONTH:   6.87    1 = FOG OR MIST
DPTR FM NORMAL:   0.0   DPTR FM NORMAL:    2.79    2 = FOG REDUCING VISIBILITY
HIGHEST:    96 ON  4    GRTST 24HR  3.00 ON 17-17      TO 1/4 MILE OR LESS
LOWEST:     63 ON 26,25                            3 = THUNDER
                        SNOW, ICE PELLETS, HAIL    4 = ICE PELLETS
                        TOTAL MONTH:   0.0 INCH    5 = HAIL
                        GRTST 24HR     0.0         6 = FREEZING RAIN OR DRIZZLE
                        GRTST DEPTH:   0           7 = DUSTSTORM OR SANDSTORM:
                                                       VSBY 1/2 MILE OR LESS
                                                   8 = SMOKE OR HAZE
[NO. OF DAYS WITH]      [WEATHER - DAYS WITH]      9 = BLOWING SNOW
                                                   X = TORNADO
MAX 32 OR BELOW:   0    0.01 INCH OR MORE:   9
MAX 90 OR ABOVE:   7    0.10 INCH OR MORE:   7
MIN 32 OR BELOW:   0    0.50 INCH OR MORE:   4
MIN  0 OR BELOW:   0    1.00 INCH OR MORE:   3

[HDD (BASE 65) ]
TOTAL THIS MO.     0    CLEAR  (SCALE 0-3)  15
DPTR FM NORMAL     0    PTCLDY (SCALE 4-7)  12
TOTAL FM JUL 1     0    CLOUDY (SCALE 8-10)  1
DPTR FM NORMAL     0

[CDD (BASE 65) ]
TOTAL THIS MO.   379
DPTR FM NORMAL     7    [PRESSURE DATA]
TOTAL FM JAN 1  1508    HIGHEST SLP M ON M
DPTR FM NORMAL   214    LOWEST  SLP 29.77 ON  7

[REMARKS]
