000
CXUS54 KFWD 230730
CF6GVT
PRELIMINARY LOCAL CLIMATOLOGICAL DATA (WS FORM: F-6)

                                          STATION:   GREENVILLE
                                          MONTH:     SEPTEMBER
                                          YEAR:      2014
                                          LATITUDE:   33  4 N
                                          LONGITUDE:  96  4 W

  TEMPERATURE IN F:       :PCPN:    SNOW:  WIND      :SUNSHINE: SKY     :PK WND
================================================================================
1   2   3   4   5  6A  6B    7    8   9   10  11  12  13   14  15   16   17  18
                                     12Z  AVG MX 2MIN
DY MAX MIN AVG DEP HDD CDD  WTR  SNW DPTH SPD SPD DIR MIN PSBL S-S WX    SPD DR
================================================================================

 1  93  75  84   1   0  19 0.00  0.0    0 12.4 17 150   M    M   4        24 180
 2  95  77  86   4   0  21 0.00  0.0    0  9.1 13 110   M    M   3        22  70
 3  97  73  85   3   0  20 0.00  0.0    0  8.7 14 170   M    M   2        20 180
 4  97  73  85   3   0  20 0.00  0.0    0  8.2 14 130   M    M   2        20 160
 5  95  72  84   2   0  19 0.00  0.0    0  4.2  9 140   M    M   1         M  M
 6  97  72  85   4   0  20 0.00  0.0    0  3.7 12  30   M    M   2 3      20  30
 7  86  70  78  -3   0  13 0.00  0.0    0  5.0 14 360   M    M   7        17 360
 8  95  70  83   3   0  18 0.00  0.0    0  3.0  9 150   M    M   2 1       M  M
 9  97  73  85   5   0  20 0.00  0.0    0  8.9 15 150   M    M   1        22 180
10  99  77  88   8   0  23 0.00  0.0    0 12.5 21 180   M    M   0        27 180
11  86  72  79   0   0  14 0.00  0.0    0  7.5 13 360   M    M   8         M  M
12  73  61  67 -12   0   2 0.22  0.0    0  9.4 18 350   M    M  10 3      24 350
13  68  57  63 -16   2   0 0.00  0.0    0  6.8 13 360   M    M  10        21 360
14  82  61  72  -6   0   7 0.00  0.0    0  1.8  5 360   M    M   5 1       M  M
15  88  68  78   0   0  13 0.00  0.0    0  2.2  8 160   M    M   1         M  M
16  90  72  81   3   0  16 0.00  0.0    0  1.2  7  60   M    M   2 8       M  M
17  91  70  81   4   0  16 0.00  0.0    0  2.6  9 160   M    M   1 1       M  M
18  88  70  79   2   0  14 0.00  0.0    0  4.3 14  20   M    M   3        18  20
19  90  64  77   1   0  12 0.00  0.0    0  4.3 12 120   M    M   4 12     16 120
20  91  70  81   5   0  16 0.00  0.0    0  4.6 14 160   M    M   1 1      21 170
21  93  64  79   3   0  14 0.00  0.0    0  2.0  8  10   M    M   1 1       M  M
22  86  63  75   0   0  10 0.12  0.0    0  5.8 14  50   M    M   2        18  50
================================================================================
SM 1977 1524         2 327  0.34     0.0 128.2          M       72
================================================================================
AV 89.9 69.3                               5.8 FASTST   M    M   3    MAX(MPH)
                                 MISC ---->    21   M               # 27  180
================================================================================
NOTES:
# LAST OF SEVERAL OCCURRENCES

COLUMN 17 PEAK WIND IN M.P.H.

PRELIMINARY LOCAL CLIMATOLOGICAL DATA (WS FORM: F-6) , PAGE 2

                                          STATION:  GREENVILLE
                                          MONTH:    SEPTEMBER
                                          YEAR:     2014
                                          LATITUDE:   33  4 N
                                          LONGITUDE:  96  4 W

[TEMPERATURE DATA]      [PRECIPITATION DATA]       SYMBOLS USED IN COLUMN 16

AVERAGE MONTHLY: 79.6   TOTAL FOR MONTH:   0.34    1 = FOG OR MIST
DPTR FM NORMAL:   0.4   DPTR FM NORMAL:   -2.02    2 = FOG REDUCING VISIBILITY
HIGHEST:    99 ON 10    GRTST 24HR  0.22 ON 12-12      TO 1/4 MILE OR LESS
LOWEST:     57 ON 13                               3 = THUNDER
                        SNOW, ICE PELLETS, HAIL    4 = ICE PELLETS
                        TOTAL MONTH:   0.0 INCH    5 = HAIL
                        GRTST 24HR     0.0         6 = FREEZING RAIN OR DRIZZLE
                        GRTST DEPTH:   0           7 = DUSTSTORM OR SANDSTORM:
                                                       VSBY 1/2 MILE OR LESS
                                                   8 = SMOKE OR HAZE
[NO. OF DAYS WITH]      [WEATHER - DAYS WITH]      9 = BLOWING SNOW
                                                   X = TORNADO
MAX 32 OR BELOW:   0    0.01 INCH OR MORE:   2
MAX 90 OR ABOVE:  14    0.10 INCH OR MORE:   2
MIN 32 OR BELOW:   0    0.50 INCH OR MORE:   0
MIN  0 OR BELOW:   0    1.00 INCH OR MORE:   0

[HDD (BASE 65) ]
TOTAL THIS MO.     2    CLEAR  (SCALE 0-3)  15
DPTR FM NORMAL     2    PTCLDY (SCALE 4-7)   5
TOTAL FM JUL 1     2    CLOUDY (SCALE 8-10)  2
DPTR FM NORMAL     2

[CDD (BASE 65) ]
TOTAL THIS MO.   327
DPTR FM NORMAL    13    [PRESSURE DATA]
TOTAL FM JAN 1  2039    HIGHEST SLP M ON M
DPTR FM NORMAL  -369    LOWEST  SLP M ON M

[REMARKS]
