000
CXUS54 KJAN 271200
CF6GWO
PRELIMINARY LOCAL CLIMATOLOGICAL DATA (WS FORM: F-6)

                                          STATION:   GREENWOOD
                                          MONTH:     FEBRUARY
                                          YEAR:      2015
                                          LATITUDE:   33 30 N
                                          LONGITUDE:  90  5 W

  TEMPERATURE IN F:       :PCPN:    SNOW:  WIND      :SUNSHINE: SKY     :PK WND
================================================================================
1   2   3   4   5  6A  6B    7    8   9   10  11  12  13   14  15   16   17  18
                                     12Z  AVG MX 2MIN
DY MAX MIN AVG DEP HDD CDD  WTR  SNW DPTH SPD SPD DIR MIN PSBL S-S WX    SPD DR
================================================================================

 1  66  41  54   9  11   0 0.22  0.0    0 14.4 29 160   M    M   9 1      38 160
 2  41  24  33 -12  32   0 0.00  0.0    0  8.5 20 340   M    M   6        28 330
 3  52  24  38  -7  27   0 0.00  0.0    0  2.2  9 180   M    M   0        10 170
 4  50  30  40  -5  25   0    T  0.0    0  3.4 10 170   M    M   3        12 180
 5  48  25  37  -8  28   0 0.00  0.0    0  9.3 17  40   M    M   4        25 360
 6  54  20  37  -8  28   0 0.00  0.0    0  2.4  8 270   M    M   0        11 230
 7  67  29  48   2  17   0 0.00  0.0    0  8.2 22 200   M    M   0        27 210
 8  72  47  60  14   5   0 0.00  0.0    0  8.8 21 220   M    M   7        28 200
 9  63  37  50   4  15   0 0.00  0.0    0  9.3 21 350   M    M   4 128    27 360
10  54  31  43  -3  22   0 0.00  0.0    0  7.6 20  20   M    M   4        23  20
11  61  28  45  -2  20   0 0.00  0.0    0  3.6 10 340   M    M   0 8      13 350
12  45  27  36 -11  29   0 0.00  0.0    0 11.5 20 340   M    M   0        30 330
13  46  26  36 -11  29   0 0.00  0.0    0  2.8 10  30   M    M   0        13  40
14  66  27  47   0  18   0 0.00  0.0    0  5.1 22  30   M    M   0        26  30
15  48  30  39  -9  26   0 0.00  0.0    0 11.4 22  50   M    M   1        28  40
16  44  26  35 -13  30   0 1.16    M    0  9.6 18 340   M    M  10 1      28 340
17  35  21  28 -20  37   0 0.00  0.0    0  7.6 16  10   M    M   3        21 360
18  42  26  34 -14  31   0 0.00  0.0    0  8.8 18 300   M    M   1        28 300
19  33  17  25 -24  40   0 0.00  0.0    0  5.6 14 360   M    M   3        20 360
20  55  25  40  -9  25   0 0.13    M    0 10.4 28 180   M    M  10        39 180
21  65  42  54   5  11   0 1.64  0.0    0 16.7 32 190   M    M  10 13     38 180
22  45  36  41  -9  24   0 0.84  0.0    0 10.4 21  20   M    M  10 1      30  30
23  36  26  31 -19  34   0 0.16    M    0 12.5 23  20   M    M  10 14     29  30
24  37  25  31 -19  34   0 0.00  0.0    0  4.7 13  20   M    M   6        16  20
25  34  30  32 -18  33   0 0.80    M    0  3.8 13  80   M    M   7 12     16  80
26   M   M   M   M   M   M    M    M    M   M   M   M   M    M   M         M  M
================================================================================
SM 1259  720       631   0  4.95     0.0 198.6          M      108
================================================================================
AV 50.4 28.8                               7.9 FASTST   M    M   4    MAX(MPH)
                                 MISC ---->  # 32 190               # 39  180
================================================================================
NOTES:
# LAST OF SEVERAL OCCURRENCES

COLUMN 17 PEAK WIND IN M.P.H.

PRELIMINARY LOCAL CLIMATOLOGICAL DATA (WS FORM: F-6) , PAGE 2

                                          STATION:  GREENWOOD
                                          MONTH:    FEBRUARY
                                          YEAR:     2015
                                          LATITUDE:   33 30 N
                                          LONGITUDE:  90  5 W

[TEMPERATURE DATA]      [PRECIPITATION DATA]       SYMBOLS USED IN COLUMN 16

AVERAGE MONTHLY: 39.6   TOTAL FOR MONTH:   4.95    1 = FOG OR MIST
DPTR FM NORMAL:  -7.8   DPTR FM NORMAL:    0.83    2 = FOG REDUCING VISIBILITY
HIGHEST:    72 ON  8    GRTST 24HR  1.64 ON 21-21      TO 1/4 MILE OR LESS
LOWEST:     17 ON 19                               3 = THUNDER
                        SNOW, ICE PELLETS, HAIL    4 = ICE PELLETS
                        TOTAL MONTH:   0.0 INCH    5 = HAIL
                        GRTST 24HR     0.0         6 = FREEZING RAIN OR DRIZZLE
                        GRTST DEPTH:   0           7 = DUSTSTORM OR SANDSTORM:
                                                       VSBY 1/2 MILE OR LESS
                                                   8 = SMOKE OR HAZE
[NO. OF DAYS WITH]      [WEATHER - DAYS WITH]      9 = BLOWING SNOW
                                                   X = TORNADO
MAX 32 OR BELOW:   0    0.01 INCH OR MORE:   7
MAX 90 OR ABOVE:   0    0.10 INCH OR MORE:   7
MIN 32 OR BELOW:  20    0.50 INCH OR MORE:   4
MIN  0 OR BELOW:   0    1.00 INCH OR MORE:   2

[HDD (BASE 65) ]
TOTAL THIS MO.   631    CLEAR  (SCALE 0-3)  12
DPTR FM NORMAL   167    PTCLDY (SCALE 4-7)   7
TOTAL FM JUL 1  2432    CLOUDY (SCALE 8-10)  6
DPTR FM NORMAL   229

[CDD (BASE 65) ]
TOTAL THIS MO.     0
DPTR FM NORMAL     0    [PRESSURE DATA]
TOTAL FM JAN 1     0    HIGHEST SLP M ON M
DPTR FM NORMAL    -2    LOWEST  SLP 29.72 ON 16

[REMARKS]
