000
CXUS54 KOUN 240700
CF6HBR
PRELIMINARY LOCAL CLIMATOLOGICAL DATA (WS FORM: F-6)

                                          STATION:   HOBART
                                          MONTH:     SEPTEMBER
                                          YEAR:      2016
                                          LATITUDE:   35  0 N
                                          LONGITUDE:  99  3 W

  TEMPERATURE IN F:       :PCPN:    SNOW:  WIND      :SUNSHINE: SKY     :PK WND
================================================================================
1   2   3   4   5  6A  6B    7    8   9   10  11  12  13   14  15   16   17  18
                                     12Z  AVG MX 2MIN
DY MAX MIN AVG DEP HDD CDD  WTR  SNW DPTH SPD SPD DIR MIN PSBL S-S WX    SPD DR
================================================================================

 1  85  70  78  -1   0  13 0.00  0.0    0  8.7 16  60   M    M   6        20  70
 2  85  70  78  -1   0  13 0.00  0.0    0  6.9 15 120   M    M   8 1      17 120
 3  90  67  79   1   0  14 0.00  0.0    0 12.1 22 160   M    M   2        26 150
 4  94  71  83   5   0  18 0.00  0.0    0 17.1 28 200   M    M   1        32 190
 5  96  73  85   7   0  20 0.00  0.0    0 17.4 28 180   M    M   1 18     35 200
 6  95  73  84   6   0  19 0.00  0.0    0 17.9 28 200   M    M   3        35 180
 7  96  78  87  10   0  22 0.00  0.0    0 17.5 28 220   M    M   2        34 210
 8  97  76  87  10   0  22 0.00  0.0    0 14.6 25 190   M    M   0        34 190
 9  99  68  84   8   0  19 0.63  0.0    0 16.4 37  30   M    M   1 13     48  30
10  80  61  71  -5   0   6 0.56  0.0    0 11.8 24  20   M    M   1 13     31  20
11  85  57  71  -5   0   6 0.00  0.0    0 12.0 23 190   M    M   0        27 180
12  91  65  78   3   0  13 0.00  0.0    0 17.0 26 190   M    M   0        37 180
13  88  69  79   4   0  14 0.66  0.0    0 11.9 25 350   M    M   4 13     31 350
14  83  64  74   0   0   9 0.17  0.0    0  8.5 16 140   M    M   6 1      20 140
15  88  67  78   4   0  13    T  0.0    0  7.0 23 150   M    M   2 18     27 140
16  87  68  78   4   0  13 0.07  0.0    0  9.5 18 240   M    M   3        21 160
17  86  66  76   3   0  11 0.13  0.0    0  6.6 46 300   M    M   4 123    55 300
18  86  61  74   1   0   9 0.91  0.0    0  9.4 35 360   M    M   2 138    43 350
19  96  70  83  11   0  18 0.00  0.0    0  9.2 14 170   M    M   0        16 180
20  95  73  84  12   0  19 0.00  0.0    0  9.9 17 190   M    M   0        22 190
21  92  73  83  11   0  18 0.00  0.0    0 12.0 18 190   M    M   0 18     24 180
22  91  67  79   8   0  14 0.00  0.0    0 13.0 20 160   M    M   0        25 220
23  90  68  79   8   0  14 0.00  0.0    0 14.7 24 160   M    M   1        30 150
================================================================================
SM 2075 1575         0 337  3.13     0.0 281.1          M       47
================================================================================
AV 90.2 68.5                              12.2 FASTST   M    M   2    MAX(MPH)
                                 MISC ---->  # 46 300               # 55  300
================================================================================
NOTES:
# LAST OF SEVERAL OCCURRENCES

COLUMN 17 PEAK WIND IN M.P.H.

PRELIMINARY LOCAL CLIMATOLOGICAL DATA (WS FORM: F-6) , PAGE 2

                                          STATION:  HOBART
                                          MONTH:    SEPTEMBER
                                          YEAR:     2016
                                          LATITUDE:   35  0 N
                                          LONGITUDE:  99  3 W

[TEMPERATURE DATA]      [PRECIPITATION DATA]       SYMBOLS USED IN COLUMN 16

AVERAGE MONTHLY: 79.3   TOTAL FOR MONTH:   3.13    1 = FOG OR MIST
DPTR FM NORMAL:   4.2   DPTR FM NORMAL:    0.75    2 = FOG REDUCING VISIBILITY
HIGHEST:    99 ON  9    GRTST 24HR  1.19 ON  9-10      TO 1/4 MILE OR LESS
LOWEST:     57 ON 11                               3 = THUNDER
                        SNOW, ICE PELLETS, HAIL    4 = ICE PELLETS
                        TOTAL MONTH:   0.0 INCH    5 = HAIL
                        GRTST 24HR     0.0         6 = FREEZING RAIN OR DRIZZLE
                        GRTST DEPTH:   0           7 = DUSTSTORM OR SANDSTORM:
                                                       VSBY 1/2 MILE OR LESS
                                                   8 = SMOKE OR HAZE
[NO. OF DAYS WITH]      [WEATHER - DAYS WITH]      9 = BLOWING SNOW
                                                   X = TORNADO
MAX 32 OR BELOW:   0    0.01 INCH OR MORE:   7
MAX 90 OR ABOVE:  13    0.10 INCH OR MORE:   6
MIN 32 OR BELOW:   0    0.50 INCH OR MORE:   4
MIN  0 OR BELOW:   0    1.00 INCH OR MORE:   0

[HDD (BASE 65) ]
TOTAL THIS MO.     0    CLEAR  (SCALE 0-3)  18
DPTR FM NORMAL    -8    PTCLDY (SCALE 4-7)   5
TOTAL FM JUL 1     0    CLOUDY (SCALE 8-10)  0
DPTR FM NORMAL    -8

[CDD (BASE 65) ]
TOTAL THIS MO.   337
DPTR FM NORMAL    92    [PRESSURE DATA]
TOTAL FM JAN 1  2193    HIGHEST SLP M ON M
DPTR FM NORMAL   228    LOWEST  SLP 29.77 ON  8

[REMARKS]
