000
CXUS54 KOUN 280800
CF6HBR
PRELIMINARY LOCAL CLIMATOLOGICAL DATA (WS FORM: F-6)

                                          STATION:   HOBART
                                          MONTH:     FEBRUARY
                                          YEAR:      2015
                                          LATITUDE:   35  0 N
                                          LONGITUDE:  99  3 W

  TEMPERATURE IN F:       :PCPN:    SNOW:  WIND      :SUNSHINE: SKY     :PK WND
================================================================================
1   2   3   4   5  6A  6B    7    8   9   10  11  12  13   14  15   16   17  18
                                     12Z  AVG MX 2MIN
DY MAX MIN AVG DEP HDD CDD  WTR  SNW DPTH SPD SPD DIR MIN PSBL S-S WX    SPD DR
================================================================================

 1  44  23  34  -6  31   0    T    M    0 21.0 36 350   M    M   5 12     43 360
 2  34  16  25 -15  40   0 0.00  0.0    0  8.8 26  10   M    M   3        33  10
 3  56  25  41   1  24   0 0.00  0.0    0 13.8 25 180   M    M   0        29 190
 4  43  25  34  -6  31   0    T  0.0    0 15.0 21 190   M    M   2 126     M  M
 5   M   M   M   M   M   M    M    M    M   M   M   M   M    M   M         M  M
 6  63  25  44   4  21   0 0.00  0.0    M 19.2 31 200   M    M   0 1      36 200
 7  72  39  56  16   9   0 0.00  0.0    0 15.9 26 180   M    M   0        30 180
 8  80  40  60  19   5   0 0.00  0.0    0 10.8 26  20   M    M   0        31  20
 9  72  39  56  15   9   0 0.00  0.0    0  8.0 17 160   M    M   0        22 150
10  72  47  60  19   5   0 0.00  0.0    0 14.1 28 180   M    M   0        33 180
11  50  34  42   1  23   0    T  0.0    0 20.2 40  50   M    M   2        47  50
12  50  22  36  -6  29   0 0.00  0.0    0  8.5 18  60   M    M   1        23  50
13  72  30  51   9  14   0 0.00  0.0    0  9.2 16 220   M    M   0 8      23  10
14  78  32  55  13  10   0 0.00  0.0    0 10.4 22 240   M    M   0        26 240
15  44  23  34  -8  31   0    T    M    0 18.9 30  10   M    M   5 16     34 360
16  44  22  33  -9  32   0    T    M    0 12.1 26  10   M    M   6 168    33  10
17  51  26  39  -4  26   0 0.00  0.0    0  9.7 26 320   M    M   4        31 310
18  52  20  36  -7  29   0 0.00  0.0    0  7.5 17  70   M    M   1        22  70
19  57  19  38  -5  27   0 0.00  0.0    0 13.5 26 170   M    M   0        31 190
20  66  41  54  11  11   0 0.00  0.0    0 14.4 28 170   M    M   4 1      33 170
21  56  39  48   4  17   0 0.00  0.0    0 13.8 26  30   M    M   5 1      32  30
22  43  20  32 -12  33   0    T  0.0    0 22.9 38  40   M    M   9        46  40
23  22  18  20 -24  45   0    T    M    0 15.5 30  30   M    M   7 8      36  50
24  43  17  30 -14  35   0 0.00  0.0    0  6.1 14 190   M    M   3        17 280
25  62  29  46   1  19   0 0.00  0.0    0 10.6 32  30   M    M   4        40  30
26  38  21  30 -15  35   0 0.00  0.0    0 21.2 35  30   M    M   7        42  30
27  22  17  20 -25  45   0    T    M    0 14.2 24  60   M    M  10 18     28  60
================================================================================
SM 1386  709       636   0    T      0.0 355.3          M       78
================================================================================
AV 53.3 27.3                              13.7 FASTST   M    M   3    MAX(MPH)
                                 MISC ---->  # 40  50               # 47   50
================================================================================
NOTES:
# LAST OF SEVERAL OCCURRENCES

COLUMN 17 PEAK WIND IN M.P.H.

PRELIMINARY LOCAL CLIMATOLOGICAL DATA (WS FORM: F-6) , PAGE 2

                                          STATION:  HOBART
                                          MONTH:    FEBRUARY
                                          YEAR:     2015
                                          LATITUDE:   35  0 N
                                          LONGITUDE:  99  3 W

[TEMPERATURE DATA]      [PRECIPITATION DATA]       SYMBOLS USED IN COLUMN 16

AVERAGE MONTHLY: 40.3   TOTAL FOR MONTH:      T    1 = FOG OR MIST
DPTR FM NORMAL:  -1.8   DPTR FM NORMAL:   -1.04    2 = FOG REDUCING VISIBILITY
HIGHEST:    80 ON  8    GRTST 24HR  0.42 ON 31- 1      TO 1/4 MILE OR LESS
LOWEST:     16 ON  2                               3 = THUNDER
                        SNOW, ICE PELLETS, HAIL    4 = ICE PELLETS
                        TOTAL MONTH:   0.0 INCH    5 = HAIL
                        GRTST 24HR     0.0         6 = FREEZING RAIN OR DRIZZLE
                        GRTST DEPTH:   0           7 = DUSTSTORM OR SANDSTORM:
                                                       VSBY 1/2 MILE OR LESS
                                                   8 = SMOKE OR HAZE
[NO. OF DAYS WITH]      [WEATHER - DAYS WITH]      9 = BLOWING SNOW
                                                   X = TORNADO
MAX 32 OR BELOW:   2    0.01 INCH OR MORE:   0
MAX 90 OR ABOVE:   0    0.10 INCH OR MORE:   0
MIN 32 OR BELOW:  19    0.50 INCH OR MORE:   0
MIN  0 OR BELOW:   0    1.00 INCH OR MORE:   0

[HDD (BASE 65) ]
TOTAL THIS MO.   636    CLEAR  (SCALE 0-3)  15
DPTR FM NORMAL    19    PTCLDY (SCALE 4-7)   9
TOTAL FM JUL 1  2815    CLOUDY (SCALE 8-10)  2
DPTR FM NORMAL  -108

[CDD (BASE 65) ]
TOTAL THIS MO.     0
DPTR FM NORMAL     0    [PRESSURE DATA]
TOTAL FM JAN 1     0    HIGHEST SLP M ON M
DPTR FM NORMAL     0    LOWEST  SLP 29.66 ON 20

[REMARKS]
