000
CXUS53 KBIS 300744
CF6HEI
PRELIMINARY LOCAL CLIMATOLOGICAL DATA (WS FORM: F-6)

                                          STATION:   HETTINGER ND
                                          MONTH:     JULY
                                          YEAR:      2015
                                          LATITUDE:   46  0 N
                                          LONGITUDE: 102 39 W

  TEMPERATURE IN F:       :PCPN:    SNOW:  WIND      :SUNSHINE: SKY     :PK WND
================================================================================
1   2   3   4   5  6A  6B    7    8   9   10  11  12  13   14  15   16   17  18
                                     12Z  AVG MX 2MIN
DY MAX MIN AVG DEP HDD CDD  WTR  SNW DPTH SPD SPD DIR MIN PSBL S-S WX    SPD DR
================================================================================

 1  77  59  68   2   0   3    T    M    M  4.7 13 360   M    M   6 1238   16 340
 2  78  55  67   1   0   2 0.00    M    M  6.8 16 330   M    M   2 128    23 320
 3  84  53  69   3   0   4 0.00    M    M  5.0 13 120   M    M   1 128    19 120
 4  91  60  76   9   0  11 0.00    M    M  4.6 10  70   M    M   1 18     15 160
 5  79  57  68   1   0   3 0.02    M    M 11.9 35 330   M    M   7 138    42 320
 6  73  53  63  -4   2   0 0.00    M    M  7.5 13 340   M    M   6 18     17 320
 7  78  51  65  -2   0   0 0.02    M    M 10.3 24 150   M    M   3 138    30 140
 8  78  50  64  -4   1   0 0.00    M    M  7.0 16  20   M    M   2 12     20  20
 9  81  49  65  -3   0   0 0.00    M    M  7.9 18 180   M    M   0        23 180
10  85  56  71   3   0   6 0.00    M    M  9.2 20 150   M    M   0        27 130
11  89  61  75   7   0  10 0.00    M    M  6.2 13 240   M    M   0        16 140
12  91  55  73   5   0   8 0.00    M    M  8.7 22 290   M    M   0        29 290
13  90  56  73   5   0   8 0.00    M    M 11.0 28 300   M    M   0        35 290
14  88  52  70   1   0   5    T    M    M  3.9 15 220   M    M   1 1      18 220
15  88  60  74   5   0   9    T    M    M  5.4 18  70   M    M   2        23 230
16  86  60  73   4   0   8    T    M    M  8.4 23 270   M    M   2        30 270
17  73  54  64  -5   1   0    T    M    M 23.0 27 320   M    M   5 3      36 320
18  75  50  63  -6   2   0 0.00    M    M 13.6 33 290   M    M   2        41 300
19  88  49  69   0   0   4 0.00    M    M  9.9 23 270   M    M   1        30 260
20  80  49  65  -4   0   0 0.00    M    M  7.9 18 310   M    M   1        29  10
21  83  56  70   0   0   5    T    M    M 10.2 18 150   M    M   2 3      26 140
22  92  58  75   5   0  10 0.00    M    M  7.1 13 120   M    M   0        16 120
23  96  59  78   8   0  13 0.00    M    M  8.8 25 300   M    M   0 1      32 300
24  91  52  72   2   0   7 0.00    M    M  6.9 21 270   M    M   1 12     26 270
25  93  62  78   8   0  13    T    M    M  8.8 24 230   M    M   1        32 240
26  96  57  77   7   0  12 0.11    M    M 12.1 33 140   M    M   1 38     46 140
27  92  59  76   6   0  11    T    M    M 15.5 37 140   M    M   1 3      47 130
28  71  51  61  -9   4   0 0.00    M    M 26.6 44 280   M    M   4        55 270
29  83  46  65  -5   0   0 0.00    M    M 12.2 28 290   M    M   0        37 290
================================================================================
SM 2449 1589        10 152  0.15    M    281.1          M       52
================================================================================
AV 84.4 54.8                               9.7 FASTST   M    M   2    MAX(MPH)
                                 MISC ---->  # 44 280               # 55  270
================================================================================
NOTES:
# LAST OF SEVERAL OCCURRENCES

COLUMN 17 PEAK WIND IN M.P.H.

PRELIMINARY LOCAL CLIMATOLOGICAL DATA (WS FORM: F-6) , PAGE 2

                                          STATION:  HETTINGER ND
                                          MONTH:    JULY
                                          YEAR:     2015
                                          LATITUDE:   46  0 N
                                          LONGITUDE: 102 39 W

[TEMPERATURE DATA]      [PRECIPITATION DATA]       SYMBOLS USED IN COLUMN 16

AVERAGE MONTHLY: 69.6   TOTAL FOR MONTH:   0.15    1 = FOG OR MIST
DPTR FM NORMAL:   1.1   DPTR FM NORMAL:   -2.10    2 = FOG REDUCING VISIBILITY
HIGHEST:    96 ON 26,23 GRTST 24HR  0.11 ON 26-26      TO 1/4 MILE OR LESS
LOWEST:     46 ON 29                               3 = THUNDER
                        SNOW, ICE PELLETS, HAIL    4 = ICE PELLETS
                        TOTAL MONTH:    M          5 = HAIL
                        GRTST 24HR    M  ON   M    6 = FREEZING RAIN OR DRIZZLE
                        GRTST DEPTH:  M  ON   M    7 = DUSTSTORM OR SANDSTORM:
                                                       VSBY 1/2 MILE OR LESS
                                                   8 = SMOKE OR HAZE
[NO. OF DAYS WITH]      [WEATHER - DAYS WITH]      9 = BLOWING SNOW
                                                   X = TORNADO
MAX 32 OR BELOW:   0    0.01 INCH OR MORE:   3
MAX 90 OR ABOVE:   9    0.10 INCH OR MORE:   1
MIN 32 OR BELOW:   0    0.50 INCH OR MORE:   0
MIN  0 OR BELOW:   0    1.00 INCH OR MORE:   0

[HDD (BASE 65) ]
TOTAL THIS MO.    10    CLEAR  (SCALE 0-3)  24
DPTR FM NORMAL   -27    PTCLDY (SCALE 4-7)   5
TOTAL FM JUL 1    10    CLOUDY (SCALE 8-10)  0
DPTR FM NORMAL   -27

[CDD (BASE 65) ]
TOTAL THIS MO.   152
DPTR FM NORMAL    13    [PRESSURE DATA]
TOTAL FM JAN 1   191    HIGHEST SLP M ON M
DPTR FM NORMAL     2    LOWEST  SLP 29.55 ON M

[REMARKS]
