000
CXUS53 KBIS 160830
CF6HEI
PRELIMINARY LOCAL CLIMATOLOGICAL DATA (WS FORM: F-6)

                                          STATION:   HETTINGER ND
                                          MONTH:     JANUARY
                                          YEAR:      2018
                                          LATITUDE:   46  0 N
                                          LONGITUDE: 102 39 W

  TEMPERATURE IN F:       :PCPN:    SNOW:  WIND      :SUNSHINE: SKY     :PK WND
================================================================================
1   2   3   4   5  6A  6B    7    8   9   10  11  12  13   14  15   16   17  18
                                     12Z  AVG MX 2MIN
DY MAX MIN AVG DEP HDD CDD  WTR  SNW DPTH SPD SPD DIR MIN PSBL S-S WX    SPD DR
================================================================================

 1  -4 -45 -24 -40  89   0    T    M    M  5.1 16 280   M    M   4 18     20 280
 2  23  -8   8  -8  57   0 0.00    M    M 17.7 32 290   M    M   2        38 290
 3  29   9  19   3  46   0 0.00    M    M  3.7 18 320   M    M   6        22 330
 4  33   6  20   4  45   0 0.00    M    M  6.4 13 100   M    M   2 1      15 100
 5  13   9  11  -5  54   0    T    M    M 11.0 18 170   M    M  10 1      22 170
 6  38  11  25   9  40   0    T    M    M  8.3 17 270   M    M   5 1      20 270
 7  38  27  33  17  32   0 0.00    M    M 12.5 29 310   M    M   5        34 300
 8  42  22  32  16  33   0 0.00    M    M  1.6 12 200   M    M   3        13 200
 9  42  17  30  14  35   0 0.00    M    M  3.6 14 170   M    M   0        17 160
10  36  -4  16   0  49   0    T    M    M 19.9 35 330   M    M   8 128    42 320
11  -2 -18 -10 -26  75   0    T    M    M 13.6 31 320   M    M   4 8      36 320
12  -1 -18  -9 -25  74   0    T    M    M  4.6 12  90   M    M   8        14  90
13  20 -19   1 -15  64   0    T    M    M  8.0 17 300   M    M   5 18     23 300
14  30  -8  11  -5  54   0    T    M    M 18.5 35 330   M    M   5 19     41 320
15  -3 -23 -13 -29  78   0 0.00    M    M 11.9 24 330   M    M   0        28 330
================================================================================
SM  334  -42       825   0    T     M    146.4          M       67
================================================================================
AV 22.3 -2.8                               9.8 FASTST   M    M   4    MAX(MPH)
                                 MISC ---->  # 35 330               # 42  320
================================================================================
NOTES:
# LAST OF SEVERAL OCCURRENCES

COLUMN 17 PEAK WIND IN M.P.H.

PRELIMINARY LOCAL CLIMATOLOGICAL DATA (WS FORM: F-6) , PAGE 2

                                          STATION:  HETTINGER ND
                                          MONTH:    JANUARY
                                          YEAR:     2018
                                          LATITUDE:   46  0 N
                                          LONGITUDE: 102 39 W

[TEMPERATURE DATA]      [PRECIPITATION DATA]       SYMBOLS USED IN COLUMN 16

AVERAGE MONTHLY:  9.7   TOTAL FOR MONTH:      T    1 = FOG OR MIST
DPTR FM NORMAL:  -6.3   DPTR FM NORMAL:   -0.15    2 = FOG REDUCING VISIBILITY
HIGHEST:    42 ON  9, 8 GRTST 24HR    T  ON 14-14      TO 1/4 MILE OR LESS
LOWEST:    -45 ON  1                               3 = THUNDER
                        SNOW, ICE PELLETS, HAIL    4 = ICE PELLETS
                        TOTAL MONTH:    M          5 = HAIL
                        GRTST 24HR    M  ON   M    6 = FREEZING RAIN OR DRIZZLE
                        GRTST DEPTH:  M  ON   M    7 = DUSTSTORM OR SANDSTORM:
                                                       VSBY 1/2 MILE OR LESS
                                                   8 = SMOKE OR HAZE
[NO. OF DAYS WITH]      [WEATHER - DAYS WITH]      9 = BLOWING SNOW
                                                   X = TORNADO
MAX 32 OR BELOW:   9    0.01 INCH OR MORE:   0
MAX 90 OR ABOVE:   0    0.10 INCH OR MORE:   0
MIN 32 OR BELOW:  15    0.50 INCH OR MORE:   0
MIN  0 OR BELOW:   8    1.00 INCH OR MORE:   0

[HDD (BASE 65) ]
TOTAL THIS MO.   825    CLEAR  (SCALE 0-3)   5
DPTR FM NORMAL    90    PTCLDY (SCALE 4-7)   8
TOTAL FM JUL 1  4289    CLOUDY (SCALE 8-10)  2
DPTR FM NORMAL   -25

[CDD (BASE 65) ]
TOTAL THIS MO.     0
DPTR FM NORMAL     0    [PRESSURE DATA]
TOTAL FM JAN 1     0    HIGHEST SLP  0.00 ON M
DPTR FM NORMAL     0    LOWEST  SLP 29.43 ON 10

[REMARKS]
