000
CXUS55 KLOX 271155
CF6HHR
PRELIMINARY LOCAL CLIMATOLOGICAL DATA (WS FORM: F-6)

                                          STATION:   HAWTHORNE AIRPORT CA
                                          MONTH:     MAY
                                          YEAR:      2015
                                          LATITUDE:   33 55 N
                                          LONGITUDE: 118 20 W

  TEMPERATURE IN F:       :PCPN:    SNOW:  WIND      :SUNSHINE: SKY     :PK WND
================================================================================
1   2   3   4   5  6A  6B    7    8   9   10  11  12  13   14  15   16   17  18
                                     12Z  AVG MX 2MIN
DY MAX MIN AVG DEP HDD CDD  WTR  SNW DPTH SPD SPD DIR MIN PSBL S-S WX    SPD DR
================================================================================

 1  80  57  69   6   0   4 0.00  0.0    0  6.0 15 250   M    M   1        19 260
 2  72  60  66   2   0   1 0.00  0.0    0  8.2 20 260   M    M   0        24 250
 3  70  58  64   0   1   0 0.00  0.0    0  7.6 20 260   M    M   4        26 270
 4  67  58  63  -1   2   0 0.00  0.0    0  6.6 18 260   M    M   4        24 270
 5  67  59  63  -1   2   0 0.00  0.0    0  4.9 14 260   M    M   6        19 250
 6  67  59  63  -1   2   0 0.00  0.0    0  6.5 17 260   M    M   7        22 260
 7  65  55  60  -4   5   0 0.19  0.0    0  8.1 23 260   M    M   9        29 260
 8  66  52  59  -5   6   0 0.08  0.0    0  5.5 14 260   M    M   7 3      19 240
 9  67  57  62  -2   3   0 0.00  0.0    0  5.2 16 260   M    M   6        23 240
10  70  56  63  -1   2   0 0.00  0.0    0  5.4 16 270   M    M   0        19 260
11  72  59  66   2   0   1 0.00  0.0    0  5.0 16 260   M    M   0        21 260
12  71  59  65   1   0   0 0.00  0.0    0  6.2 16 140   M    M   5        23 130
13  69  58  64   0   1   0 0.00  0.0    0  6.7 16 260   M    M   5        19 260
14  66  57  62  -2   3   0 0.25  0.0    0  5.0 15 250   M    M   7        21 250
15  67  56  62  -3   3   0 0.02  0.0    0  6.2 22 260   M    M   4        29 260
16  71  56  64  -1   1   0 0.00  0.0    0  5.4 14 130   M    M   4        20 130
17  70  60  65   0   0   0 0.00  0.0    0  6.0 16 250   M    M   7        21 260
18  70  60  65   0   0   0 0.00  0.0    0  7.2 18 250   M    M   5 8      23 240
19  70  57  64  -1   1   0 0.00  0.0    0  5.9 16 260   M    M   1        23 270
20  71  59  65   0   0   0 0.00  0.0    0  5.9 16 260   M    M   2        21 260
21  69  59  64  -1   1   0 0.00  0.0    0  7.6 21 270   M    M   2        26 270
22  68  59  64  -1   1   0 0.00  0.0    0  9.5 16 260   M    M   6 8      21 260
23  69  59  64  -1   1   0 0.00  0.0    0  6.6 17 250   M    M   4        21 250
24  69  60  65   0   0   0 0.00  0.0    0  6.3 15 270   M    M   4        23 260
25  69  60  65   0   0   0 0.00  0.0    0  4.0 13 260   M    M   7        17 260
26  69  60  65   0   0   0 0.00  0.0    0  5.8 15 260   M    M  10        20 260
================================================================================
SM 1801 1509        35   6  0.54     0.0 163.3          M      117
================================================================================
AV 69.3 58.0                               6.3 FASTST   M    M   5    MAX(MPH)
                                 MISC ---->    23   M               # 29  260
================================================================================
NOTES:
# LAST OF SEVERAL OCCURRENCES

COLUMN 17 PEAK WIND IN M.P.H.

PRELIMINARY LOCAL CLIMATOLOGICAL DATA (WS FORM: F-6) , PAGE 2

                                          STATION:  HAWTHORNE AIRPORT CA
                                          MONTH:    MAY
                                          YEAR:     2015
                                          LATITUDE:   33 55 N
                                          LONGITUDE: 118 20 W

[TEMPERATURE DATA]      [PRECIPITATION DATA]       SYMBOLS USED IN COLUMN 16

AVERAGE MONTHLY: 63.7   TOTAL FOR MONTH:   0.54    1 = FOG OR MIST
DPTR FM NORMAL:  -0.8   DPTR FM NORMAL:    0.30    2 = FOG REDUCING VISIBILITY
HIGHEST:    80 ON  1    GRTST 24HR  0.27 ON  7- 8      TO 1/4 MILE OR LESS
LOWEST:     52 ON  8                               3 = THUNDER
                        SNOW, ICE PELLETS, HAIL    4 = ICE PELLETS
                        TOTAL MONTH:   0.0 INCH    5 = HAIL
                        GRTST 24HR     0.0         6 = FREEZING RAIN OR DRIZZLE
                        GRTST DEPTH:   0           7 = DUSTSTORM OR SANDSTORM:
                                                       VSBY 1/2 MILE OR LESS
                                                   8 = SMOKE OR HAZE
[NO. OF DAYS WITH]      [WEATHER - DAYS WITH]      9 = BLOWING SNOW
                                                   X = TORNADO
MAX 32 OR BELOW:   0    0.01 INCH OR MORE:   4
MAX 90 OR ABOVE:   0    0.10 INCH OR MORE:   2
MIN 32 OR BELOW:   0    0.50 INCH OR MORE:   0
MIN  0 OR BELOW:   0    1.00 INCH OR MORE:   0

[HDD (BASE 65) ]
TOTAL THIS MO.    35    CLEAR  (SCALE 0-3)   7
DPTR FM NORMAL    -7    PTCLDY (SCALE 4-7)  17
TOTAL FM JUL 1   406    CLOUDY (SCALE 8-10)  2
DPTR FM NORMAL  -709

[CDD (BASE 65) ]
TOTAL THIS MO.     6
DPTR FM NORMAL   -20    [PRESSURE DATA]
TOTAL FM JAN 1   255    HIGHEST SLP M ON M
DPTR FM NORMAL   180    LOWEST  SLP 29.75 ON M

[REMARKS]
