000
CXUS56 KPQR 251200
CF6HIO
PRELIMINARY LOCAL CLIMATOLOGICAL DATA (WS FORM: F-6)

                                          STATION:   HILLSBORO OR
                                          MONTH:     AUGUST
                                          YEAR:      2016
                                          LATITUDE:   45 32 N
                                          LONGITUDE: 122 57 W

  TEMPERATURE IN F:       :PCPN:    SNOW:  WIND      :SUNSHINE: SKY     :PK WND
================================================================================
1   2   3   4   5  6A  6B    7    8   9   10  11  12  13   14  15   16   17  18
                                     12Z  AVG MX 2MIN
DY MAX MIN AVG DEP HDD CDD  WTR  SNW DPTH SPD SPD DIR MIN PSBL S-S WX    SPD DR
================================================================================

 1  81  46  64  -3   1   0 0.00  0.0    0  5.6 20 310   M    M   2        24 320
 2  75  52  64  -3   1   0 0.00  0.0    0  7.6 18 320   M    M   6        23 330
 3  82  48  65  -2   0   0 0.00  0.0    0  6.1 16  10   M    M   3        20 360
 4  92  54  73   6   0   8 0.00  0.0    0  6.9 16 330   M    M   0        20 320
 5  81  55  68   1   0   3 0.00  0.0    0  9.7 20 340   M    M   0        26 350
 6  76  48  62  -5   3   0 0.00  0.0    0  4.4 15  50   M    M   2 8      18  60
 7  73  54  64  -3   1   0 0.00  0.0    0  5.8 20 280   M    M   7        25 240
 8  70  52  61  -6   4   0 0.04  0.0    0  2.3 10 240   M    M   8        15 240
 9  70  54  62  -5   3   0 0.00  0.0    0  3.7 12 310   M    M   8        15 340
10  80  57  69   2   0   4 0.00  0.0    0  5.3 13 310   M    M   6        18 360
11  91  53  72   6   0   7 0.00  0.0    0  3.9 13  60   M    M   0        16  60
12  98  57  78  12   0  13 0.00  0.0    0  3.8 13 310   M    M   0        16 320
13  94  60  77  11   0  12 0.00  0.0    0  5.2 18 330   M    M   0        22 320
14  90  55  73   7   0   8 0.00  0.0    0  6.5 18 320   M    M   0        23 300
15  88  53  71   5   0   6 0.00  0.0    0  6.4 17 320   M    M   0        21 330
16  89  54  72   6   0   7 0.00  0.0    0  7.0 20 320   M    M   0        24 320
17  85  52  69   3   0   4 0.00  0.0    0  6.0 14 310   M    M   0        16  20
18 102  54  78  12   0  13 0.00  0.0    0  4.9 18 360   M    M   0        23 360
19 100  58  79  13   0  14 0.00  0.0    0  5.8 16  80   M    M   0        22  60
20 101  59  80  14   0  15 0.00  0.0    0  2.9 14 330   M    M   0        18 310
21  82  53  68   2   0   3 0.00  0.0    0  5.3 21 330   M    M   0        27 320
22  75  47  61  -4   4   0 0.00  0.0    0  6.4 15 330   M    M   1        19 320
23  85  46  66   1   0   1 0.00  0.0    0  5.0 13 330   M    M   0        16 330
24  92  52  72   7   0   7 0.00  0.0    0  4.8 15  10   M    M   0        19  20
================================================================================
SM 2052 1273        17 125  0.04     0.0 131.3          M       43
================================================================================
AV 85.5 53.0                               5.5 FASTST   M    M   2    MAX(MPH)
                                 MISC ---->  # 21 330               # 27  320
================================================================================
NOTES:
# LAST OF SEVERAL OCCURRENCES

COLUMN 17 PEAK WIND IN M.P.H.

PRELIMINARY LOCAL CLIMATOLOGICAL DATA (WS FORM: F-6) , PAGE 2

                                          STATION:  HILLSBORO OR
                                          MONTH:    AUGUST
                                          YEAR:     2016
                                          LATITUDE:   45 32 N
                                          LONGITUDE: 122 57 W

[TEMPERATURE DATA]      [PRECIPITATION DATA]       SYMBOLS USED IN COLUMN 16

AVERAGE MONTHLY: 69.3   TOTAL FOR MONTH:   0.04    1 = FOG OR MIST
DPTR FM NORMAL:   3.0   DPTR FM NORMAL:   -0.42    2 = FOG REDUCING VISIBILITY
HIGHEST:   102 ON 18    GRTST 24HR  0.04 ON  8- 8      TO 1/4 MILE OR LESS
LOWEST:     46 ON 23, 1                            3 = THUNDER
                        SNOW, ICE PELLETS, HAIL    4 = ICE PELLETS
                        TOTAL MONTH:   0.0 INCH    5 = HAIL
                        GRTST 24HR     0.0         6 = FREEZING RAIN OR DRIZZLE
                        GRTST DEPTH:   0           7 = DUSTSTORM OR SANDSTORM:
                                                       VSBY 1/2 MILE OR LESS
                                                   8 = SMOKE OR HAZE
[NO. OF DAYS WITH]      [WEATHER - DAYS WITH]      9 = BLOWING SNOW
                                                   X = TORNADO
MAX 32 OR BELOW:   0    0.01 INCH OR MORE:   1
MAX 90 OR ABOVE:   9    0.10 INCH OR MORE:   0
MIN 32 OR BELOW:   0    0.50 INCH OR MORE:   0
MIN  0 OR BELOW:   0    1.00 INCH OR MORE:   0

[HDD (BASE 65) ]
TOTAL THIS MO.    17    CLEAR  (SCALE 0-3)  18
DPTR FM NORMAL   -19    PTCLDY (SCALE 4-7)   5
TOTAL FM JUL 1    38    CLOUDY (SCALE 8-10)  1
DPTR FM NORMAL   -54

[CDD (BASE 65) ]
TOTAL THIS MO.   125
DPTR FM NORMAL    59    [PRESSURE DATA]
TOTAL FM JAN 1   295    HIGHEST SLP M ON M
DPTR FM NORMAL   128    LOWEST  SLP 29.76 ON 20

[REMARKS]
