000
CXUS53 KGID 011435 RRA
CF6HJH

PRELIMINARY LOCAL CLIMATOLOGICAL DATA (WS FORM: F-6)

                                          STATION:   HEBRON
                                          MONTH:     AUGUST
                                          YEAR:      2015
                                          LATITUDE:   40  9 N
                                          LONGITUDE:  97 35 W

  TEMPERATURE IN F:       :PCPN:    SNOW:  WIND      :SUNSHINE: SKY     :PK WND
================================================================================
1   2   3   4   5  6A  6B    7    8   9   10  11  12  13   14  15   16   17  18
                                     12Z  AVG MX 2MIN
DY MAX MIN AVG DEP HDD CDD  WTR  SNW DPTH SPD SPD DIR MIN PSBL S-S WX    SPD DR
================================================================================

 1  91  65  78   1   0  13 0.00    M    M  3.5  8 200   M    M   1 3       M  M
 2  95  71  83   6   0  18 0.00    M    M  5.8 14 250   M    M   0        20 210
 3  88  67  78   1   0  13 0.00    M    M  6.3 14  70   M    M   2 1       M  M
 4  83  68  76  -1   0  11 0.10    M    M  7.7 20 170   M    M   5 3      27 170
 5  83  67  75  -2   0  10 0.08    M    M  2.7  8 130   M    M   6 1       M  M
 6  79  64  72  -4   0   7    T    M    M  3.5 14 170   M    M   2 1      17 170
 7  92  64  78   2   0  13 0.19    M    M  3.4  8 120   M    M   1 13      M  M
 8  87  67  77   1   0  12 0.74    M    M  6.0 22 290   M    M   3 3      38 290
 9  89  71  80   4   0  15 0.11    M    M  3.4 14 260   M    M   6 13     18 260
10  82  66  74  -2   0   9 0.00    M    M  5.6 10  10   M    M   1        16  10
11  83  59  71  -5   0   6 0.00    M    M  1.0  6  10   M    M   0         M  M
12  83  60  72  -4   0   7 0.00    M    M  4.3  9 170   M    M   0         M  M
13  85  61  73  -3   0   8 0.00    M    M  6.1 14 210   M    M   2        20 210
14  87  66  77   1   0  12 0.00    M    M  5.6  9 180   M    M   2         M  M
15  87  64  76   0   0  11 0.00    M    M  8.4 14 190   M    M   0        20 170
16  89  65  77   1   0  12 0.00    M    M  7.8 16 170   M    M   1        21 170
17  81  69  75   0   0  10 0.14    M    M  5.5 12  80   M    M   7 1       M  M
18  73  55  64 -11   1   0 0.00    M    M  7.7 13 330   M    M   5 13     21 340
19  75  52  64 -11   1   0 0.00    M    M  7.6 15 320   M    M   1        22 310
20  83  49  66  -9   0   1 0.00    M    M  7.3 17 180   M    M   0        24 180
21  84  61  73  -2   0   8 0.00    M    M 11.3 17 190   M    M   2        27 170
22  90  64  77   2   0  12    T    M    M 13.1 22 210   M    M   5 3      33 200
23  73  50  62 -12   3   0 0.00    M    M  7.1 15 350   M    M   0        22 350
24  81  43  62 -12   3   0 0.00    M    M  1.3  7 270   M    M   0         M  M
25  83  48  66  -8   0   1 0.00    M    M  2.0  9 200   M    M   0         M  M
26  86  54  70  -4   0   5 0.00    M    M  4.7 13 150   M    M   0        21 130
27  87  69  78   5   0  13 0.07    M    M 12.6 23 160   M    M   1 3      30 160
28  82  64  73   0   0   8 0.00    M    M 10.5 20 200   M    M   6        33 190
29  78  58  68  -5   0   3 0.00    M    M  4.7  8 330   M    M   4 1       M  M
30  78  56  67  -6   0   2 0.00    M    M  4.3 10 150   M    M   5 12     16 150
31  90  61  76   4   0  11 0.00    M    M  6.6 15 180   M    M   1 1      18 180
================================================================================
SM 2607 1898         8 251  1.43    M    187.4          M       69
================================================================================
AV 84.1 61.2                               6.0 FASTST   M    M   2    MAX(MPH)
                                 MISC ---->  #  M   M               #  M    M
================================================================================
NOTES:
# LAST OF SEVERAL OCCURRENCES

COLUMN 17 PEAK WIND IN M.P.H.

PRELIMINARY LOCAL CLIMATOLOGICAL DATA (WS FORM: F-6) , PAGE 2

                                          STATION:  HEBRON
                                          MONTH:    AUGUST
                                          YEAR:     2015
                                          LATITUDE:   40  9 N
                                          LONGITUDE:  97 35 W

[TEMPERATURE DATA]      [PRECIPITATION DATA]       SYMBOLS USED IN COLUMN 16

AVERAGE MONTHLY: 72.7   TOTAL FOR MONTH:   1.43    1 = FOG OR MIST
DPTR FM NORMAL:  -2.5   DPTR FM NORMAL:   -2.30    2 = FOG REDUCING VISIBILITY
HIGHEST:    95 ON  2    GRTST 24HR  0.74 ON  8- 8      TO 1/4 MILE OR LESS
LOWEST:     43 ON 24                               3 = THUNDER
                        SNOW, ICE PELLETS, HAIL    4 = ICE PELLETS
                        TOTAL MONTH:    M          5 = HAIL
                        GRTST 24HR    M  ON   M    6 = FREEZING RAIN OR DRIZZLE
                        GRTST DEPTH:  M  ON   M    7 = DUSTSTORM OR SANDSTORM:
                                                       VSBY 1/2 MILE OR LESS
                                                   8 = SMOKE OR HAZE
[NO. OF DAYS WITH]      [WEATHER - DAYS WITH]      9 = BLOWING SNOW
                                                   X = TORNADO
MAX 32 OR BELOW:   0    0.01 INCH OR MORE:   7
MAX 90 OR ABOVE:   5    0.10 INCH OR MORE:   5
MIN 32 OR BELOW:   0    0.50 INCH OR MORE:   1
MIN  0 OR BELOW:   0    1.00 INCH OR MORE:   0

[HDD (BASE 65) ]
TOTAL THIS MO.     8    CLEAR  (SCALE 0-3)  21
DPTR FM NORMAL     2    PTCLDY (SCALE 4-7)  10
TOTAL FM JUL 1    10    CLOUDY (SCALE 8-10)  0
DPTR FM NORMAL     2

[CDD (BASE 65) ]
TOTAL THIS MO.   251
DPTR FM NORMAL   -71    [PRESSURE DATA]
TOTAL FM JAN 1   920    HIGHEST SLP M ON M
DPTR FM NORMAL   -81    LOWEST  SLP M ON M

[REMARKS]
#FINAL-08-15#
