000
CXUS54 KJAN 011200
CF6HKS
PRELIMINARY LOCAL CLIMATOLOGICAL DATA (WS FORM: F-6)

                                          STATION:   JACKSON HAWKINS
                                          MONTH:     APRIL
                                          YEAR:      2016
                                          LATITUDE:   32 20 N
                                          LONGITUDE:  90 14 W

  TEMPERATURE IN F:       :PCPN:    SNOW:  WIND      :SUNSHINE: SKY     :PK WND
================================================================================
1   2   3   4   5  6A  6B    7    8   9   10  11  12  13   14  15   16   17  18
                                     12Z  AVG MX 2MIN
DY MAX MIN AVG DEP HDD CDD  WTR  SNW DPTH SPD SPD DIR MIN PSBL S-S WX    SPD DR
================================================================================

 1  69  51  60  -1   5   0 0.04  0.0    0  5.8 15 350   M    M   5        20 360
 2  64  45  55  -6  10   0 0.00  0.0    0  6.9 21 300   M    M   0 8      27 340
 3  74  43  59  -3   6   0 0.00  0.0    0  2.2 12 280   M    M   0        14 270
 4  78  47  63   1   2   0 0.00  0.0    0  4.8 17 290   M    M   0        20 290
 5  81  51  66   4   0   1 0.00  0.0    0  5.3 17  90   M    M   0        26 200
 6  77  57  67   5   0   2 0.00  0.0    0  8.5 25 220   M    M   3        35 210
 7  79  49  64   1   1   0 0.00  0.0    0  6.4 18 280   M    M   0        27 240
 8  69  49  59  -4   6   0 0.00  0.0    0  6.2 20 300   M    M   0        27 300
 9  76  44  60  -3   5   0    T  0.0    0  2.1  9 250   M    M   1        14 310
10  81  56  69   6   0   4    T  0.0    0 12.7 25 180   M    M   2        38 140
11  73  60  67   3   0   2 5.05  0.0    0  9.3 23 350   M    M   8 13     34 360
12  69  58  64   0   1   0 0.22  0.0    0  5.6 14 180   M    M   7 1      17  50
13  68  55  62  -2   3   0 0.12  0.0    0  5.2 16 100   M    M   6 1      21  90
14  67  59  63  -1   2   0 0.14  0.0    0  4.5 14  40   M    M  10 123    29  90
15  63  59  61  -4   4   0 2.10  0.0    0  8.3 16  80   M    M   9 13     19  80
16  67  59  63  -2   2   0 0.00  0.0    0  8.4 14  70   M    M   9 1      20  80
17  79  61  70   5   0   5 0.00  0.0    0 10.2 22 140   M    M   2        31 130
18  79  60  70   4   0   5 0.00  0.0    0  7.8 16 120   M    M   0        21 130
19  73  60  67   1   0   2 0.00  0.0    0  5.5 10 140   M    M   8        21 130
20  80  61  71   5   0   6 0.06  0.0    0  6.5 22 270   M    M   7 13     28 310
21  79  63  71   5   0   6 0.18  0.0    0  6.1 16 180   M    M   5 1      22 180
22  79  59  69   2   0   4    T  0.0    0  5.8 16 300   M    M   4        24  70
23  80  53  67   0   0   2 0.00  0.0    0  3.2 12  50   M    M   1        26  40
24  82  54  68   1   0   3 0.00  0.0    0  4.6 15 170   M    M   0        26 160
25  83  60  72   5   0   7 0.00  0.0    0  6.5 13 190   M    M   1        22 160
26  85  64  75   7   0  10 0.00  0.0    0  8.5 16 170   M    M   2 1      23 170
27  79  67  73   5   0   8 0.04  0.0    0  8.7 22 180   M    M   4 13     28 170
28  88  64  76   8   0  11 0.00  0.0    0  2.7  9 280   M    M   2 1      12 270
29  83  71  77   9   0  12 0.00  0.0    0 10.7 22 160   M    M   4 1      32 180
30  76  66  71   2   0   6 0.12  0.0    0  7.9 24 140   M    M   5 13     33 150
================================================================================
SM 2280 1705        47  96  8.07     0.0 196.9          M      105
================================================================================
AV 76.0 56.8                               6.6 FASTST   M    M   4    MAX(MPH)
                                 MISC ---->  # 25 220               # 38  140
================================================================================
NOTES:
# LAST OF SEVERAL OCCURRENCES

COLUMN 17 PEAK WIND IN M.P.H.

PRELIMINARY LOCAL CLIMATOLOGICAL DATA (WS FORM: F-6) , PAGE 2

                                          STATION:  JACKSON HAWKINS
                                          MONTH:    APRIL
                                          YEAR:     2016
                                          LATITUDE:   32 20 N
                                          LONGITUDE:  90 14 W

[TEMPERATURE DATA]      [PRECIPITATION DATA]       SYMBOLS USED IN COLUMN 16

AVERAGE MONTHLY: 66.4   TOTAL FOR MONTH:   8.07    1 = FOG OR MIST
DPTR FM NORMAL:   1.5   DPTR FM NORMAL:    2.96    2 = FOG REDUCING VISIBILITY
HIGHEST:    88 ON 28    GRTST 24HR  5.27 ON 11-12      TO 1/4 MILE OR LESS
LOWEST:     43 ON  3                               3 = THUNDER
                        SNOW, ICE PELLETS, HAIL    4 = ICE PELLETS
                        TOTAL MONTH:   0.0 INCH    5 = HAIL
                        GRTST 24HR     0.0         6 = FREEZING RAIN OR DRIZZLE
                        GRTST DEPTH:   0           7 = DUSTSTORM OR SANDSTORM:
                                                       VSBY 1/2 MILE OR LESS
                                                   8 = SMOKE OR HAZE
[NO. OF DAYS WITH]      [WEATHER - DAYS WITH]      9 = BLOWING SNOW
                                                   X = TORNADO
MAX 32 OR BELOW:   0    0.01 INCH OR MORE:  10
MAX 90 OR ABOVE:   0    0.10 INCH OR MORE:   7
MIN 32 OR BELOW:   0    0.50 INCH OR MORE:   2
MIN  0 OR BELOW:   0    1.00 INCH OR MORE:   2

[HDD (BASE 65) ]
TOTAL THIS MO.    47    CLEAR  (SCALE 0-3)  16
DPTR FM NORMAL   -43    PTCLDY (SCALE 4-7)  10
TOTAL FM JUL 1  1585    CLOUDY (SCALE 8-10)  4
DPTR FM NORMAL  -624

[CDD (BASE 65) ]
TOTAL THIS MO.    96
DPTR FM NORMAL    10    [PRESSURE DATA]
TOTAL FM JAN 1   156    HIGHEST SLP 30.25 ON 18
DPTR FM NORMAL    31    LOWEST  SLP 29.67 ON 27

[REMARKS]
