000
CXUS53 KGLD 280800
CF6HLC
PRELIMINARY LOCAL CLIMATOLOGICAL DATA (WS FORM: F-6)

                                          STATION:   HILL CITY KS
                                          MONTH:     JUNE
                                          YEAR:      2017
                                          LATITUDE:   39 22 N
                                          LONGITUDE:  99 50 W

  TEMPERATURE IN F:       :PCPN:    SNOW:  WIND      :SUNSHINE: SKY     :PK WND
================================================================================
1   2   3   4   5  6A  6B    7    8   9   10  11  12  13   14  15   16   17  18
                                     12Z  AVG MX 2MIN
DY MAX MIN AVG DEP HDD CDD  WTR  SNW DPTH SPD SPD DIR MIN PSBL S-S WX    SPD DR
================================================================================

 1  89  60  75   7   0  10 0.13    M    M 10.2 21 160   M    M   2 1      25 160
 2  86  60  73   5   0   8 0.00    M    M  9.9 23 140   M    M   0        28 130
 3  85  62  74   5   0   9 0.00    M    M  4.8 20 350   M    M   2 138    22 350
 4  88  59  74   5   0   9 0.00    M    M  5.0 13  70   M    M   2 18     17  60
 5  91  61  76   7   0  11 0.00    M    M  4.7 10 140   M    M   1        15 170
 6  90  62  76   6   0  11    M    M    M  5.8  9 270   M    M   2 13      M  M
 7  84  58  71   1   0   6 0.00    M    M  5.0 15 120   M    M   3 12     19 130
 8  84  63  74   4   0   9 0.04    M    M  7.7 16 160   M    M   3 13     21 170
 9  90  60  75   4   0  10 0.00    M    M  9.6 21 190   M    M   0        30 200
10  98  68  83  12   0  18 0.00    M    M 14.8 24 170   M    M   2 18     33 170
11 102  73  88  16   0  23 0.00    M    M 15.2 31 210   M    M   0        41 220
12  99  70  85  13   0  20 0.00    M    M 13.5 26 170   M    M   0        36 180
13 101  71  86  14   0  21 0.01    M    M 13.4 33 160   M    M   1 38     43 160
14  91  63  77   5   0  12 0.00    M    M  6.6 14 330   M    M   0 18     21 170
15  95  58  77   4   0  12 0.00    M    M  5.6 21 100   M    M   0 38     26 100
16 100  63  82   9   0  17 0.00    M    M  6.0 14 190   M    M   0 18     18 190
17  96  63  80   6   0  15 0.01    M    M  9.6 29  20   M    M   1 138    37  10
18  85  63  74   0   0   9 0.04    M    M  5.8 14 360   M    M   3 13     17 340
19  91  61  76   2   0  11    T    M    M  3.0 12  40   M    M   4        16  40
20 100  59  80   6   0  15    T    M    M  7.6 22 180   M    M   1 13     32 190
21 103  66  85  10   0  20    T    M    M 11.0 29 180   M    M   0 3      40 180
22 104  66  85  10   0  20 0.00    M    M 11.2 24  10   M    M   0 3      30  10
23  82  57  70  -5   0   5 0.03    M    M 11.6 30 350   M    M   4 3      38 350
24  79  49  64 -12   1   0    M    M    M  5.1 13  80   M    M   5 13     16 150
25  67  56  62 -14   3   0    M    M    M  6.5 15  90   M    M   8 13     20  20
26  84  56  70  -6   0   5 0.00    M    M  6.6 16  70   M    M   3 13     21  60
27  97  60  79   2   0  14 0.09    M    M 13.8 37 220   M    M   4 138    51 240
================================================================================
SM 2461 1667         4 320  0.35    M    229.6          M       51
================================================================================
AV 91.2 61.7                               8.5 FASTST   M    M   2    MAX(MPH)
                                 MISC ---->  # 37 220               # 51  240
================================================================================
NOTES:
# LAST OF SEVERAL OCCURRENCES

COLUMN 17 PEAK WIND IN M.P.H.

PRELIMINARY LOCAL CLIMATOLOGICAL DATA (WS FORM: F-6) , PAGE 2

                                          STATION:  HILL CITY KS
                                          MONTH:    JUNE
                                          YEAR:     2017
                                          LATITUDE:   39 22 N
                                          LONGITUDE:  99 50 W

[TEMPERATURE DATA]      [PRECIPITATION DATA]       SYMBOLS USED IN COLUMN 16

AVERAGE MONTHLY: 76.4   TOTAL FOR MONTH:   0.35    1 = FOG OR MIST
DPTR FM NORMAL:   4.0   DPTR FM NORMAL:   -2.20    2 = FOG REDUCING VISIBILITY
HIGHEST:   104 ON 22    GRTST 24HR  0.13 ON  1- 1      TO 1/4 MILE OR LESS
LOWEST:     49 ON 24                               3 = THUNDER
                        SNOW, ICE PELLETS, HAIL    4 = ICE PELLETS
                        TOTAL MONTH:    M          5 = HAIL
                        GRTST 24HR    M  ON   M    6 = FREEZING RAIN OR DRIZZLE
                        GRTST DEPTH:  M  ON   M    7 = DUSTSTORM OR SANDSTORM:
                                                       VSBY 1/2 MILE OR LESS
                                                   8 = SMOKE OR HAZE
[NO. OF DAYS WITH]      [WEATHER - DAYS WITH]      9 = BLOWING SNOW
                                                   X = TORNADO
MAX 32 OR BELOW:   0    0.01 INCH OR MORE:   7
MAX 90 OR ABOVE:  16    0.10 INCH OR MORE:   1
MIN 32 OR BELOW:   0    0.50 INCH OR MORE:   0
MIN  0 OR BELOW:   0    1.00 INCH OR MORE:   0

[HDD (BASE 65) ]
TOTAL THIS MO.     4    CLEAR  (SCALE 0-3)  21
DPTR FM NORMAL   -14    PTCLDY (SCALE 4-7)   6
TOTAL FM JUL 1  4702    CLOUDY (SCALE 8-10)  0
DPTR FM NORMAL  -840

[CDD (BASE 65) ]
TOTAL THIS MO.   320
DPTR FM NORMAL   100    [PRESSURE DATA]
TOTAL FM JAN 1   420    HIGHEST SLP M ON M
DPTR FM NORMAL   122    LOWEST  SLP 29.41 ON 11

[REMARKS]
