000
CXUS51 KPBZ 270804
CF6HLG
PRELIMINARY LOCAL CLIMATOLOGICAL DATA (WS FORM: F-6)

                                          STATION:   WHEELING
                                          MONTH:     AUGUST
                                          YEAR:      2016
                                          LATITUDE:   40 10 N
                                          LONGITUDE:  80 39 W

  TEMPERATURE IN F:       :PCPN:    SNOW:  WIND      :SUNSHINE: SKY     :PK WND
================================================================================
1   2   3   4   5  6A  6B    7    8   9   10  11  12  13   14  15   16   17  18
                                     12Z  AVG MX 2MIN
DY MAX MIN AVG DEP HDD CDD  WTR  SNW DPTH SPD SPD DIR MIN PSBL S-S WX    SPD DR
================================================================================

 1  87  68  78   6   0  13 0.08    M    M  3.7 17 180   M    M   5 123    22 180
 2  89  65  77   5   0  12 0.00    M    M  4.3  9 340   M    M   2 128    13 360
 3  88  67  78   6   0  13 0.00    M    M  5.0 14 160   M    M   4        18 150
 4  84  71  78   6   0  13 0.18    M    M  5.2 14 180   M    M   7        42 210
 5  85  69  77   5   0  12 0.00    M    M  7.6 15 180   M    M   3 13     19 180
 6  84  67  76   4   0  11 1.36    M    M  7.4 21 290   M    M   4 138    30 280
 7  85  61  73   1   0   8 0.00    M    M  2.1 14  30   M    M   1        18 100
 8  84  66  75   3   0  10    T    M    M  6.4 13  70   M    M   0        15  60
 9  89  67  78   6   0  13 0.00    M    M  6.8 12 180   M    M   4        15 190
10  89  75  82  10   0  17 0.01    M    M  6.3 14 220   M    M   7 3      22 260
11  93  74  84  12   0  19 0.00    M    M  5.5 16 200   0    0   0        20 210
12  91  77  84  12   0  19    T    M    M  6.9 16 190   M    M   3 3      22 180
13  92  76  84  12   0  19    T    M    M  8.4 22 200   M    M   5 3      30 200
14  82  70  76   4   0  11 0.84    M    M  6.5 16 330   M    M   8 138    22 320
15  82  70  76   4   0  11 0.66    M    M  4.1  9 210   M    M   5 138    13 250
16  89  72  81  10   0  16 0.80    M    M 10.0 35 270   M    M   7 13     52 250
17  76  70  73   2   0   8 0.44    M    M  5.5 20 200   M    M   8 18     28 200
18  85  69  77   6   0  12 0.00    M    M  6.4 15 260   M    M   5 1      18 260
19  85  67  76   5   0  11 0.42    M    M  4.1 13 190   M    M   3 123    15 190
20  86  70  78   7   0  13    T    M    M  8.5 15 200   M    M   5 128    20 190
21  79  65  72   1   0   7 0.03    M    M  8.6 17 280   M    M   5 1      25 260
22  79  59  69  -2   0   4 0.00    M    M  4.3 10 290   M    M   2        14 270
23  82  59  71   0   0   6 0.00    M    M  2.0 12 190   M    M   1 18     15 200
24  86  60  73   3   0   8 0.00    M    M  6.0 16 210   M    M   0        21 200
25  88  72  80  10   0  15 0.14    M    M  8.8 16 200   M    M   5 1      25 240
26  88  71  80  10   0  15 0.00    M    M  4.4 12 280   M    M   2 18     15 300
================================================================================
SM 2227 1777         0 316  4.96    M    154.8            0    101
================================================================================
AV 85.7 68.4                               6.0 FASTST    0   0   4    MAX(MPH)
                                 MISC ---->  # 35 270               # 52  250
================================================================================
NOTES:
# LAST OF SEVERAL OCCURRENCES

COLUMN 17 PEAK WIND IN M.P.H.

PRELIMINARY LOCAL CLIMATOLOGICAL DATA (WS FORM: F-6) , PAGE 2

                                          STATION:  WHEELING
                                          MONTH:    AUGUST
                                          YEAR:     2016
                                          LATITUDE:   40 10 N
                                          LONGITUDE:  80 39 W

[TEMPERATURE DATA]      [PRECIPITATION DATA]       SYMBOLS USED IN COLUMN 16

AVERAGE MONTHLY: 77.0   TOTAL FOR MONTH:   4.96    1 = FOG OR MIST
DPTR FM NORMAL:   5.5   DPTR FM NORMAL:    2.09    2 = FOG REDUCING VISIBILITY
HIGHEST:    93 ON 11    GRTST 24HR  1.36 ON  6- 6      TO 1/4 MILE OR LESS
LOWEST:     59 ON 23,22                            3 = THUNDER
                        SNOW, ICE PELLETS, HAIL    4 = ICE PELLETS
                        TOTAL MONTH:    M          5 = HAIL
                        GRTST 24HR    M  ON   M    6 = FREEZING RAIN OR DRIZZLE
                        GRTST DEPTH:  M  ON   M    7 = DUSTSTORM OR SANDSTORM:
                                                       VSBY 1/2 MILE OR LESS
                                                   8 = SMOKE OR HAZE
[NO. OF DAYS WITH]      [WEATHER - DAYS WITH]      9 = BLOWING SNOW
                                                   X = TORNADO
MAX 32 OR BELOW:   0    0.01 INCH OR MORE:  11
MAX 90 OR ABOVE:   3    0.10 INCH OR MORE:   8
MIN 32 OR BELOW:   0    0.50 INCH OR MORE:   4
MIN  0 OR BELOW:   0    1.00 INCH OR MORE:   1

[HDD (BASE 65) ]
TOTAL THIS MO.     0    CLEAR  (SCALE 0-3)  10
DPTR FM NORMAL     0    PTCLDY (SCALE 4-7)  16
TOTAL FM JUL 1     2    CLOUDY (SCALE 8-10)  0
DPTR FM NORMAL    -1

[CDD (BASE 65) ]
TOTAL THIS MO.   316
DPTR FM NORMAL   144    [PRESSURE DATA]
TOTAL FM JAN 1   936    HIGHEST SLP  0.00 ON M
DPTR FM NORMAL   355    LOWEST  SLP 29.73 ON 21

[REMARKS]
