000
CXHW50 PHFO 231250
CF6HNL
PRELIMINARY LOCAL CLIMATOLOGICAL DATA (WS FORM: F-6)

                                          STATION:   HONOLULU HI
                                          MONTH:     JANUARY
                                          YEAR:      2018
                                          LATITUDE:   21 21 N
                                          LONGITUDE: 157 56 W

  TEMPERATURE IN F:       :PCPN:    SNOW:  WIND      :SUNSHINE: SKY     :PK WND
================================================================================
1   2   3   4   5  6A  6B    7    8   9   10  11  12  13   14  15   16   17  18
                                     12Z  AVG MX 2MIN
DY MAX MIN AVG DEP HDD CDD  WTR  SNW DPTH SPD SPD DIR MIN PSBL S-S WX    SPD DR
================================================================================

 1  83  66  75   1   0  10    T  0.0    M  6.8 15  60   M    M   M        20  30
 2  83  69  76   2   0  11    T  0.0    M 10.0 21  70   M    M   M        26  60
 3  82  69  76   2   0  11 0.00  0.0    M 10.9 21  70   M    M   M        26  70
 4  82  72  77   4   0  12 0.00  0.0    M 13.1 23  70   M    M   M        26  40
 5  82  71  77   4   0  12 0.00  0.0    M 12.3 23  70   M    M   M        30  80
 6  82  71  77   4   0  12    T  0.0    M 13.3 24  70   M    M   M        29  80
 7  81  73  77   4   0  12    T  0.0    M 13.0 24  80   M    M   M        29  40
 8  84  72  78   5   0  13    T  0.0    M  8.6 18 100   M    M   M        24  60
 9  84  69  77   4   0  12 0.00  0.0    M  5.4 15  80   M    M   M        21  50
10  85  67  76   3   0  11 0.00  0.0    M  6.4 18  60   M    M   M        24  80
11  83  68  76   3   0  11 0.00  0.0    M  5.3 16 130   M    M   M        20 140
12  82  67  75   2   0  10 0.00  0.0    M  6.1 14 240   M    M   M        17 210
13  83  67  75   2   0  10 0.00  0.0    M  4.8 14 230   M    M   M        16 220
14  82  68  75   2   0  10 0.00  0.0    M  5.3 12 230   M    M   M        15 210
15  85  68  77   4   0  12 0.00  0.0    M  6.4 15  60   M    M   M        20  40
16  84  69  77   4   0  12 0.00  0.0    M  8.7 20  50   M    M   M        25  40
17  82  73  78   5   0  13 0.00  0.0    M 16.3 29  70   M    M   M        43  70
18  84  75  80   7   0  15 0.00  0.0    M 22.6 33  70   M    M   M        45  70
19  84  74  79   6   0  14    T  0.0    M 12.6 25  70   M    M   M        34  80
20  82  73  78   5   0  13 0.06  0.0    M  5.3 17  70   M    M   M        21  70
21  84  73  79   6   0  14    T  0.0    M  8.8 22  70   M    M   M        28  70
22  83  70  77   4   0  12 0.00  0.0    M 11.0 24  70   M    M   M        33  70
================================================================================
SM 1826 1544         0 262  0.06     0.0 213.0          M        M
================================================================================
AV 83.0 70.2                               9.7 FASTST   M    M -nan   MAX(MPH)
                                 MISC ---->  # 33  70               # 45   70
================================================================================
NOTES:
# LAST OF SEVERAL OCCURRENCES

COLUMN 17 PEAK WIND IN M.P.H.

PRELIMINARY LOCAL CLIMATOLOGICAL DATA (WS FORM: F-6) , PAGE 2

                                          STATION:  HONOLULU HI
                                          MONTH:    JANUARY
                                          YEAR:     2018
                                          LATITUDE:   21 21 N
                                          LONGITUDE: 157 56 W

[TEMPERATURE DATA]      [PRECIPITATION DATA]       SYMBOLS USED IN COLUMN 16

AVERAGE MONTHLY: 76.6   TOTAL FOR MONTH:   0.06    1 = FOG OR MIST
DPTR FM NORMAL:   3.5   DPTR FM NORMAL:   -1.69    2 = FOG REDUCING VISIBILITY
HIGHEST:    85 ON 15,10 GRTST 24HR  0.06 ON 20-20      TO 1/4 MILE OR LESS
LOWEST:     66 ON  1                               3 = THUNDER
                        SNOW, ICE PELLETS, HAIL    4 = ICE PELLETS
                        TOTAL MONTH:   0.0 INCH    5 = HAIL
                        GRTST 24HR     0.0         6 = FREEZING RAIN OR DRIZZLE
                        GRTST DEPTH:  M  ON   M    7 = DUSTSTORM OR SANDSTORM:
                                                       VSBY 1/2 MILE OR LESS
                                                   8 = SMOKE OR HAZE
[NO. OF DAYS WITH]      [WEATHER - DAYS WITH]      9 = BLOWING SNOW
                                                   X = TORNADO
MAX 32 OR BELOW:   0    0.01 INCH OR MORE:   1
MAX 90 OR ABOVE:   0    0.10 INCH OR MORE:   0
MIN 32 OR BELOW:   0    0.50 INCH OR MORE:   0
MIN  0 OR BELOW:   0    1.00 INCH OR MORE:   0

[HDD (BASE 65) ]
TOTAL THIS MO.     0    CLEAR  (SCALE 0-3)   0
DPTR FM NORMAL     0    PTCLDY (SCALE 4-7)   0
TOTAL FM JUL 1     0    CLOUDY (SCALE 8-10)  0
DPTR FM NORMAL     0

[CDD (BASE 65) ]
TOTAL THIS MO.   262
DPTR FM NORMAL    84    [PRESSURE DATA]
TOTAL FM JAN 1   262    HIGHEST SLP M ON M
DPTR FM NORMAL    84    LOWEST  SLP 29.96 ON 21

[REMARKS]
