000
CXUS54 KLZK 011330
CF6HOT
PRELIMINARY LOCAL CLIMATOLOGICAL DATA (WS FORM: F-6)

                                          STATION:   Hot Springs Memorial Field
                                          MONTH:     JULY
                                          YEAR:      2014
                                          LATITUDE:   34 28 N
                                          LONGITUDE:  93  6 W

  TEMPERATURE IN F:       :PCPN:    SNOW:  WIND      :SUNSHINE: SKY     :PK WND
================================================================================
1   2   3   4   5  6A  6B    7    8   9   10  11  12  13   14  15   16   17  18
                                     12Z  AVG MX 2MIN
DY MAX MIN AVG DEP HDD CDD  WTR  SNW DPTH SPD SPD DIR MIN PSBL S-S WX    SPD DR
================================================================================

 1  91  75  83   2   0  18 0.00  0.0    0  7.1 15 260   M    M   1 8      20 240
 2  89  71  80  -1   0  15    T  0.0    0  2.3  9  20   M    M   3 38     14 310
 3  84  65  75  -7   0  10 0.00  0.0    0  3.1 10  60   M    M   0        15  60
 4  83  63  73  -9   0   8 0.00  0.0    0  3.6 10  80   M    M   2        15  80
 5  85  62  74  -8   0   9 0.00  0.0    0  1.8  8 210   M    M   0        12 190
 6  88  67  78  -4   0  13 0.00  0.0    0  3.5 12 250   M    M   0 1      15 270
 7  91  72  82   0   0  17 0.01  0.0    0  3.0 18  50   M    M   1 18     23  50
 8  92  70  81  -1   0  16 1.59  0.0    0  5.8 20  70   M    M   2 1238   29  40
 9  85  73  79  -3   0  14 0.50  0.0    0  3.9  8 260   M    M   2 13      M  M
10  86  71  79  -3   0  14 0.01  0.0    0  3.9 15  80   M    M   6 1238   21 330
11  90  71  81  -1   0  16    T  0.0    0  3.1  8 150   M    M   2 8      11 200
12  94  72  83   1   0  18 0.00  0.0    0  1.7  7 220   M    M   0 8      11 180
13  94  71  83   1   0  18 0.00  0.0    0  3.1 13 190   M    M   1 18     16 180
14  94  73  84   2   0  19 0.13  0.0    0  5.0 22 280   M    M   3 138    30 270
15  82  64  73  -9   0   8 0.00  0.0    0  4.4 13  50   M    M   3 8      18  40
16  82  59  71 -12   0   6    T  0.0    0  2.8 13  80   M    M   2 8      14  60
17  71  60  66 -17   0   1 1.29  0.0    0  6.1 14  80   M    M   9 1      18  90
18  71  60  66 -17   0   1 0.10  0.0    0  6.5 17  70   M    M  10 1      22  50
19  77  62  70 -13   0   5    T  0.0    0  2.3  8 120   M    M   7 12     11  70
20  81  63  72 -11   0   7 0.00  0.0    0  0.8  7 130   M    M   6 12      9 180
21  86  62  74  -9   0   9 0.00  0.0    0  1.4  7 240   M    M   2 128    10 190
22  89  66  78  -5   0  13 0.00  0.0    0  1.1  8 160   M    M   3 12     11 240
23  90  69  80  -3   0  15 1.31  0.0    0  2.7 24 360   M    M   2 3      38 360
24  85  67  76  -7   0  11 0.00  0.0    0  3.5  9  80   M    M   7 18     13  80
25  88  68  78  -5   0  13 0.00  0.0    0  2.9 10 190   M    M   4 18     13 240
26  92  71  82  -1   0  17 0.00  0.0    0  4.3 15 240   M    M   0 18     21 260
27  95  75  85   2   0  20 0.13  0.0    0  4.9 16 230   M    M   1 13     22 270
28  88  69  79  -4   0  14 0.00  0.0    0  3.8 10 350   M    M   1        16 310
29  85  67  76  -7   0  11 0.00  0.0    0  3.8 13  60   M    M   2        16  60
30  73  67  70 -13   0   5 0.20  0.0    0  2.4  8  80   M    M   7 1      11 180
31  73  66  70 -13   0   5 0.35  0.0    0  4.6  9 100   M    M  10 1      12 140
================================================================================
SM 2654 2091         0 366  5.62     0.0 109.2          M       99
================================================================================
AV 85.6 67.5                               3.5 FASTST   M    M   3    MAX(MPH)
                                 MISC ---->  # 24 360               # 38  360
================================================================================
NOTES:
# LAST OF SEVERAL OCCURRENCES

COLUMN 17 PEAK WIND IN M.P.H.

PRELIMINARY LOCAL CLIMATOLOGICAL DATA (WS FORM: F-6) , PAGE 2

                                          STATION:  Hot Springs Memorial Field
                                          MONTH:    JULY
                                          YEAR:     2014
                                          LATITUDE:   34 28 N
                                          LONGITUDE:  93  6 W

[TEMPERATURE DATA]      [PRECIPITATION DATA]       SYMBOLS USED IN COLUMN 16

AVERAGE MONTHLY: 76.5   TOTAL FOR MONTH:   5.62    1 = FOG OR MIST
DPTR FM NORMAL:  -6.0   DPTR FM NORMAL:    1.04    2 = FOG REDUCING VISIBILITY
HIGHEST:    95 ON 27    GRTST 24HR  1.59 ON  8- 8      TO 1/4 MILE OR LESS
LOWEST:     59 ON 16                               3 = THUNDER
                        SNOW, ICE PELLETS, HAIL    4 = ICE PELLETS
                        TOTAL MONTH:   0.0 INCH    5 = HAIL
                        GRTST 24HR     0.0         6 = FREEZING RAIN OR DRIZZLE
                        GRTST DEPTH:   0           7 = DUSTSTORM OR SANDSTORM:
                                                       VSBY 1/2 MILE OR LESS
                                                   8 = SMOKE OR HAZE
[NO. OF DAYS WITH]      [WEATHER - DAYS WITH]      9 = BLOWING SNOW
                                                   X = TORNADO
MAX 32 OR BELOW:   0    0.01 INCH OR MORE:  11
MAX 90 OR ABOVE:  10    0.10 INCH OR MORE:   9
MIN 32 OR BELOW:   0    0.50 INCH OR MORE:   4
MIN  0 OR BELOW:   0    1.00 INCH OR MORE:   3

[HDD (BASE 65) ]
TOTAL THIS MO.     0    CLEAR  (SCALE 0-3)  21
DPTR FM NORMAL     0    PTCLDY (SCALE 4-7)   7
TOTAL FM JUL 1     0    CLOUDY (SCALE 8-10)  3
DPTR FM NORMAL     0

[CDD (BASE 65) ]
TOTAL THIS MO.   366
DPTR FM NORMAL  -175    [PRESSURE DATA]
TOTAL FM JAN 1  1047    HIGHEST SLP 30.16 ON 12
DPTR FM NORMAL  -179    LOWEST  SLP 29.87 ON 14

[REMARKS]
#FINAL-07-14#
#FINAL-07-14#
