000
CXUS54 KHUN 281015
CF6HSV
PRELIMINARY LOCAL CLIMATOLOGICAL DATA (WS FORM: F-6)

                                          STATION:   HUNTSVILLE
                                          MONTH:     DECEMBER
                                          YEAR:      2014
                                          LATITUDE:   34 39 N
                                          LONGITUDE:  86 46 W

  TEMPERATURE IN F:       :PCPN:    SNOW:  WIND      :SUNSHINE: SKY     :PK WND
================================================================================
1   2   3   4   5  6A  6B    7    8   9   10  11  12  13   14  15   16   17  18
                                     12Z  AVG MX 2MIN
DY MAX MIN AVG DEP HDD CDD  WTR  SNW DPTH SPD SPD DIR MIN PSBL S-S WX    SPD DR
================================================================================

 1  71  48  60  12   5   0    T  0.0    0  7.9 16 210   M    M   8        21 220
 2  56  48  52   5  13   0 0.91  0.0    0  1.6  9 140   M    M  10 12     10 320
 3  63  49  56   9   9   0 0.00  0.0    0  2.2 14  20   M    M   9 128    17  20
 4  74  48  61  14   4   0 0.00  0.0    0  2.7  7 240   M    M   6 18     10 140
 5  71  57  64  18   1   0 0.47  0.0    0 10.8 25 170   M    M   9 18     31 170
 6  67  46  57  11   8   0 0.65  0.0    0 12.7 24  20   M    M  10 18     30  20
 7  55  41  48   2  17   0 0.00  0.0    0 10.0 21  20   M    M   8        26  30
 8  54  41  48   3  17   0 0.00  0.0    0  6.5 17 140   M    M   4        20 140
 9  57  38  48   3  17   0 0.00  0.0    0  7.8 21 330   M    M   5 18     29 330
10  45  31  38  -7  27   0 0.00  0.0    0  7.4 18  10   M    M   7        23  20
11  48  29  39  -6  26   0 0.00  0.0    0  5.2 12 350   M    M   0 18     14 340
12  55  27  41  -3  24   0 0.00  0.0    0  3.5  9  30   M    M   0 18     13  30
13  48  29  39  -5  26   0 0.00  0.0    0  6.0 16  30   M    M   6        22  30
14  56  34  45   1  20   0 0.00  0.0    0  6.6 15  20   M    M   6 128    21  30
15  58  32  45   1  20   0 0.50  0.0    0  6.1 17 170   M    M   7 128    23 170
16  57  39  48   4  17   0 0.00  0.0    0  7.5 20 260   M    M   7 1      25 260
17  47  37  42  -1  23   0 0.00  0.0    0  6.4 12  40   M    M  10        22 300
18  46  38  42  -1  23   0    T  0.0    0  3.3 12  40   M    M   9        15  60
19  45  32  39  -4  26   0    T  0.0    0  6.0 12 350   M    M   8 18     14 350
20  54  35  45   2  20   0    T  0.0    0  5.8 13  10   M    M   3 8      15 360
21  55  31  43   0  22   0 0.00  0.0    0  4.0 14 120   M    M   5 18     17 110
22  54  49  52   9  13   0 0.19  0.0    0 10.4 17 130   M    M  10 1      23 120
23  57  53  55  13  10   0 1.86  0.0    0 10.4 24 110   M    M  10 135    28 110
24  57  42  50   8  15   0 0.21  0.0    0 10.1 25 270   M    M   8 1      32 260
25  53  36  45   3  20   0 0.00  0.0    0  3.8 13 260   M    M   5        17 270
26  54  33  44   2  21   0    T  0.0    0  5.2 12 120   M    M   6 18     14 160
27  57  44  51   9  14   0 0.22  0.0    0  7.0 16 160   M    M   9 1      20 160
================================================================================
SM 1514 1067       458   0  5.01     0.0 176.9          M      185
================================================================================
AV 56.1 39.5                               6.6 FASTST   M    M   7    MAX(MPH)
                                 MISC ---->  # 25 170               # 32  260
================================================================================
NOTES:
# LAST OF SEVERAL OCCURRENCES

COLUMN 17 PEAK WIND IN M.P.H.

PRELIMINARY LOCAL CLIMATOLOGICAL DATA (WS FORM: F-6) , PAGE 2

                                          STATION:  HUNTSVILLE
                                          MONTH:    DECEMBER
                                          YEAR:     2014
                                          LATITUDE:   34 39 N
                                          LONGITUDE:  86 46 W

[TEMPERATURE DATA]      [PRECIPITATION DATA]       SYMBOLS USED IN COLUMN 16

AVERAGE MONTHLY: 47.8   TOTAL FOR MONTH:   5.01    1 = FOG OR MIST
DPTR FM NORMAL:   3.5   DPTR FM NORMAL:   -0.10    2 = FOG REDUCING VISIBILITY
HIGHEST:    74 ON  4    GRTST 24HR  2.06 ON 23-24      TO 1/4 MILE OR LESS
LOWEST:     27 ON 12                               3 = THUNDER
                        SNOW, ICE PELLETS, HAIL    4 = ICE PELLETS
                        TOTAL MONTH:   0.0 INCH    5 = HAIL
                        GRTST 24HR     0.0         6 = FREEZING RAIN OR DRIZZLE
                        GRTST DEPTH:   0           7 = DUSTSTORM OR SANDSTORM:
                                                       VSBY 1/2 MILE OR LESS
                                                   8 = SMOKE OR HAZE
[NO. OF DAYS WITH]      [WEATHER - DAYS WITH]      9 = BLOWING SNOW
                                                   X = TORNADO
MAX 32 OR BELOW:   0    0.01 INCH OR MORE:   8
MAX 90 OR ABOVE:   0    0.10 INCH OR MORE:   8
MIN 32 OR BELOW:   7    0.50 INCH OR MORE:   4
MIN  0 OR BELOW:   0    1.00 INCH OR MORE:   1

[HDD (BASE 65) ]
TOTAL THIS MO.   458    CLEAR  (SCALE 0-3)   3
DPTR FM NORMAL  -104    PTCLDY (SCALE 4-7)  13
TOTAL FM JUL 1  1074    CLOUDY (SCALE 8-10) 11
DPTR FM NORMAL   -15

[CDD (BASE 65) ]
TOTAL THIS MO.     0
DPTR FM NORMAL     0    [PRESSURE DATA]
TOTAL FM JAN 1  2032    HIGHEST SLP M ON M
DPTR FM NORMAL    83    LOWEST  SLP 29.55 ON 24

[REMARKS]
