000
CXUS53 KAPX 280631
CF6HTL
PRELIMINARY LOCAL CLIMATOLOGICAL DATA (WS FORM: F-6)

                                          STATION:   HOUGHTON LAKE MI
                                          MONTH:     JULY
                                          YEAR:      2016
                                          LATITUDE:   44 22 N
                                          LONGITUDE:  84 41 W

  TEMPERATURE IN F:       :PCPN:    SNOW:  WIND      :SUNSHINE: SKY     :PK WND
================================================================================
1   2   3   4   5  6A  6B    7    8   9   10  11  12  13   14  15   16   17  18
                                     12Z  AVG MX 2MIN
DY MAX MIN AVG DEP HDD CDD  WTR  SNW DPTH SPD SPD DIR MIN PSBL S-S WX    SPD DR
================================================================================

 1  67  51  59  -7   6   0 0.61  0.0    0  9.5 22 310   M    M   7 1      32 310
 2  77  45  61  -5   4   0 0.00  0.0    0  7.6 15 290   M    M   1        19 320
 3  80  45  63  -4   2   0 0.00  0.0    0  3.5  9 210   M    M   0        11 190
 4  81  47  64  -3   1   0 0.00  0.0    0  4.8 14 170   M    M   2        18 170
 5  83  60  72   5   0   7 0.00  0.0    0  6.9 14 280   M    M   4        19 280
 6  85  61  73   6   0   8 0.11  0.0    0  5.4 10 280   M    M   2 18     15 240
 7  86  65  76   9   0  11 1.11  0.0    0  3.8 24 280   M    M   5 123    38 270
 8  80  60  70   3   0   5 0.39  0.0    0  6.3 40 320   M    M   4 123    57 320
 9  78  56  67   0   0   2 0.00  0.0    0 10.7 21 310   M    M   6        25 340
10  81  52  67   0   0   2 0.00  0.0    0  2.9  8 260   M    M   0        12 140
11  81  63  72   5   0   7    T  0.0    0  6.4 14 220   M    M   6        17 190
12  88  69  79  12   0  14 0.23  0.0    0  9.9 28 260   M    M   2 13     36 250
13  87  68  78  11   0  13 0.00  0.0    0  8.9 18 180   M    M   2        24 210
14  79  64  72   5   0   7 0.02  0.0    0 14.4 25 250   M    M   4 1      36 260
15  66  50  58  -9   7   0 0.01  0.0    0  8.5 17 320   M    M   6 1      20 310
16  76  42  59  -8   6   0 0.00  0.0    0  3.0 12 270   M    M   1 12     14 270
17  77  50  64  -3   1   0 0.03  0.0    0  8.9 21 240   M    M   3        29 240
18  80  61  71   4   0   6 0.00  0.0    0  8.5 16 280   M    M   2        24 230
19  78  51  65  -2   0   0 0.00  0.0    0  4.4 14 330   M    M   1 1      18 350
20  89  49  69   2   0   4 0.00  0.0    0  4.4  9 230   M    M   0        13 250
21  83  69  76   9   0  11 0.09  0.0    0  9.0 28 250   M    M   2 13     36 250
22  92  62  77  10   0  12 0.00  0.0    0  6.9 16 310   M    M   0        20 310
23  90  58  74   7   0   9 0.00  0.0    0  3.6 12 240   M    M   0 1      14  10
24  82  70  76   9   0  11 0.16  0.0    0  7.8 15 280   M    M   6 13     19 270
25  84  60  72   5   0   7 0.00  0.0    0  9.2 21 310   M    M   1 1      27 300
26  86  54  70   3   0   5 0.00  0.0    0  5.8 13 280   M    M   0 1      17 290
27  86  68  77  10   0  12 0.05  0.0    0  5.0 21 210   M    M   1 13     28 210
================================================================================
SM 2202 1550        27 153  2.81     0.0 186.0          M       68
================================================================================
AV 81.6 57.4                               6.9 FASTST   M    M   3    MAX(MPH)
                                 MISC ---->  # 40 320               # 57  320
================================================================================
NOTES:
# LAST OF SEVERAL OCCURRENCES

COLUMN 17 PEAK WIND IN M.P.H.

PRELIMINARY LOCAL CLIMATOLOGICAL DATA (WS FORM: F-6) , PAGE 2

                                          STATION:  HOUGHTON LAKE MI
                                          MONTH:    JULY
                                          YEAR:     2016
                                          LATITUDE:   44 22 N
                                          LONGITUDE:  84 41 W

[TEMPERATURE DATA]      [PRECIPITATION DATA]       SYMBOLS USED IN COLUMN 16

AVERAGE MONTHLY: 69.5   TOTAL FOR MONTH:   2.81    1 = FOG OR MIST
DPTR FM NORMAL:   2.6   DPTR FM NORMAL:    0.44    2 = FOG REDUCING VISIBILITY
HIGHEST:    92 ON 22    GRTST 24HR  1.50 ON  7- 8      TO 1/4 MILE OR LESS
LOWEST:     42 ON 16                               3 = THUNDER
                        SNOW, ICE PELLETS, HAIL    4 = ICE PELLETS
                        TOTAL MONTH:   0.0 INCH    5 = HAIL
                        GRTST 24HR     0.0         6 = FREEZING RAIN OR DRIZZLE
                        GRTST DEPTH:   0           7 = DUSTSTORM OR SANDSTORM:
                                                       VSBY 1/2 MILE OR LESS
                                                   8 = SMOKE OR HAZE
[NO. OF DAYS WITH]      [WEATHER - DAYS WITH]      9 = BLOWING SNOW
                                                   X = TORNADO
MAX 32 OR BELOW:   0    0.01 INCH OR MORE:  11
MAX 90 OR ABOVE:   2    0.10 INCH OR MORE:   6
MIN 32 OR BELOW:   0    0.50 INCH OR MORE:   2
MIN  0 OR BELOW:   0    1.00 INCH OR MORE:   1

[HDD (BASE 65) ]
TOTAL THIS MO.    27    CLEAR  (SCALE 0-3)  17
DPTR FM NORMAL   -12    PTCLDY (SCALE 4-7)  10
TOTAL FM JUL 1    27    CLOUDY (SCALE 8-10)  0
DPTR FM NORMAL   -12

[CDD (BASE 65) ]
TOTAL THIS MO.   153
DPTR FM NORMAL    49    [PRESSURE DATA]
TOTAL FM JAN 1   226    HIGHEST SLP M ON M
DPTR FM NORMAL    47    LOWEST  SLP 29.60 ON 14

[REMARKS]
