000
CXUS53 KAPX 310631
CF6HTL
PRELIMINARY LOCAL CLIMATOLOGICAL DATA (WS FORM: F-6)

                                          STATION:   HOUGHTON LAKE MI
                                          MONTH:     AUGUST
                                          YEAR:      2015
                                          LATITUDE:   44 22 N
                                          LONGITUDE:  84 41 W

  TEMPERATURE IN F:       :PCPN:    SNOW:  WIND      :SUNSHINE: SKY     :PK WND
================================================================================
1   2   3   4   5  6A  6B    7    8   9   10  11  12  13   14  15   16   17  18
                                     12Z  AVG MX 2MIN
DY MAX MIN AVG DEP HDD CDD  WTR  SNW DPTH SPD SPD DIR MIN PSBL S-S WX    SPD DR
================================================================================

 1  81  54  68   1   0   3    T  0.0    0  9.4 21 290   M    M   1 1      27 290
 2  79  59  69   2   0   4 1.05  0.0    0  9.1 39 320   M    M   5 138    53 320
 3  74  52  63  -4   2   0 0.00  0.0    0  7.8 17 300   M    M   8 12     25 310
 4  74  49  62  -4   3   0    T  0.0    0  6.9 16 310   M    M   6 1      23 280
 5  74  50  62  -4   3   0 0.00  0.0    0  5.2 12 340   M    M   1        16  10
 6  76  47  62  -4   3   0 0.00  0.0    0  4.9 13 110   M    M   2 1      15 130
 7  77  49  63  -3   2   0    T  0.0    0  3.5 13 110   M    M   5        17  80
 8  74  57  66   0   0   1    T  0.0    0  4.0 10 130   M    M   8 1      13  90
 9  80  58  69   3   0   4 0.00  0.0    0  5.8 13 200   M    M   5        16 190
10  80  62  71   5   0   6 0.44  0.0    0  4.4 17 350   M    M   5 13     23 350
11  76  58  67   1   0   2 0.00  0.0    0  9.8 20 320   M    M   6        27 320
12  77  54  66   0   0   1 0.00  0.0    0  8.0 16 330   M    M   2        20 310
13  83  62  73   7   0   8 0.01  0.0    0  8.9 18 230   M    M   2 3      25 220
14  89  62  76  11   0  11 0.05  0.0    0  6.7 18 130   M    M   3 13     26  60
15  87  56  72   7   0   7 0.00  0.0    0  3.6  9 270   M    M   1 12     11 160
16  88  64  76  11   0  11 0.00  0.0    0  7.4 16 230   M    M   1 1      24 230
17  88  68  78  13   0  13 0.09  0.0    0  8.0 16 320   M    M   2 13     24 320
18  80  64  72   7   0   7 0.81  0.0    0  4.4 22 210   M    M   6 1      27 190
19  82  67  75  10   0  10 0.05  0.0    0 11.2 20 230   M    M   6 13     29 220
20  69  59  64  -1   1   0 0.18  0.0    0 12.3 25 240   M    M  10 1      32 230
21  75  56  66   2   0   1 0.00  0.0    0  8.0 15 270   M    M   3        20 250
22  80  54  67   3   0   2 0.00  0.0    0  5.2 12 190   M    M   1        15 180
23  74  55  65   1   0   0 0.36  0.0    0 10.8 21 270   M    M   5 3      28 260
24  67  53  60  -4   5   0 0.06  0.0    0 12.7 23 250   M    M   9 8      31 240
25  63  53  58  -6   7   0    T  0.0    0 10.7 18 300   M    M  10        23 300
26  62  53  58  -6   7   0 0.01  0.0    0  8.3 16 320   M    M  10        21 330
27  71  53  62  -1   3   0 0.00  0.0    0  4.3 10 180   M    M   8        12 170
28  73  50  62  -1   3   0    T  0.0    0  5.6 12 210   M    M   2 1      15 230
29  70  53  62  -1   3   0 0.16  0.0    0  4.1 13 260   M    M   8 12     16 250
30  78  52  65   2   0   0 0.00  0.0    0  2.7  8 210   M    M   6 12     11 230
================================================================================
SM 2301 1683        42  91  3.27     0.0 213.7          M      147
================================================================================
AV 76.7 56.1                               7.1 FASTST   M    M   5    MAX(MPH)
                                 MISC ---->  # 39 320               # 53  320
================================================================================
NOTES:
# LAST OF SEVERAL OCCURRENCES

COLUMN 17 PEAK WIND IN M.P.H.

PRELIMINARY LOCAL CLIMATOLOGICAL DATA (WS FORM: F-6) , PAGE 2

                                          STATION:  HOUGHTON LAKE MI
                                          MONTH:    AUGUST
                                          YEAR:     2015
                                          LATITUDE:   44 22 N
                                          LONGITUDE:  84 41 W

[TEMPERATURE DATA]      [PRECIPITATION DATA]       SYMBOLS USED IN COLUMN 16

AVERAGE MONTHLY: 66.4   TOTAL FOR MONTH:   3.27    1 = FOG OR MIST
DPTR FM NORMAL:   1.3   DPTR FM NORMAL:   -0.02    2 = FOG REDUCING VISIBILITY
HIGHEST:    89 ON 14    GRTST 24HR  1.05 ON  2- 2      TO 1/4 MILE OR LESS
LOWEST:     47 ON  6                               3 = THUNDER
                        SNOW, ICE PELLETS, HAIL    4 = ICE PELLETS
                        TOTAL MONTH:   0.0 INCH    5 = HAIL
                        GRTST 24HR     0.0         6 = FREEZING RAIN OR DRIZZLE
                        GRTST DEPTH:   0           7 = DUSTSTORM OR SANDSTORM:
                                                       VSBY 1/2 MILE OR LESS
                                                   8 = SMOKE OR HAZE
[NO. OF DAYS WITH]      [WEATHER - DAYS WITH]      9 = BLOWING SNOW
                                                   X = TORNADO
MAX 32 OR BELOW:   0    0.01 INCH OR MORE:  12
MAX 90 OR ABOVE:   0    0.10 INCH OR MORE:   6
MIN 32 OR BELOW:   0    0.50 INCH OR MORE:   2
MIN  0 OR BELOW:   0    1.00 INCH OR MORE:   1

[HDD (BASE 65) ]
TOTAL THIS MO.    42    CLEAR  (SCALE 0-3)  12
DPTR FM NORMAL   -34    PTCLDY (SCALE 4-7)  13
TOTAL FM JUL 1    90    CLOUDY (SCALE 8-10)  5
DPTR FM NORMAL   -33

[CDD (BASE 65) ]
TOTAL THIS MO.    91
DPTR FM NORMAL    15    [PRESSURE DATA]
TOTAL FM JAN 1   252    HIGHEST SLP M ON M
DPTR FM NORMAL   -11    LOWEST  SLP 29.51 ON  2

[REMARKS]
