000
CXUS53 KIND 220730
CF6HUF
PRELIMINARY LOCAL CLIMATOLOGICAL DATA (WS FORM: F-6)

                                          STATION:   TERRE HAUTE IN
                                          MONTH:     MAY
                                          YEAR:      2017
                                          LATITUDE:   39 27 N
                                          LONGITUDE:  87 18 W

  TEMPERATURE IN F:       :PCPN:    SNOW:  WIND      :SUNSHINE: SKY     :PK WND
================================================================================
1   2   3   4   5  6A  6B    7    8   9   10  11  12  13   14  15   16   17  18
                                     12Z  AVG MX 2MIN
DY MAX MIN AVG DEP HDD CDD  WTR  SNW DPTH SPD SPD DIR MIN PSBL S-S WX    SPD DR
================================================================================

 1  68  48  58   0   7   0 0.22    M    M 15.4 32 250   M    M   6 13     44 240
 2  64  45  55  -3  10   0 0.01    M    M 13.6 29 270   M    M   6        37 270
 3  51  40  46 -13  19   0 0.72    M    M  6.9 18  70   M    M   6 1      24  80
 4  49  47  48 -11  17   0 2.53    M    M 16.6 24  20   M    M  10 1      34  10
 5  60  45  53  -6  12   0 0.02    M    M 16.9 30 360   M    M   4 1      38 360
 6  61  43  52  -8  13   0 0.39    M    M  8.0 22 360   M    M   4 1      29  10
 7  63  38  51  -9  14   0 0.00    M    M  5.6 18 320   M    M   0 1      23 330
 8  66  37  52  -8  13   0    T    M    M  4.5  9 170   M    M   2        14 120
 9  83  51  67   6   0   2 0.00    M    M  6.8 16 240   M    M   4        19 240
10  84  57  71  10   0   6 0.47    M    M  7.2 40 290   M    M   2 123    51 290
11  66  58  62   1   3   0 0.06    M    M  7.5 18  30   M    M   8 13     21  30
12  70  55  63   1   2   0 0.00    M    M  8.4 21  50   M    M   4        25  60
13  77  48  63   1   2   0 0.00    M    M  5.1 14 250   M    M   0        20 330
14  82  54  68   6   0   3 0.00    M    M  6.2 18 260   M    M   0        22 260
15  84  56  70   7   0   5 0.00    M    M  4.8 16 170   M    M   0        21 180
16  85  57  71   8   0   6 0.00    M    M 11.2 23 200   M    M   0        33 210
17  85  70  78  15   0  13    T    M    M 16.9 32 210   M    M   1 3      42 210
18  87  71  79  15   0  14    T    M    M 12.2 20 210   M    M   2 3      28 200
19  82  61  72   8   0   7 1.03    M    M  8.3 23 210   M    M   6 13     34 210
20  82  60  71   7   0   6 0.64    M    M 10.2 20 170   M    M   7 13     26 150
21  73  54  64  -1   1   0    T    M    M 10.5 20 270   M    M   7        29 260
================================================================================
SM 1522 1095       113  62  6.09    M    202.8          M       79
================================================================================
AV 72.5 52.1                               9.7 FASTST   M    M   4    MAX(MPH)
                                 MISC ---->  # 40 290               # 51  290
================================================================================
NOTES:
# LAST OF SEVERAL OCCURRENCES

COLUMN 17 PEAK WIND IN M.P.H.

PRELIMINARY LOCAL CLIMATOLOGICAL DATA (WS FORM: F-6) , PAGE 2

                                          STATION:  TERRE HAUTE IN
                                          MONTH:    MAY
                                          YEAR:     2017
                                          LATITUDE:   39 27 N
                                          LONGITUDE:  87 18 W

[TEMPERATURE DATA]      [PRECIPITATION DATA]       SYMBOLS USED IN COLUMN 16

AVERAGE MONTHLY: 62.3   TOTAL FOR MONTH:   6.09    1 = FOG OR MIST
DPTR FM NORMAL:   1.0   DPTR FM NORMAL:    1.24    2 = FOG REDUCING VISIBILITY
HIGHEST:    87 ON 18    GRTST 24HR  2.53 ON  4- 4      TO 1/4 MILE OR LESS
LOWEST:     37 ON  8                               3 = THUNDER
                        SNOW, ICE PELLETS, HAIL    4 = ICE PELLETS
                        TOTAL MONTH:    M          5 = HAIL
                        GRTST 24HR    M  ON   M    6 = FREEZING RAIN OR DRIZZLE
                        GRTST DEPTH:  M  ON   M    7 = DUSTSTORM OR SANDSTORM:
                                                       VSBY 1/2 MILE OR LESS
                                                   8 = SMOKE OR HAZE
[NO. OF DAYS WITH]      [WEATHER - DAYS WITH]      9 = BLOWING SNOW
                                                   X = TORNADO
MAX 32 OR BELOW:   0    0.01 INCH OR MORE:  10
MAX 90 OR ABOVE:   0    0.10 INCH OR MORE:   7
MIN 32 OR BELOW:   0    0.50 INCH OR MORE:   4
MIN  0 OR BELOW:   0    1.00 INCH OR MORE:   2

[HDD (BASE 65) ]
TOTAL THIS MO.   113    CLEAR  (SCALE 0-3)   9
DPTR FM NORMAL     2    PTCLDY (SCALE 4-7)  11
TOTAL FM JUL 1  4230    CLOUDY (SCALE 8-10)  1
DPTR FM NORMAL -1101

[CDD (BASE 65) ]
TOTAL THIS MO.    62
DPTR FM NORMAL    26    [PRESSURE DATA]
TOTAL FM JAN 1    92    HIGHEST SLP M ON M
DPTR FM NORMAL    41    LOWEST  SLP 29.52 ON  1

[REMARKS]
