000
CXUS53 KIND 300730
CF6HUF
PRELIMINARY LOCAL CLIMATOLOGICAL DATA (WS FORM: F-6)

                                          STATION:   TERRE HAUTE IN
                                          MONTH:     SEPTEMBER
                                          YEAR:      2016
                                          LATITUDE:   39 27 N
                                          LONGITUDE:  87 18 W

  TEMPERATURE IN F:       :PCPN:    SNOW:  WIND      :SUNSHINE: SKY     :PK WND
================================================================================
1   2   3   4   5  6A  6B    7    8   9   10  11  12  13   14  15   16   17  18
                                     12Z  AVG MX 2MIN
DY MAX MIN AVG DEP HDD CDD  WTR  SNW DPTH SPD SPD DIR MIN PSBL S-S WX    SPD DR
================================================================================

 1  79  60  70  -1   0   5 0.00    M    M  8.8 18  50   M    M   2        24  10
 2  80  57  69  -2   0   4 0.00    M    M  8.8 20  50   M    M   1        26  60
 3  82  54  68  -2   0   3 0.00    M    M  5.0 14  80   M    M   1        18  90
 4  84  54  69  -1   0   4 0.00    M    M  4.2 10 150   M    M   0        13 110
 5  88  63  76   6   0  11 0.06    M    M  5.3 22 200   M    M   2        33 210
 6  91  68  80  10   0  15 0.00    M    M  7.4 17 190   M    M   1        23 220
 7  91  71  81  12   0  16 0.00    M    M  8.2 18 210   M    M   1        23 210
 8  82  71  77   8   0  12 0.37    M    M  5.9 16 230   M    M   5 123    21 230
 9  84  68  76   7   0  11 0.14    M    M  7.0 18 180   M    M   6 13     27 240
10  78  61  70   2   0   5 1.04    M    M  8.6 21 300   M    M   6 13     29 260
11  78  52  65  -3   0   0 0.00    M    M  1.4  8  40   M    M   0 1      10  40
12  80  52  66  -2   0   1 0.00    M    M  3.7 14 190   M    M   0        17 170
13  84  53  69   2   0   4 0.00    M    M  2.8 10 200   M    M   0 12     14 200
14  85  62  74   7   0   9 0.02    M    M  2.9  9  20   M    M   1 1      12  40
15  84  63  74   8   0   9 0.00    M    M  5.8 10  70   M    M   1 1      14 150
16  79  64  72   6   0   7 0.41    M    M  5.0 16 250   M    M   2 13     22 250
17  80  67  74   8   0   9 0.96    M    M  6.2 13 210   M    M   6 13     16 200
18  82  59  71   6   0   6 0.00    M    M  1.8  8 300   M    M   2 12     11 210
19  86  54  70   5   0   5 0.00    M    M  1.8  9 200   M    M   2 12     11 200
20  88  57  73   9   0   8 0.00    M    M  1.3  8 190   M    M   0 12     11 190
21  89  57  73   9   0   8 0.00    M    M  2.7 12 140   M    M   0 128    15 150
22  90  57  74  11   0   9 0.00    M    M  1.9  9 210   M    M   0 18     13 120
23  88  60  74  11   0   9 0.00    M    M  1.4  7 180   M    M   1 128     9 170
24  87  62  75  12   0  10 0.00    M    M  2.9 12  80   M    M   3 128    13  40
25  88  64  76  14   0  11 0.15    M    M  4.5 13 170   M    M   2 13     16 190
26  74  50  62   0   3   0 0.07    M    M  7.8 20 320   M    M   3 13     27 320
27  77  47  62   1   3   0 0.00    M    M  8.2 21 250   M    M   1        26 240
28  68  55  62   1   3   0    T    M    M  6.9 18 310   M    M   9        24 320
29  69  54  62   2   3   0 0.10    M    M  5.3 12  40   M    M   8 1      17  30
================================================================================
SM 2395 1716        12 191  3.32    M    143.5          M       66
================================================================================
AV 82.6 59.2                               4.9 FASTST   M    M   2    MAX(MPH)
                                 MISC ---->  # 22 200               # 33  210
================================================================================
NOTES:
# LAST OF SEVERAL OCCURRENCES

COLUMN 17 PEAK WIND IN M.P.H.

PRELIMINARY LOCAL CLIMATOLOGICAL DATA (WS FORM: F-6) , PAGE 2

                                          STATION:  TERRE HAUTE IN
                                          MONTH:    SEPTEMBER
                                          YEAR:     2016
                                          LATITUDE:   39 27 N
                                          LONGITUDE:  87 18 W

[TEMPERATURE DATA]      [PRECIPITATION DATA]       SYMBOLS USED IN COLUMN 16

AVERAGE MONTHLY: 70.9   TOTAL FOR MONTH:   3.32    1 = FOG OR MIST
DPTR FM NORMAL:   4.7   DPTR FM NORMAL:    0.01    2 = FOG REDUCING VISIBILITY
HIGHEST:    91 ON  7, 6 GRTST 24HR  1.37 ON 16-17      TO 1/4 MILE OR LESS
LOWEST:     47 ON 27                               3 = THUNDER
                        SNOW, ICE PELLETS, HAIL    4 = ICE PELLETS
                        TOTAL MONTH:    M          5 = HAIL
                        GRTST 24HR    M  ON   M    6 = FREEZING RAIN OR DRIZZLE
                        GRTST DEPTH:  M  ON   M    7 = DUSTSTORM OR SANDSTORM:
                                                       VSBY 1/2 MILE OR LESS
                                                   8 = SMOKE OR HAZE
[NO. OF DAYS WITH]      [WEATHER - DAYS WITH]      9 = BLOWING SNOW
                                                   X = TORNADO
MAX 32 OR BELOW:   0    0.01 INCH OR MORE:  10
MAX 90 OR ABOVE:   3    0.10 INCH OR MORE:   7
MIN 32 OR BELOW:   0    0.50 INCH OR MORE:   2
MIN  0 OR BELOW:   0    1.00 INCH OR MORE:   1

[HDD (BASE 65) ]
TOTAL THIS MO.    12    CLEAR  (SCALE 0-3)  23
DPTR FM NORMAL   -54    PTCLDY (SCALE 4-7)   4
TOTAL FM JUL 1    16    CLOUDY (SCALE 8-10)  2
DPTR FM NORMAL   -55

[CDD (BASE 65) ]
TOTAL THIS MO.   191
DPTR FM NORMAL    93    [PRESSURE DATA]
TOTAL FM JAN 1  1339    HIGHEST SLP M ON M
DPTR FM NORMAL   362    LOWEST  SLP 29.74 ON 28

[REMARKS]
