000
CXUS51 KCAR 010600
CF6HUL
PRELIMINARY LOCAL CLIMATOLOGICAL DATA (WS FORM: F-6)

                                          STATION:   HOULTON ME
                                          MONTH:     SEPTEMBER
                                          YEAR:      2014
                                          LATITUDE:   46  7 N
                                          LONGITUDE:  67 48 W

  TEMPERATURE IN F:       :PCPN:    SNOW:  WIND      :SUNSHINE: SKY     :PK WND
================================================================================
1   2   3   4   5  6A  6B    7    8   9   10  11  12  13   14  15   16   17  18
                                     12Z  AVG MX 2MIN
DY MAX MIN AVG DEP HDD CDD  WTR  SNW DPTH SPD SPD DIR MIN PSBL S-S WX    SPD DR
================================================================================

 1  81  65  73  13   0   8    T    M    M  4.9 18 100   M    M   8 138    24 100
 2  79  65  72  12   0   7 0.00    M    M  6.0 14 170   M    M  10 1      20 170
 3  80  53  67   7   0   2 0.24    M    M  6.5 18 300   M    M   5 1      25 300
 4  82  47  65   5   0   0 0.00    M    M  6.8 18 240   M    M   1        24 230
 5  84  60  72  13   0   7 0.00    M    M  7.2 18 230   M    M   2        24 230
 6  82  53  68   9   0   3 0.67    M    M  8.9 21 270   M    M   7 1      28 280
 7  71  42  57  -1   8   0 0.00    M    M  5.3 21 290   M    M   1 1      32 250
 8  69  34  52  -6  13   0 0.00    M    M  2.7  9 220   M    M   0        14 220
 9  70  38  54  -4  11   0 0.00    M    M  4.3 13 120   M    M   0        19 120
10  72  39  56  -1   9   0 0.00    M    M  4.6 12 160   M    M   2        16 150
11  62  53  58   1   7   0 0.27    M    M  7.9 16 270   M    M   8 1      23 290
12  64  36  50  -7  15   0 0.00    M    M  8.6 22 330   M    M   3        28 330
13  58  31  45 -11  20   0 0.06    M    M  2.6 12 110   M    M   3 1      16 110
14  57  33  45 -11  20   0 0.01    M    M  6.0 14 290   M    M   8        20 300
15  60  35  48  -7  17   0 0.00    M    M  2.9 14 290   M    M   7        19 290
16  58  39  49  -6  16   0    T    M    M  5.4 13 200   M    M   6 1      18 220
17  66  46  56   1   9   0    T    M    M  5.5 15 260   M    M   6 1      23 270
18  57  28  43 -11  22   0 0.00    M    M  6.8 17 320   M    M   7        22 310
19  54  25  40 -14  25   0 0.00    M    M  5.2 16  10   M    M   0        22 320
20  57  39  48  -5  17   0    T    M    M 11.1 21 210   M    M   5        31 220
21  71  55  63  10   2   0 0.01    M    M  8.4 18 200   M    M   8 18     31 190
22  72  45  59   7   6   0 0.04    M    M  9.2 25 260   M    M   8 12     37 250
23  59  41  50  -2  15   0    T    M    M  8.4 20 250   M    M   2        26 280
24  64  28  46  -6  19   0 0.00    M    M  4.2 13 230   M    M   0 1      17 220
25  73  43  58   7   7   0 0.00    M    M  7.6 17 240   M    M   1 1      23 300
26  78  41  60   9   5   0 0.00    M    M  3.5 12 250   M    M   0 1      15 250
27  77  47  62  12   3   0 0.00    M    M  4.6 18 360   M    M   1 1      26 360
28  84  46  65  15   0   0 0.00    M    M  6.4 18 230   M    M   0 1      24 230
29  64  43  54   4  11   0 0.00    M    M  7.6 16  60   M    M   8 1      23  50
30  59  43  51   2  14   0 0.00    M    M  4.3 10  10   M    M   9 1      13  70
================================================================================
SM 2064 1293       291  27  1.30    M    183.4          M      126
================================================================================
AV 68.8 43.1                               6.1 FASTST   M    M   4    MAX(MPH)
                                 MISC ---->  # 25 260               # 37  250
================================================================================
NOTES:
# LAST OF SEVERAL OCCURRENCES

COLUMN 17 PEAK WIND IN M.P.H.

PRELIMINARY LOCAL CLIMATOLOGICAL DATA (WS FORM: F-6) , PAGE 2

                                          STATION:  HOULTON ME
                                          MONTH:    SEPTEMBER
                                          YEAR:     2014
                                          LATITUDE:   46  7 N
                                          LONGITUDE:  67 48 W

[TEMPERATURE DATA]      [PRECIPITATION DATA]       SYMBOLS USED IN COLUMN 16

AVERAGE MONTHLY: 56.0   TOTAL FOR MONTH:   1.30    1 = FOG OR MIST
DPTR FM NORMAL:   0.9   DPTR FM NORMAL:   -2.10    2 = FOG REDUCING VISIBILITY
HIGHEST:    84 ON 28, 5 GRTST 24HR  0.67 ON  6- 6      TO 1/4 MILE OR LESS
LOWEST:     25 ON 19                               3 = THUNDER
                        SNOW, ICE PELLETS, HAIL    4 = ICE PELLETS
                        TOTAL MONTH:    M          5 = HAIL
                        GRTST 24HR    M  ON   M    6 = FREEZING RAIN OR DRIZZLE
                        GRTST DEPTH:  M  ON   M    7 = DUSTSTORM OR SANDSTORM:
                                                       VSBY 1/2 MILE OR LESS
                                                   8 = SMOKE OR HAZE
[NO. OF DAYS WITH]      [WEATHER - DAYS WITH]      9 = BLOWING SNOW
                                                   X = TORNADO
MAX 32 OR BELOW:   0    0.01 INCH OR MORE:   7
MAX 90 OR ABOVE:   0    0.10 INCH OR MORE:   3
MIN 32 OR BELOW:   4    0.50 INCH OR MORE:   1
MIN  0 OR BELOW:   0    1.00 INCH OR MORE:   0

[HDD (BASE 65) ]
TOTAL THIS MO.   291    CLEAR  (SCALE 0-3)  15
DPTR FM NORMAL   -21    PTCLDY (SCALE 4-7)  12
TOTAL FM JUL 1   376    CLOUDY (SCALE 8-10)  3
DPTR FM NORMAL   -92

[CDD (BASE 65) ]
TOTAL THIS MO.    27
DPTR FM NORMAL    14    [PRESSURE DATA]
TOTAL FM JAN 1   230    HIGHEST SLP 30.63 ON 24
DPTR FM NORMAL    39    LOWEST  SLP 29.39 ON 22

[REMARKS]
#FINAL-09-14#
