000
CXUS56 KTFX 271643
CF6HVR
PRELIMINARY LOCAL CLIMATOLOGICAL DATA (WS FORM: F-6)

                                          STATION:   HAVRE MT
                                          MONTH:     FEBRUARY
                                          YEAR:      2017
                                          LATITUDE:   48 32 N
                                          LONGITUDE: 109 46 W

  TEMPERATURE IN F:       :PCPN:    SNOW:  WIND      :SUNSHINE: SKY     :PK WND
================================================================================
1   2   3   4   5  6A  6B    7    8   9   10  11  12  13   14  15   16   17  18
                                     12Z  AVG MX 2MIN
DY MAX MIN AVG DEP HDD CDD  WTR  SNW DPTH SPD SPD DIR MIN PSBL S-S WX    SPD DR
================================================================================

 1  19   2  11  -9  54   0    T    T    1  9.2 21 240   M    M   7 1      23 230
 2  20   1  11  -9  54   0 0.00  0.0    1  3.4 14 240   M    M   5        15 240
 3  21  -5   8 -12  57   0 0.14  2.0    1  5.8 13 320   M    M   4 1      15 330
 4  17  13  15  -5  50   0 0.04  2.0    3  4.3 10 290   M    M  10 18     13 320
 5  16   6  11  -9  54   0 0.01    T    3  6.8 16 310   M    M  10 18     20 310
 6   9  -8   1 -19  64   0 0.11  1.0    4  9.2 17 100   M    M   9 128    19  90
 7   2 -17  -7 -27  72   0 0.03    T    4  7.0 15 310   M    M   9 18     18 300
 8   1 -23 -11 -32  76   0 0.00  0.0    4  8.1 18 230   M    M   2        20 230
 9  48  -4  22   1  43   0    T    T    4  5.7 33 240   M    M   3 6      47 250
10  45  31  38  17  27   0 0.00  0.0    3 18.0 33 220   M    M   0        39 220
11  37  27  32  11  33   0 0.00  0.0    T 17.3 26 270   M    M   4        34 240
12  42  25  34  13  31   0 0.00  0.0    T 17.1 28 230   M    M   0        32 230
13  44  28  36  14  29   0 0.00  0.0    T  9.5 17 220   M    M   0        20 230
14  51  28  40  18  25   0 0.00  0.0    T 10.9 23 220   M    M   0        26 220
15  58  34  46  24  19   0 0.00  0.0    T 17.3 28 240   M    M   0        31 240
16  64  35  50  28  15   0 0.00  0.0    T 13.1 31 230   M    M   1        37 240
17  53  28  41  19  24   0 0.00  0.0    0 13.1 30 280   M    M   1        36 280
18  49  27  38  15  27   0    T    T    0 14.6 23  80   M    M   5        27  80
19  49  28  39  16  26   0 0.01    T    0  5.7 22  80   M    M   4 1      27  80
20  52  30  41  18  24   0    T  0.0    0 10.6 20 220   M    M   4        24 210
21  40  33  37  13  28   0 0.08    T    0  6.8 20 210   M    M   6 1      24 210
22  37  30  34  10  31   0 0.11  1.1    1  7.5 14  70   M    M  10 1      17  80
23  30  16  23  -1  42   0 0.02  1.0    2 11.3 17  40   M    M  10 1      20  60
24  31  12  22  -2  43   0 0.02  1.0    2  3.2 12 220   M    M  10 12     12 230
25  36  16  26   1  39   0    T    T    1 12.6 25 270   M    M   8 1      31 280
26  30  16  23  -2  42   0 0.08  0.5    1 10.1 28 270   M    M  10 18     35 270
================================================================================
SM  901  409      1029   0  0.65     8.6 258.2          M      132
================================================================================
AV 34.7 15.7                               9.9 FASTST   M    M   5    MAX(MPH)
                                 MISC ---->  # 33 240               # 47  250
================================================================================
NOTES:
# LAST OF SEVERAL OCCURRENCES

COLUMN 17 PEAK WIND IN M.P.H.

PRELIMINARY LOCAL CLIMATOLOGICAL DATA (WS FORM: F-6) , PAGE 2

                                          STATION:  HAVRE MT
                                          MONTH:    FEBRUARY
                                          YEAR:     2017
                                          LATITUDE:   48 32 N
                                          LONGITUDE: 109 46 W

[TEMPERATURE DATA]      [PRECIPITATION DATA]       SYMBOLS USED IN COLUMN 16

AVERAGE MONTHLY: 25.2   TOTAL FOR MONTH:   0.65    1 = FOG OR MIST
DPTR FM NORMAL:   3.3   DPTR FM NORMAL:    0.39    2 = FOG REDUCING VISIBILITY
HIGHEST:    64 ON 16    GRTST 24HR  0.18 ON  3- 4      TO 1/4 MILE OR LESS
LOWEST:    -23 ON  8                               3 = THUNDER
                        SNOW, ICE PELLETS, HAIL    4 = ICE PELLETS
                        TOTAL MONTH:   8.6 INCHES  5 = HAIL
                        GRTST 24HR   2.0 ON  4- 4  6 = FREEZING RAIN OR DRIZZLE
                        GRTST DEPTH:   4 ON  9, 8  7 = DUSTSTORM OR SANDSTORM:
                                                       VSBY 1/2 MILE OR LESS
                                                   8 = SMOKE OR HAZE
[NO. OF DAYS WITH]      [WEATHER - DAYS WITH]      9 = BLOWING SNOW
                                                   X = TORNADO
MAX 32 OR BELOW:  11    0.01 INCH OR MORE:  11
MAX 90 OR ABOVE:   0    0.10 INCH OR MORE:   3
MIN 32 OR BELOW:  23    0.50 INCH OR MORE:   0
MIN  0 OR BELOW:   5    1.00 INCH OR MORE:   0

[HDD (BASE 65) ]
TOTAL THIS MO.  1029    CLEAR  (SCALE 0-3)   9
DPTR FM NORMAL   -88    PTCLDY (SCALE 4-7)   9
TOTAL FM JUL 1  5906    CLOUDY (SCALE 8-10)  8
DPTR FM NORMAL  -134

[CDD (BASE 65) ]
TOTAL THIS MO.     0
DPTR FM NORMAL     0    [PRESSURE DATA]
TOTAL FM JAN 1     0    HIGHEST SLP M ON M
DPTR FM NORMAL     0    LOWEST  SLP 29.33 ON  6

[REMARKS]
