000
CXUS56 KMTR 251000
CF6HWD
PRELIMINARY LOCAL CLIMATOLOGICAL DATA (WS FORM: F-6)

                                          STATION:   HAYWARD AIRPORT
                                          MONTH:     OCTOBER
                                          YEAR:      2014
                                          LATITUDE:   37 39 N
                                          LONGITUDE: 122  7 W

  TEMPERATURE IN F:       :PCPN:    SNOW:  WIND      :SUNSHINE: SKY     :PK WND
================================================================================
1   2   3   4   5  6A  6B    7    8   9   10  11  12  13   14  15   16   17  18
                                     12Z  AVG MX 2MIN
DY MAX MIN AVG DEP HDD CDD  WTR  SNW DPTH SPD SPD DIR MIN PSBL S-S WX    SPD DR
================================================================================

 1  80  55  68   3   0   3 0.00  0.0    0  5.3  8 110   M    M   0         9 110
 2  84  54  69   4   0   4 0.00  0.0    0  5.2 13 290   M    M   0        15 280
 3  89  58  74  10   0   9 0.00  0.0    0  3.6 13 290   M    M   0        15 290
 4  92  60  76  12   0  11 0.00  0.0    0  4.4 14 300   M    M   0        17 300
 5  91  60  76  12   0  11 0.00  0.0    0  3.7 12 290   M    M   0        13 290
 6  87  55  71   7   0   6 0.00  0.0    0  3.3 12 290   M    M   0        14 290
 7  79  57  68   4   0   3 0.00  0.0    0  3.8 16 300   M    M   0        18 300
 8  79  58  69   5   0   4 0.00  0.0    0  3.9 13 310   M    M   0        14 310
 9  71  57  64   0   1   0 0.00  0.0    0  4.7 14 290   M    M   4        15 300
10  71  57  64   0   1   0 0.00  0.0    0  5.8 14 290   M    M   6        17 290
11  73  58  66   2   0   1 0.00  0.0    0  3.9 13 290   M    M   4        15 290
12  91  57  74  11   0   9 0.00  0.0    0  3.0 12 290   M    M   0        16 290
13  88  57  73  10   0   8 0.00  0.0    0  5.9 17 310   M    M   0        21 310
14  75  56  66   3   0   1 0.00  0.0    0  8.0 23 220   M    M   5 18     30 210
15  74  61  68   5   0   3 0.02  0.0    0  6.2 15 290   M    M   4 1      17 290
16  74  55  65   2   0   0 0.00  0.0    0  5.1 16 280   M    M   0        20 290
17  76  55  66   3   0   1 0.00  0.0    0  3.7  9 280   M    M   1        13 290
18  77  57  67   5   0   2 0.00  0.0    0  5.2 15 300   M    M   1 8      18 310
19  74  56  65   3   0   0 0.00  0.0    0  5.0 20 300   M    M   3        23 300
20  69  55  62   0   3   0    T  0.0    0  5.4 16 290   M    M   6 1      26 270
21  65  50  58  -4   7   0 0.00  0.0    0  6.0 18 280   M    M   0        30 280
22  66  50  58  -4   7   0 0.00  0.0    0  4.4 13 290   M    M   0        15 290
23  74  55  65   3   0   0 0.00  0.0    0  3.3 14 300   M    M   1        16 300
24  75  56  66   5   0   1 0.00  0.0    0  7.3 17 290   M    M   0        21 300
================================================================================
SM 1874 1349        19  77  0.02     0.0 116.1          M       35
================================================================================
AV 78.1 56.2                               4.8 FASTST   M    M   1    MAX(MPH)
                                 MISC ---->  # 23 220               # 30  210
================================================================================
NOTES:
# LAST OF SEVERAL OCCURRENCES

COLUMN 17 PEAK WIND IN M.P.H.

PRELIMINARY LOCAL CLIMATOLOGICAL DATA (WS FORM: F-6) , PAGE 2

                                          STATION:  HAYWARD AIRPORT
                                          MONTH:    OCTOBER
                                          YEAR:     2014
                                          LATITUDE:   37 39 N
                                          LONGITUDE: 122  7 W

[TEMPERATURE DATA]      [PRECIPITATION DATA]       SYMBOLS USED IN COLUMN 16

AVERAGE MONTHLY: 67.1   TOTAL FOR MONTH:   0.02    1 = FOG OR MIST
DPTR FM NORMAL:   3.9   DPTR FM NORMAL:   -0.68    2 = FOG REDUCING VISIBILITY
HIGHEST:    92 ON  4    GRTST 24HR  0.02 ON 15-15      TO 1/4 MILE OR LESS
LOWEST:     50 ON 22,21                            3 = THUNDER
                        SNOW, ICE PELLETS, HAIL    4 = ICE PELLETS
                        TOTAL MONTH:   0.0 INCH    5 = HAIL
                        GRTST 24HR     0.0         6 = FREEZING RAIN OR DRIZZLE
                        GRTST DEPTH:   0           7 = DUSTSTORM OR SANDSTORM:
                                                       VSBY 1/2 MILE OR LESS
                                                   8 = SMOKE OR HAZE
[NO. OF DAYS WITH]      [WEATHER - DAYS WITH]      9 = BLOWING SNOW
                                                   X = TORNADO
MAX 32 OR BELOW:   0    0.01 INCH OR MORE:   1
MAX 90 OR ABOVE:   3    0.10 INCH OR MORE:   0
MIN 32 OR BELOW:   0    0.50 INCH OR MORE:   0
MIN  0 OR BELOW:   0    1.00 INCH OR MORE:   0

[HDD (BASE 65) ]
TOTAL THIS MO.    19    CLEAR  (SCALE 0-3)  18
DPTR FM NORMAL   -50    PTCLDY (SCALE 4-7)   6
TOTAL FM JUL 1    21    CLOUDY (SCALE 8-10)  0
DPTR FM NORMAL  -149

[CDD (BASE 65) ]
TOTAL THIS MO.    77
DPTR FM NORMAL    52    [PRESSURE DATA]
TOTAL FM JAN 1   564    HIGHEST SLP M ON M
DPTR FM NORMAL   274    LOWEST  SLP 29.81 ON 14

[REMARKS]
