000
CXUS52 KMFL 181000
CF6HWO
PRELIMINARY LOCAL CLIMATOLOGICAL DATA (WS FORM: F-6)

                                          STATION:   NORTH PERRY ARPT
                                          MONTH:     DECEMBER
                                          YEAR:      2014
                                          LATITUDE:   26  0 N
                                          LONGITUDE:  80 14 W

  TEMPERATURE IN F:       :PCPN:    SNOW:  WIND      :SUNSHINE: SKY     :PK WND
================================================================================
1   2   3   4   5  6A  6B    7    8   9   10  11  12  13   14  15   16   17  18
                                     12Z  AVG MX 2MIN
DY MAX MIN AVG DEP HDD CDD  WTR  SNW DPTH SPD SPD DIR MIN PSBL S-S WX    SPD DR
================================================================================

 1  82  70  76   4   0  11 0.04  0.0    0 12.9 25  50   M    M   7 1      33  90
 2  79  69  74   3   0   9 0.47  0.0    0 10.3 21 100   M    M   7 138    29 100
 3  82  70  76   5   0  11    T  0.0    0 10.9 23  70   M    M   2        27  80
 4  81  71  76   5   0  11 0.12  0.0    0 12.1 18  60   M    M   4 1      32  80
 5  82  70  76   5   0  11 0.10  0.0    0 10.6 21 100   M    M   5 1      26 110
 6  82  67  75   4   0  10 0.00  0.0    0  6.4 15  40   M    M   2        19  50
 7  81  64  73   2   0   8 0.00  0.0    0  8.1 17 350   M    M   1 8      22 350
 8  76  59  68  -2   0   3 0.00  0.0    0  7.1 14 270   M    M   0        17 270
 9  70  54  62  -8   3   0 0.00  0.0    0 10.7 21 310   M    M   6 1      26 300
10  66  48  57 -13   8   0 0.00  0.0    0  7.7 22 350   M    M   0        27 350
11  70  46  58 -12   7   0 0.00  0.0    0  3.3 12 330   M    M   2 8      16 280
12  68  51  60 -10   5   0 0.00  0.0    0  7.3 14 330   M    M   1        18 320
13  77  54  66  -4   0   1 0.00  0.0    0  9.1 16 360   M    M   3        20 340
14  76  53  65  -5   0   0 0.00  0.0    0  5.2 12 310   M    M   1        15 340
15  77  53  65  -5   0   0 0.00  0.0    0  2.7 10 100   M    M   1        12 110
16  78  55  67  -2   0   2 0.00  0.0    0  3.1 10 290   M    M   1        14 320
17  80  54  67  -2   0   2 0.00  0.0    0  2.6 12 310   M    M   0        17 290
================================================================================
SM 1307 1008        23  79  0.73     0.0 130.1          M       43
================================================================================
AV 76.9 59.3                               7.7 FASTST   M    M   3    MAX(MPH)
                                 MISC ---->  # 25  50               # 33   90
================================================================================
NOTES:
# LAST OF SEVERAL OCCURRENCES

COLUMN 17 PEAK WIND IN M.P.H.

PRELIMINARY LOCAL CLIMATOLOGICAL DATA (WS FORM: F-6) , PAGE 2

                                          STATION:  NORTH PERRY ARPT
                                          MONTH:    DECEMBER
                                          YEAR:     2014
                                          LATITUDE:   26  0 N
                                          LONGITUDE:  80 14 W

[TEMPERATURE DATA]      [PRECIPITATION DATA]       SYMBOLS USED IN COLUMN 16

AVERAGE MONTHLY: 68.1   TOTAL FOR MONTH:   0.73    1 = FOG OR MIST
DPTR FM NORMAL:  -2.3   DPTR FM NORMAL:   -0.63    2 = FOG REDUCING VISIBILITY
HIGHEST:    82 ON  6, 5 GRTST 24HR  0.47 ON  2- 2      TO 1/4 MILE OR LESS
LOWEST:     46 ON 11                               3 = THUNDER
                        SNOW, ICE PELLETS, HAIL    4 = ICE PELLETS
                        TOTAL MONTH:   0.0 INCH    5 = HAIL
                        GRTST 24HR     0.0         6 = FREEZING RAIN OR DRIZZLE
                        GRTST DEPTH:   0           7 = DUSTSTORM OR SANDSTORM:
                                                       VSBY 1/2 MILE OR LESS
                                                   8 = SMOKE OR HAZE
[NO. OF DAYS WITH]      [WEATHER - DAYS WITH]      9 = BLOWING SNOW
                                                   X = TORNADO
MAX 32 OR BELOW:   0    0.01 INCH OR MORE:   4
MAX 90 OR ABOVE:   0    0.10 INCH OR MORE:   3
MIN 32 OR BELOW:   0    0.50 INCH OR MORE:   0
MIN  0 OR BELOW:   0    1.00 INCH OR MORE:   0

[HDD (BASE 65) ]
TOTAL THIS MO.    23    CLEAR  (SCALE 0-3)  11
DPTR FM NORMAL     7    PTCLDY (SCALE 4-7)   6
TOTAL FM JUL 1    38    CLOUDY (SCALE 8-10)  0
DPTR FM NORMAL    18

[CDD (BASE 65) ]
TOTAL THIS MO.    79
DPTR FM NORMAL   -29    [PRESSURE DATA]
TOTAL FM JAN 1  4375    HIGHEST SLP M ON M
DPTR FM NORMAL   104    LOWEST  SLP 29.98 ON  9

[REMARKS]
