000
CXUS54 KEWX 281010
CF6HYI
PRELIMINARY LOCAL CLIMATOLOGICAL DATA (WS FORM: F-6)
STATION: SAN MARCOS
MONTH: MARCH
YEAR: 2024
LATITUDE: 29 53 N
LONGITUDE: 97 52 W
TEMPERATURE IN F: :PCPN: SNOW: WIND :SUNSHINE: SKY :PK WND
================================================================================
1 2 3 4 5 6A 6B 7 8 9 10 11 12 13 14 15 16 17 18
12Z AVG MX 2MIN
DY MAX MIN AVG DEP HDD CDD WTR SNW DPTH SPD SPD DIR MIN PSBL S-S WX SPD DR
================================================================================
1 66 43 55 M 10 0 0.00 M M 4.0 9 180 M M 6 1 M M
2 81 39 60 M 5 0 0.00 M M 7.9 16 210 M M 2 12 21 190
3 80 62 71 M 0 6 0.00 M M 10.0 20 200 M M 9 1 23 200
4 84 66 75 M 0 10 0.00 M M 9.0 17 190 M M 7 1 21 190
5 92 56 74 M 0 9 0.00 M M 5.1 12 320 M M 2 12 17 260
6 82 53 68 M 0 3 0.00 M M 6.9 15 160 M M 3 128 16 170
7 74 65 70 M 0 5 0.01 M M 10.1 15 140 M M 10 1 M M
8 85 53 69 M 0 4 0.00 M M 11.5 26 340 M M 4 18 35 330
9 64 45 55 M 10 0 0.00 M M 16.4 25 350 M M 3 36 360
10 67 38 53 M 12 0 0.00 M M 6.0 13 10 M M 0 M M
11 74 53 64 M 1 0 0.00 M M 4.6 13 140 M M 5 M M
12 76 52 64 M 1 0 0.00 M M 7.1 16 170 M M 9 12 22 170
13 85 66 76 M 0 11 0.00 M M 12.9 18 140 M M 8 1 25 140
14 80 69 75 M 0 10 0.00 M M 12.5 23 160 M M 10 18 29 160
15 79 64 72 M 0 7 0.02 M M 11.4 20 20 M M 9 13 25 30
16 82 62 72 M 0 7 0.01 M M 10.1 17 40 M M 9 1 23 40
17 67 58 63 M 2 0 1.28 M M 9.7 24 300 M M 8 13 33 70
18 65 51 58 M 7 0 T M M 13.8 22 50 M M 5 30 50
19 64 46 55 M 10 0 T M M 6.8 17 200 M M 7 M M
20 67 52 60 M 5 0 0.00 M M 5.7 13 170 M M 10 M M
21 64 53 59 M 6 0 0.16 M M 6.8 16 320 M M 9 13 35 330
22 81 50 66 M 0 1 0.01 M M 8.7 21 360 M M 4 1 24 360
23 73 49 61 M 4 0 0.00 M M 5.9 9 160 M M 1 M M
24 73 54 64 M 1 0 0.00 M M 12.4 24 150 M M 9 1 32 160
25 80 55 68 M 0 3 0.05 M M 7.8 25 330 M M 5 1 30 340
26 70 47 59 M 6 0 0.00 M M 9.3 17 360 M M 1 20 10
27 71 44 58 M 7 0 0.15 M M 6.2 20 20 M M 4 3 30 350
================================================================================
SM 2026 1445 87 76 1.69 M 238.3 M 159
================================================================================
AV 75.0 53.5 8.8 FASTST M M 6 MAX(MPH)
MISC ----> 26 340 36 360
================================================================================
NOTES:
# LAST OF SEVERAL OCCURRENCES
COLUMN 17 PEAK WIND IN M.P.H.
PRELIMINARY LOCAL CLIMATOLOGICAL DATA (WS FORM: F-6) , PAGE 2
STATION: SAN MARCOS
MONTH: MARCH
YEAR: 2024
LATITUDE: 29 53 N
LONGITUDE: 97 52 W
[TEMPERATURE DATA] [PRECIPITATION DATA] SYMBOLS USED IN COLUMN 16
AVERAGE MONTHLY: 64.3 TOTAL FOR MONTH: 1.69 1 = FOG OR MIST
DPTR FM NORMAL: 0.0 DPTR FM NORMAL: 1.69 2 = FOG REDUCING VISIBILITY
HIGHEST: 92 ON 5 GRTST 24HR 1.28 ON 17-17 TO 1/4 MILE OR LESS
LOWEST: 38 ON 10 3 = THUNDER
SNOW, ICE PELLETS, HAIL 4 = ICE PELLETS
TOTAL MONTH: M 5 = HAIL
GRTST 24HR M ON M 6 = FREEZING RAIN OR DRIZZLE
GRTST DEPTH: M ON M 7 = DUSTSTORM OR SANDSTORM:
VSBY 1/2 MILE OR LESS
8 = SMOKE OR HAZE
[NO. OF DAYS WITH] [WEATHER - DAYS WITH] 9 = BLOWING SNOW
X = TORNADO
MAX 32 OR BELOW: 0 0.01 INCH OR MORE: 8
MAX 90 OR ABOVE: 1 0.10 INCH OR MORE: 3
MIN 32 OR BELOW: 0 0.50 INCH OR MORE: 1
MIN 0 OR BELOW: 0 1.00 INCH OR MORE: 1
[HDD (BASE 65) ]
TOTAL THIS MO. 87 CLEAR (SCALE 0-3) 6
DPTR FM NORMAL M PTCLDY (SCALE 4-7) 10
TOTAL FM JUL 1 1363 CLOUDY (SCALE 8-10) 11
DPTR FM NORMAL M
[CDD (BASE 65) ]
TOTAL THIS MO. 76
DPTR FM NORMAL M [PRESSURE DATA]
TOTAL FM JAN 1 107 HIGHEST SLP M ON M
DPTR FM NORMAL M LOWEST SLP M ON M
[REMARKS]