000
CXUS53 KICT 290800
CF6ICT
PRELIMINARY LOCAL CLIMATOLOGICAL DATA (WS FORM: F-6)

                                          STATION:   WICHITA EISENHOWER NATIONAL
                                          MONTH:     MAY
                                          YEAR:      2016
                                          LATITUDE:   37 39 N
                                          LONGITUDE:  97 25 W

  TEMPERATURE IN F:       :PCPN:    SNOW:  WIND      :SUNSHINE: SKY     :PK WND
================================================================================
1   2   3   4   5  6A  6B    7    8   9   10  11  12  13   14  15   16   17  18
                                     12Z  AVG MX 2MIN
DY MAX MIN AVG DEP HDD CDD  WTR  SNW DPTH SPD SPD DIR MIN PSBL S-S WX    SPD DR
================================================================================

 1  56  42  49 -12  16   0    T  0.0    0 13.5 23 350   M    M   8        27 340
 2  66  44  55  -7  10   0    T  0.0    0  9.2 18 330   M    M   7        28  10
 3  73  41  57  -5   8   0 0.00  0.0    0  6.3 16 220   M    M   4        21 210
 4  76  48  62   0   3   0 0.00  0.0    0 12.1 26 340   M    M   0        34 330
 5  82  44  63   1   2   0 0.00  0.0    0  3.7  9  40   M    M   1        14 250
 6  83  48  66   3   0   1 0.00  0.0    0  9.8 21 180   M    M   3        26 190
 7  84  53  69   6   0   4    T  0.0    0 13.0 26 200   M    M   3        31 200
 8  74  61  68   5   0   3 0.12  0.0    0 12.7 26 140   M    M   6 13     35 150
 9  81  53  67   3   0   2 0.33  0.0    0 16.2 36 260   M    M   7 35     48 260
10  85  50  68   4   0   3 0.00  0.0    0  7.3 15 120   M    M   1        21 200
11  77  59  68   4   0   3 0.00  0.0    0 14.2 26 320   M    M   6 1      33 320
12  77  53  65   0   0   0 0.00  0.0    0  7.7 23 360   M    M   3        30 360
13  86  50  68   3   0   3    T  0.0    0 16.5 35 290   M    M   2 3      55 290
14  62  46  54 -11  11   0 0.00  0.0    0 12.5 25  10   M    M   6        34  10
15  66  53  60  -6   5   0 0.01  0.0    0  8.7 16 150   M    M  10        19 140
16  61  52  57  -9   8   0 1.34  0.0    0  9.8 20 120   M    M  10 13     23 120
17  62  51  57  -9   8   0 0.01  0.0    0  9.4 28  70   M    M   7 1      34  80
18  68  44  56 -10   9   0 0.00  0.0    0  7.4 16 150   M    M   6        20 140
19  60  50  55 -12  10   0 0.09  0.0    0  9.1 17 140   M    M   9 1      20 130
20  71  56  64  -3   1   0    T  0.0    0 10.4 16 160   M    M   8        23 180
21  77  58  68   0   0   3 0.00  0.0    0 15.5 23 140   M    M   8        30 160
22  83  65  74   6   0   9 0.00  0.0    0 21.1 32 180   M    M   8        39 180
23  73  61  67  -1   0   2 1.68  0.0    0 17.0 32 170   M    M   9 13     39 170
24  83  62  73   5   0   8 1.29  0.0    0 12.5 28 330   M    M   8 13     36 320
25  90  62  76   7   0  11 1.09  0.0    0 16.9 28 170   M    M   7 3      35 170
26  84  61  73   4   0   8 0.58  0.0    0 11.5 33 330   M    M   8 138    42 340
27  79  60  70   1   0   5 0.16  0.0    0 10.7 23  60   M    M   8 13     29  70
28  83  56  70   0   0   5 0.00  0.0    0  7.1 17 160   M    M   4        21 170
================================================================================
SM 2102 1483        91  70  6.70     0.0 321.8          M      167
================================================================================
AV 75.1 53.0                              11.5 FASTST   M    M   6    MAX(MPH)
                                 MISC ---->  # 36 260               # 55  290
================================================================================
NOTES:
# LAST OF SEVERAL OCCURRENCES

COLUMN 17 PEAK WIND IN M.P.H.

PRELIMINARY LOCAL CLIMATOLOGICAL DATA (WS FORM: F-6) , PAGE 2

                                          STATION:  WICHITA EISENHOWER NATIONAL
                                          MONTH:    MAY
                                          YEAR:     2016
                                          LATITUDE:   37 39 N
                                          LONGITUDE:  97 25 W

[TEMPERATURE DATA]      [PRECIPITATION DATA]       SYMBOLS USED IN COLUMN 16

AVERAGE MONTHLY: 64.0   TOTAL FOR MONTH:   6.70    1 = FOG OR MIST
DPTR FM NORMAL:  -1.4   DPTR FM NORMAL:    2.65    2 = FOG REDUCING VISIBILITY
HIGHEST:    90 ON 25    GRTST 24HR  2.38 ON 24-25      TO 1/4 MILE OR LESS
LOWEST:     41 ON  3                               3 = THUNDER
                        SNOW, ICE PELLETS, HAIL    4 = ICE PELLETS
                        TOTAL MONTH:   0.0 INCH    5 = HAIL
                        GRTST 24HR     0.0         6 = FREEZING RAIN OR DRIZZLE
                        GRTST DEPTH:   0           7 = DUSTSTORM OR SANDSTORM:
                                                       VSBY 1/2 MILE OR LESS
                                                   8 = SMOKE OR HAZE
[NO. OF DAYS WITH]      [WEATHER - DAYS WITH]      9 = BLOWING SNOW
                                                   X = TORNADO
MAX 32 OR BELOW:   0    0.01 INCH OR MORE:  11
MAX 90 OR ABOVE:   1    0.10 INCH OR MORE:   8
MIN 32 OR BELOW:   0    0.50 INCH OR MORE:   5
MIN  0 OR BELOW:   0    1.00 INCH OR MORE:   4

[HDD (BASE 65) ]
TOTAL THIS MO.    91    CLEAR  (SCALE 0-3)   6
DPTR FM NORMAL    14    PTCLDY (SCALE 4-7)  15
TOTAL FM JUL 1  3504    CLOUDY (SCALE 8-10)  7
DPTR FM NORMAL -1081

[CDD (BASE 65) ]
TOTAL THIS MO.    70
DPTR FM NORMAL   -22    [PRESSURE DATA]
TOTAL FM JAN 1   107    HIGHEST SLP M ON M
DPTR FM NORMAL   -11    LOWEST  SLP 29.45 ON  9

[REMARKS]
