000
CXUS55 KPIH 281200
CF6IDA

PRELIMINARY LOCAL CLIMATOLOGICAL DATA (WS FORM: F-6)

                                          STATION:   IDAHO FALLS ID
                                          MONTH:     JUNE
                                          YEAR:      2017
                                          LATITUDE:   43 31 N
                                          LONGITUDE: 112  4 W

  TEMPERATURE IN F:       :PCPN:    SNOW:  WIND      :SUNSHINE: SKY     :PK WND
================================================================================
1   2   3   4   5  6A  6B    7    8   9   10  11  12  13   14  15   16   17  18
                                     12Z  AVG MX 2MIN
DY MAX MIN AVG DEP HDD CDD  WTR  SNW DPTH SPD SPD DIR MIN PSBL S-S WX    SPD DR
================================================================================

 1  79  56  68  11   0   3    T    M    M 11.4 26 170   M    M   5        32 160
 2  75  49  62   5   3   0 0.00    M    M  9.4 18 210   M    M   3        23 210
 3  84  42  63   5   2   0 0.00    M    M  4.2 13 200   M    M   0        18 160
 4  91  48  70  12   0   5    T    M    M  8.0 30 190   M    M   1 3      41 190
 5  77  46  62   4   3   0    T    M    M 13.6 24 210   M    M   1        30 210
 6  85  39  62   4   3   0 0.00    M    M  6.7 14  10   M    M   1 8      18  10
 7  92  51  72  14   0   7 0.00    M    M  6.7 21 160   M    M   2        26 150
 8  90  48  69  10   0   4 0.00    M    M 12.6 28 200   M    M   1        34 200
 9  62  47  55  -4  10   0 0.19    M    M 10.0 21 140   M    M   7 1      25 190
10  66  42  54  -5  11   0 0.00    M    M 10.6 26 220   M    M   5        34 210
11  71  44  58  -2   7   0    T    M    M 11.1 26  10   M    M   5        32  10
12  61  44  53  -7  12   0 0.20    M    M 11.7 35 210   M    M   7 13     44 160
13  57  41  49 -11  16   0 0.27    M    M 18.1 28 210   M    M   9 1      35 220
14  72  44  58  -2   7   0 0.00    M    M 13.3 26 210   M    M   4        33 200
15  79  48  64   3   1   0 0.00    M    M 10.2 26 200   M    M   3        32 230
16  75  58  67   6   0   2    T    M    M 18.4 35 230   M    M   7        45 250
17  73  53  63   2   2   0 0.01    M    M 13.1 21 190   M    M   5        26 190
18  79  46  63   1   2   0 0.00    M    M  8.9 17 190   M    M   2        23 200
19  85  45  65   3   0   0 0.00    M    M  4.6 14 170   M    M   2        22 160
20  91  50  71   9   0   6    T    M    M  7.6 23 200   M    M   2        29 180
21  85  51  68   6   0   3 0.00    M    M 16.1 29 210   M    M   1        36 220
22  77  45  61  -2   4   0 0.00    M    M  7.6 18 210   M    M   0        24 170
23  77  41  59  -4   6   0 0.00    M    M  6.1 15  10   M    M   0        19  20
24  81  42  62  -1   3   0 0.00    M    M  3.5 10 360   M    M   0        13 160
25  87  47  67   3   0   2 0.00    M    M  4.5  9  70   M    M   0        12  90
26  92  48  70   6   0   5 0.00    M    M  5.8 24 240   M    M   0        35 230
27  81  51  66   2   0   1    T    M    M  9.4 24 200   M    M   4 3      32 190
================================================================================
SM 2124 1266        92  38  0.67    M    263.2          M       77
================================================================================
AV 78.7 46.9                               9.7 FASTST   M    M   3    MAX(MPH)
                                 MISC ---->  # 35 210               # 45  250
================================================================================
NOTES:
# LAST OF SEVERAL OCCURRENCES
PRECIPITATION SUSPECT DURING FREEZING/FROZEN EVENTS

COLUMN 17 PEAK WIND IN M.P.H.

PRELIMINARY LOCAL CLIMATOLOGICAL DATA (WS FORM: F-6) , PAGE 2

                                          STATION:  IDAHO FALLS ID
                                          MONTH:    JUNE
                                          YEAR:     2017
                                          LATITUDE:   43 31 N
                                          LONGITUDE: 112  4 W

[TEMPERATURE DATA]      [PRECIPITATION DATA]       SYMBOLS USED IN COLUMN 16

AVERAGE MONTHLY: 62.8   TOTAL FOR MONTH:   0.67    1 = FOG OR MIST
DPTR FM NORMAL:   2.3   DPTR FM NORMAL:   -0.37    2 = FOG REDUCING VISIBILITY
HIGHEST:    92 ON 26, 7 GRTST 24HR  0.27 ON 13-13      TO 1/4 MILE OR LESS
LOWEST:     39 ON  6                               3 = THUNDER
                        SNOW, ICE PELLETS, HAIL    4 = ICE PELLETS
                        TOTAL MONTH:    M          5 = HAIL
                        GRTST 24HR    M  ON   M    6 = FREEZING RAIN OR DRIZZLE
                        GRTST DEPTH:  M  ON   M    7 = DUSTSTORM OR SANDSTORM:
                                                       VSBY 1/2 MILE OR LESS
                                                   8 = SMOKE OR HAZE
[NO. OF DAYS WITH]      [WEATHER - DAYS WITH]      9 = BLOWING SNOW
                                                   X = TORNADO
MAX 32 OR BELOW:   0    0.01 INCH OR MORE:   4
MAX 90 OR ABOVE:   5    0.10 INCH OR MORE:   3
MIN 32 OR BELOW:   0    0.50 INCH OR MORE:   0
MIN  0 OR BELOW:   0    1.00 INCH OR MORE:   0

[HDD (BASE 65) ]
TOTAL THIS MO.    92    CLEAR  (SCALE 0-3)  17
DPTR FM NORMAL   -54    PTCLDY (SCALE 4-7)   9
TOTAL FM JUL 1  7621    CLOUDY (SCALE 8-10)  1
DPTR FM NORMAL  -216

[CDD (BASE 65) ]
TOTAL THIS MO.    38
DPTR FM NORMAL    16    [PRESSURE DATA]
TOTAL FM JAN 1    40    HIGHEST SLP M ON M
DPTR FM NORMAL    16    LOWEST  SLP 29.48 ON 11

[REMARKS]
