000
CXUS55 KVEF 200940
CF6IGM
PRELIMINARY LOCAL CLIMATOLOGICAL DATA (WS FORM: F-6)

                                          STATION:   KINGMAN AZ
                                          MONTH:     FEBRUARY
                                          YEAR:      2017
                                          LATITUDE:   35 16 N
                                          LONGITUDE: 113 57 W

  TEMPERATURE IN F:       :PCPN:    SNOW:  WIND      :SUNSHINE: SKY     :PK WND
================================================================================
1   2   3   4   5  6A  6B    7    8   9   10  11  12  13   14  15   16   17  18
                                     12Z  AVG MX 2MIN
DY MAX MIN AVG DEP HDD CDD  WTR  SNW DPTH SPD SPD DIR MIN PSBL S-S WX    SPD DR
================================================================================

 1  66  33  50   5  15   0 0.00  0.0    0  9.6 21 210   M    M   0        24 230
 2  66  42  54   9  11   0 0.00  0.0    0 12.2 18 220   M    M   0        25 230
 3  67  40  54   8  11   0 0.00  0.0    0  9.6 21 230   M    M   2        28 220
 4  66  36  51   5  14   0 0.00  0.0    0  9.2 21 240   M    M   0        25 230
 5  64  35  50   4  15   0 0.00  0.0    0  8.2 21 220   M    M   0        25 220
 6  58  41  50   4  15   0    T    M    0  6.1 20 220   M    M   6        23 210
 7  68  47  58  12   7   0 0.00  0.0    0 15.0 36 220   M    M   2        42 230
 8  70  46  58  12   7   0 0.00  0.0    0  7.8 16 130   M    M   2        18 130
 9  76  42  59  13   6   0 0.00  0.0    0  6.1 17 230   M    M   0        19 230
10  76  49  63  17   2   0 0.00  0.0    0 10.1 28 210   M    M   0        34 210
11  62  47  55   9  10   0 0.02    M    0  6.5 13 230   M    M   5        16 230
12  56  42  49   3  16   0    T    M    0 10.4 18  10   M    M   8        22  10
13  66  44  55   8  10   0 0.00  0.0    0 10.2 17  40   M    M   3        24 360
14  67  40  54   7  11   0 0.00  0.0    0  8.9 20 360   M    M   0        23 350
15  69  35  52   5  13   0 0.00  0.0    0  6.3 15 360   M    M   0        20 320
16  68  35  52   5  13   0 0.00  0.0    0  8.3 25 240   M    M   2        30 220
17  68  52  60  13   5   0    T  0.0    0 16.2 36 120   M    M   7 8      45 110
18  56  46  51   4  14   0 0.06    M    0 15.2 29 150   M    M  10        37 150
19  55  39  47   0  18   0 0.08    M    0  7.2 20 220   M    M   9 18     24 210
================================================================================
SM 1244  791       213   0  0.16     0.0 183.1          M       56
================================================================================
AV 65.5 41.6                               9.6 FASTST   M    M   3    MAX(MPH)
                                 MISC ---->  # 36 220               # 45  110
================================================================================
NOTES:
# LAST OF SEVERAL OCCURRENCES

COLUMN 17 PEAK WIND IN M.P.H.

PRELIMINARY LOCAL CLIMATOLOGICAL DATA (WS FORM: F-6) , PAGE 2

                                          STATION:  KINGMAN AZ
                                          MONTH:    FEBRUARY
                                          YEAR:     2017
                                          LATITUDE:   35 16 N
                                          LONGITUDE: 113 57 W

[TEMPERATURE DATA]      [PRECIPITATION DATA]       SYMBOLS USED IN COLUMN 16

AVERAGE MONTHLY: 53.6   TOTAL FOR MONTH:   0.16    1 = FOG OR MIST
DPTR FM NORMAL:   7.3   DPTR FM NORMAL:   -0.65    2 = FOG REDUCING VISIBILITY
HIGHEST:    76 ON 10, 9 GRTST 24HR  0.13 ON 18-19      TO 1/4 MILE OR LESS
LOWEST:     33 ON  1                               3 = THUNDER
                        SNOW, ICE PELLETS, HAIL    4 = ICE PELLETS
                        TOTAL MONTH:   0.0 INCH    5 = HAIL
                        GRTST 24HR     0.0         6 = FREEZING RAIN OR DRIZZLE
                        GRTST DEPTH:   0           7 = DUSTSTORM OR SANDSTORM:
                                                       VSBY 1/2 MILE OR LESS
                                                   8 = SMOKE OR HAZE
[NO. OF DAYS WITH]      [WEATHER - DAYS WITH]      9 = BLOWING SNOW
                                                   X = TORNADO
MAX 32 OR BELOW:   0    0.01 INCH OR MORE:   3
MAX 90 OR ABOVE:   0    0.10 INCH OR MORE:   0
MIN 32 OR BELOW:   0    0.50 INCH OR MORE:   0
MIN  0 OR BELOW:   0    1.00 INCH OR MORE:   0

[HDD (BASE 65) ]
TOTAL THIS MO.   213    CLEAR  (SCALE 0-3)  13
DPTR FM NORMAL  -144    PTCLDY (SCALE 4-7)   4
TOTAL FM JUL 1  1822    CLOUDY (SCALE 8-10)  2
DPTR FM NORMAL  -440

[CDD (BASE 65) ]
TOTAL THIS MO.     0
DPTR FM NORMAL     0    [PRESSURE DATA]
TOTAL FM JAN 1     0    HIGHEST SLP M ON M
DPTR FM NORMAL     0    LOWEST  SLP 29.41 ON 18

[REMARKS]
