000
CXUS55 KVEF 010940
CF6IGM
PRELIMINARY LOCAL CLIMATOLOGICAL DATA (WS FORM: F-6)

                                          STATION:   KINGMAN AZ
                                          MONTH:     SEPTEMBER
                                          YEAR:      2014
                                          LATITUDE:   35 16 N
                                          LONGITUDE: 113 57 W

  TEMPERATURE IN F:       :PCPN:    SNOW:  WIND      :SUNSHINE: SKY     :PK WND
================================================================================
1   2   3   4   5  6A  6B    7    8   9   10  11  12  13   14  15   16   17  18
                                     12Z  AVG MX 2MIN
DY MAX MIN AVG DEP HDD CDD  WTR  SNW DPTH SPD SPD DIR MIN PSBL S-S WX    SPD DR
================================================================================

 1  98  69  84   4   0  19 0.00  0.0    0 11.3 24 230   M    M   0        29 230
 2  98  67  83   3   0  18 0.00  0.0    0  9.0 21 230   M    M   0        27 210
 3  98  68  83   3   0  18 0.00  0.0    0 13.1 26 210   M    M   0        32 210
 4  97  67  82   2   0  17 0.00  0.0    0 14.3 36 140   M    M   3 38     45 140
 5  92  67  80   1   0  15    T  0.0    0 12.1 28 130   M    M   1 3      34 130
 6  95  63  79   0   0  14 0.00  0.0    0  4.7 16 240   M    M   0        20 250
 7  92  68  80   1   0  15 0.71  0.0    0  8.1 28  90   M    M   3 13     41  90
 8  77  67  72  -6   0   7 0.59  0.0    0  4.0 14 200   M    M   7 1      17 200
 9  81  62  72  -6   0   7 0.20  0.0    0  9.3 25 220   M    M   5 1      30 220
10  89  59  74  -4   0   9 0.00  0.0    0  5.6 14 130   M    M   0        16 130
11  92  58  75  -3   0  10 0.00  0.0    0  3.4 12 310   M    M   0        15 280
12  95  59  77   0   0  12 0.00  0.0    0  4.3 13 130   M    M   0        14 340
13  94  62  78   1   0  13 0.00  0.0    0  5.6 15 130   M    M   0        17 280
14  95  66  81   5   0  16 0.00  0.0    0  6.2 15 130   M    M   0        17 130
15  97  66  82   6   0  17 0.00  0.0    0  5.5 20 130   M    M   0        27 130
16  90  69  80   4   0  15 0.02  0.0    0 11.2 39 150   M    M   1 38     49 150
17  85  63  74  -1   0   9    T  0.0    0  4.5 15 130   M    M   2        17 120
18  90  65  78   3   0  13 0.00  0.0    0  8.0 17 250   M    M   2        25 220
19  90  61  76   1   0  11 0.00  0.0    0  9.5 22 240   M    M   0        32 250
20  92  62  77   3   0  12 0.00  0.0    0  5.9 16 210   M    M   3        23 220
21  90  62  76   2   0  11 0.00  0.0    0  9.8 23 240   M    M   3        31 220
22  90  58  74   1   0   9 0.00  0.0    0  7.9 18 220   M    M   0        24 250
23  91  57  74   1   0   9 0.00  0.0    0  4.6 14 140   M    M   0        18 250
24  94  54  74   2   0   9 0.00  0.0    0  5.3 15 240   M    M   0        19 260
25  95  59  77   5   0  12 0.00  0.0    0 10.0 22 200   M    M   0        27 200
26  91  68  80   8   0  15 0.01  0.0    0 14.9 36 220   M    M   2 38     43 220
27   M   M   M   M   M   M    M  0.0    M   M   M   M   M    M   0 3       M  M
28   M   M   M   M   M   M    M    M    M   M   M   M   M    M   M         M  M
29   M   M   M   M   M   M    M    M    M   M   M   M   M    M   M         M  M
30  81   M   M   M   M   M 0.00  0.0    M  7.1 16 250   M    M   0        19 240
================================================================================
SM 2469 1646         0 332  1.53     0.0 215.2          M       32
================================================================================
AV 91.4 63.3                               8.0 FASTST   M    M   1    MAX(MPH)
                                 MISC ---->  # 39 150               # 49  150
================================================================================
NOTES:
# LAST OF SEVERAL OCCURRENCES

COLUMN 17 PEAK WIND IN M.P.H.

PRELIMINARY LOCAL CLIMATOLOGICAL DATA (WS FORM: F-6) , PAGE 2

                                          STATION:  KINGMAN AZ
                                          MONTH:    SEPTEMBER
                                          YEAR:     2014
                                          LATITUDE:   35 16 N
                                          LONGITUDE: 113 57 W

[TEMPERATURE DATA]      [PRECIPITATION DATA]       SYMBOLS USED IN COLUMN 16

AVERAGE MONTHLY: 77.4   TOTAL FOR MONTH:   1.53    1 = FOG OR MIST
DPTR FM NORMAL:   1.8   DPTR FM NORMAL:    0.51    2 = FOG REDUCING VISIBILITY
HIGHEST:    98 ON  3, 2 GRTST 24HR  1.30 ON  7- 8      TO 1/4 MILE OR LESS
LOWEST:     54 ON 24                               3 = THUNDER
                        SNOW, ICE PELLETS, HAIL    4 = ICE PELLETS
                        TOTAL MONTH:   0.0 INCH    5 = HAIL
                        GRTST 24HR     0.0         6 = FREEZING RAIN OR DRIZZLE
                        GRTST DEPTH:   0           7 = DUSTSTORM OR SANDSTORM:
                                                       VSBY 1/2 MILE OR LESS
                                                   8 = SMOKE OR HAZE
[NO. OF DAYS WITH]      [WEATHER - DAYS WITH]      9 = BLOWING SNOW
                                                   X = TORNADO
MAX 32 OR BELOW:   0    0.01 INCH OR MORE:   5
MAX 90 OR ABOVE:  22    0.10 INCH OR MORE:   3
MIN 32 OR BELOW:   0    0.50 INCH OR MORE:   2
MIN  0 OR BELOW:   0    1.00 INCH OR MORE:   0

[HDD (BASE 65) ]
TOTAL THIS MO.     0    CLEAR  (SCALE 0-3)  24
DPTR FM NORMAL    -6    PTCLDY (SCALE 4-7)   4
TOTAL FM JUL 1     0    CLOUDY (SCALE 8-10)  0
DPTR FM NORMAL    -6

[CDD (BASE 65) ]
TOTAL THIS MO.   332
DPTR FM NORMAL     7    [PRESSURE DATA]
TOTAL FM JAN 1  2014    HIGHEST SLP M ON M
DPTR FM NORMAL   -12    LOWEST  SLP 29.57 ON  3

[REMARKS]
#FINAL-09-14#
