000
CXUS53 KIND 010730
CF6IND
PRELIMINARY LOCAL CLIMATOLOGICAL DATA (WS FORM: F-6)

                                          STATION:   INDIANAPOLIS IN
                                          MONTH:     JANUARY
                                          YEAR:      2015
                                          LATITUDE:   39 43 N
                                          LONGITUDE:  86 17 W

  TEMPERATURE IN F:       :PCPN:    SNOW:  WIND      :SUNSHINE: SKY     :PK WND
================================================================================
1   2   3   4   5  6A  6B    7    8   9   10  11  12  13   14  15   16   17  18
                                     12Z  AVG MX 2MIN
DY MAX MIN AVG DEP HDD CDD  WTR  SNW DPTH SPD SPD DIR MIN PSBL S-S WX    SPD DR
================================================================================

 1  34  18  26  -2  39   0 0.00  0.0    0 14.7 24 240   M    M   6        29 240
 2  39  25  32   4  33   0 0.00  0.0    0  6.4 12 130   M    M   9 1      15 130
 3  52  33  43  15  22   0 0.79  0.0    0  8.3 16 250   M    M  10 1      22 200
 4  44  12  28   0  37   0 0.01  0.1    0 19.2 31 250   M    M   8 14     37 270
 5  14   4   9 -19  56   0 0.11  0.7    0 10.3 24 280   M    M   6 1      30 290
 6  19   9  14 -14  51   0 0.08  1.4    2  9.0 20 260   M    M   9 18     23 260
 7  12  -6   3 -25  62   0    T    T    1 18.2 31 310   M    M   4 89     37 300
 8  20  -7   7 -21  58   0    T  0.1    1 16.1 31 230   M    M   6        37 240
 9  21   1  11 -17  54   0    T    T    1 18.8 32 280   M    M   3 8      40 280
10  24  -3  11 -17  54   0 0.00  0.0    1 10.1 20 190   M    M   3        26 180
11  34  21  28   0  37   0 0.43  0.0    1  8.3 16 210   M    M  10 168    19 210
12  31  19  25  -3  40   0 0.19    T    T 10.5 23 350   M    M  10 1468   29 340
13  23   8  16 -12  49   0    T    T    T 11.7 17  70   M    M   4        22  50
14  21   5  13 -15  52   0    T    T    T  3.6 10 270   M    M   5 18     14 280
15  36  13  25  -3  40   0 0.00  0.0    T  8.4 17 250   M    M   3 1      21 250
16  42  21  32   4  33   0 0.00  0.0    0  5.9 13 230   M    M   2 18     16 220
17  51  27  39  11  26   0    T  0.0    0 15.4 33 210   M    M   6 1      40 210
18  44  28  36   8  29   0 0.01  0.0    0 12.4 26 270   M    M   7        33 270
19  47  23  35   7  30   0 0.00  0.0    0  3.1 12  30   M    M   4 1      12  30
20  50  30  40  12  25   0    T  0.0    0  7.2 16 240   M    M   7 18     20 270
21  43  30  37   9  28   0    T  0.0    0 11.7 26 280   M    M   8 1      33 280
22  33  28  31   3  34   0    T  0.0    0  5.9 13 330   M    M  10 1      17 340
23  34  24  29   1  36   0 0.00  0.0    0  4.8 14 340   M    M   8 1      16 340
24  39  20  30   2  35   0 0.00  0.0    0  9.9 16 250   M    M   5 1      19 250
25  37  20  29   1  36   0 0.04  0.1    0 10.5 28  30   M    M  10 14     33  30
26  26  17  22  -6  43   0    T    T    0  7.6 21  30   M    M   9        26  30
27  29  20  25  -3  40   0 0.01    T    0  5.3 10 330   M    M   7 1      12 320
28  34  15  25  -3  40   0 0.00  0.0    0  9.2 21 150   M    M   5 18     27 150
29  45  30  38  10  27   0    T    T    0 15.5 30 260   M    M   9 168    37 250
30  31  20  26  -3  39   0 0.01  0.1    0  9.3 22 360   M    M   6 1      28 350
31  36  16  26  -3  39   0 0.13  0.6    0  7.4 16 220   M    M   7 1       M  M
================================================================================
SM 1045  521      1224   0  1.81     3.1 314.7          M      206
================================================================================
AV 33.7 16.8                              10.2 FASTST   M    M   7    MAX(MPH)
                                 MISC ---->  # 33 210               # 40  280
================================================================================
NOTES:
# LAST OF SEVERAL OCCURRENCES

COLUMN 17 PEAK WIND IN M.P.H.

PRELIMINARY LOCAL CLIMATOLOGICAL DATA (WS FORM: F-6) , PAGE 2

                                          STATION:  INDIANAPOLIS IN
                                          MONTH:    JANUARY
                                          YEAR:     2015
                                          LATITUDE:   39 43 N
                                          LONGITUDE:  86 17 W

[TEMPERATURE DATA]      [PRECIPITATION DATA]       SYMBOLS USED IN COLUMN 16

AVERAGE MONTHLY: 25.3   TOTAL FOR MONTH:   1.81    1 = FOG OR MIST
DPTR FM NORMAL:  -2.8   DPTR FM NORMAL:   -0.85    2 = FOG REDUCING VISIBILITY
HIGHEST:    52 ON  3    GRTST 24HR  0.79 ON  3- 3      TO 1/4 MILE OR LESS
LOWEST:     -7 ON  8                               3 = THUNDER
                        SNOW, ICE PELLETS, HAIL    4 = ICE PELLETS
                        TOTAL MONTH:   3.1 INCHES  5 = HAIL
                        GRTST 24HR   1.4 ON   M    6 = FREEZING RAIN OR DRIZZLE
                        GRTST DEPTH:   2 ON  6     7 = DUSTSTORM OR SANDSTORM:
                                                       VSBY 1/2 MILE OR LESS
                                                   8 = SMOKE OR HAZE
[NO. OF DAYS WITH]      [WEATHER - DAYS WITH]      9 = BLOWING SNOW
                                                   X = TORNADO
MAX 32 OR BELOW:  12    0.01 INCH OR MORE:  11
MAX 90 OR ABOVE:   0    0.10 INCH OR MORE:   5
MIN 32 OR BELOW:  30    0.50 INCH OR MORE:   1
MIN  0 OR BELOW:   3    1.00 INCH OR MORE:   0

[HDD (BASE 65) ]
TOTAL THIS MO.  1224    CLEAR  (SCALE 0-3)   4
DPTR FM NORMAL    79    PTCLDY (SCALE 4-7)  17
TOTAL FM JUL 1  3477    CLOUDY (SCALE 8-10) 10
DPTR FM NORMAL   256

[CDD (BASE 65) ]
TOTAL THIS MO.     0
DPTR FM NORMAL     0    [PRESSURE DATA]
TOTAL FM JAN 1     0    HIGHEST SLP 30.83 ON  7
DPTR FM NORMAL     0    LOWEST  SLP 29.62 ON 25

[REMARKS]
#FINAL-01-15#
