000
CXUS53 KIND 230730
CF6IND
PRELIMINARY LOCAL CLIMATOLOGICAL DATA (WS FORM: F-6)

                                          STATION:   INDIANAPOLIS IN
                                          MONTH:     APRIL
                                          YEAR:      2017
                                          LATITUDE:   39 43 N
                                          LONGITUDE:  86 17 W

  TEMPERATURE IN F:       :PCPN:    SNOW:  WIND      :SUNSHINE: SKY     :PK WND
================================================================================
1   2   3   4   5  6A  6B    7    8   9   10  11  12  13   14  15   16   17  18
                                     12Z  AVG MX 2MIN
DY MAX MIN AVG DEP HDD CDD  WTR  SNW DPTH SPD SPD DIR MIN PSBL S-S WX    SPD DR
================================================================================

 1  56  39  48   0  17   0 0.00  0.0    0  7.4 15 360   M    M   7        18 360
 2  64  41  53   5  12   0 0.00  0.0    0  8.0 18 110   M    M   6        23 110
 3  70  51  61  12   4   0 0.26  0.0    0 10.8 26 250   M    M   9 13     33 210
 4  62  49  56   7   9   0 0.04  0.0    0 15.3 24 270   M    M   9        30 270
 5  62  47  55   5  10   0 0.26  0.0    0 12.8 25 290   M    M   9 13     30 290
 6  49  37  43  -7  22   0 0.09  0.0    0 20.4 41 330   M    M   8 1      48 330
 7  55  34  45  -5  20   0 0.00  0.0    0 14.7 28 310   M    M   4        33 310
 8  65  33  49  -1  16   0 0.00  0.0    0  7.4 16 170   M    M   5        21 180
 9  77  45  61  10   4   0 0.00  0.0    0 15.1 31 180   M    M   7        38 210
10  74  59  67  16   0   2 0.46  0.0    0 16.5 30 260   M    M   9 13     38 270
11  68  49  59   7   6   0 0.00  0.0    0  9.9 21 230   M    M   9 3      26 220
12  67  42  55   3  10   0 0.00  0.0    0  4.8 10  90   M    M   4 1      15 100
13  77  48  63  11   2   0 0.00  0.0    0  6.2 12  40   M    M   6        19 150
14  80  52  66  13   0   1 0.08  0.0    0  5.7 16 280   M    M   7        21 290
15  81  61  71  18   0   6 0.00  0.0    0 13.7 31 210   M    M   7        38 200
16  75  58  67  14   0   2    T  0.0    0 13.2 24 230   M    M   7 3      33 240
17  69  58  64  10   1   0 0.00  0.0    0  7.8 14  70   M    M   M        14  70
18  77  52  65  11   0   0 0.00  0.0    0 11.1 21 140   M    M   4        25 140
19  81  63  72  18   0   7 0.00  0.0    0 10.2 18 220   M    M   5 18     24 220
20  79  58  69  14   0   4 0.28  0.0    0 14.2 26 220   M    M   7 13     34 210
21  58  45  52  -3  13   0    T  0.0    0 11.1 20 350   M    M   8        30 240
22  58  45  52  -3  13   0 0.00  0.0    0 14.6 24  30   M    M   8        30  50
================================================================================
SM 1504 1066       159  22  1.47     0.0 250.9          M      145
================================================================================
AV 68.4 48.5                              11.4 FASTST   M    M   7    MAX(MPH)
                                 MISC ---->  # 41 330               # 48  330
================================================================================
NOTES:
# LAST OF SEVERAL OCCURRENCES

COLUMN 17 PEAK WIND IN M.P.H.

PRELIMINARY LOCAL CLIMATOLOGICAL DATA (WS FORM: F-6) , PAGE 2

                                          STATION:  INDIANAPOLIS IN
                                          MONTH:    APRIL
                                          YEAR:     2017
                                          LATITUDE:   39 43 N
                                          LONGITUDE:  86 17 W

[TEMPERATURE DATA]      [PRECIPITATION DATA]       SYMBOLS USED IN COLUMN 16

AVERAGE MONTHLY: 58.4   TOTAL FOR MONTH:   1.47    1 = FOG OR MIST
DPTR FM NORMAL:   6.7   DPTR FM NORMAL:   -1.26    2 = FOG REDUCING VISIBILITY
HIGHEST:    81 ON 19,15 GRTST 24HR  0.46 ON 10-10      TO 1/4 MILE OR LESS
LOWEST:     33 ON  8                               3 = THUNDER
                        SNOW, ICE PELLETS, HAIL    4 = ICE PELLETS
                        TOTAL MONTH:   0.0 INCH    5 = HAIL
                        GRTST 24HR     0.0         6 = FREEZING RAIN OR DRIZZLE
                        GRTST DEPTH:   0           7 = DUSTSTORM OR SANDSTORM:
                                                       VSBY 1/2 MILE OR LESS
                                                   8 = SMOKE OR HAZE
[NO. OF DAYS WITH]      [WEATHER - DAYS WITH]      9 = BLOWING SNOW
                                                   X = TORNADO
MAX 32 OR BELOW:   0    0.01 INCH OR MORE:   7
MAX 90 OR ABOVE:   0    0.10 INCH OR MORE:   4
MIN 32 OR BELOW:   0    0.50 INCH OR MORE:   0
MIN  0 OR BELOW:   0    1.00 INCH OR MORE:   0

[HDD (BASE 65) ]
TOTAL THIS MO.   159    CLEAR  (SCALE 0-3)   0
DPTR FM NORMAL  -140    PTCLDY (SCALE 4-7)  15
TOTAL FM JUL 1  4094    CLOUDY (SCALE 8-10)  6
DPTR FM NORMAL -1055

[CDD (BASE 65) ]
TOTAL THIS MO.    22
DPTR FM NORMAL    17    [PRESSURE DATA]
TOTAL FM JAN 1    24    HIGHEST SLP M ON M
DPTR FM NORMAL    17    LOWEST  SLP 29.38 ON  3

[REMARKS]
