000
CXUS56 KFGZ 010900
CF6INW
PRELIMINARY LOCAL CLIMATOLOGICAL DATA (WS FORM: F-6)

                                          STATION:   WINSLOW AZ AIRPORT
                                          MONTH:     AUGUST
                                          YEAR:      2015
                                          LATITUDE:   35  1 N
                                          LONGITUDE: 110 44 W

  TEMPERATURE IN F:       :PCPN:    SNOW:  WIND      :SUNSHINE: SKY     :PK WND
================================================================================
1   2   3   4   5  6A  6B    7    8   9   10  11  12  13   14  15   16   17  18
                                     12Z  AVG MX 2MIN
DY MAX MIN AVG DEP HDD CDD  WTR  SNW DPTH SPD SPD DIR MIN PSBL S-S WX    SPD DR
================================================================================

 1  88  68  78   0   0  13    T    M    M  6.4 26 280   M    M   2 3      34 270
 2  94  63  79   1   0  14 0.02    M    M 11.4 32 320   M    M   4 3      39 240
 3  95  56  76  -2   0  11 0.00    M    M  6.8 18 290   M    M   1        23 290
 4  98  61  80   3   0  15 0.00    M    M  8.1 22 230   M    M   0        28 240
 5 100  59  80   3   0  15 0.00    M    M  9.3 22 230   M    M   0        29 220
 6  96  61  79   2   0  14    T    M    M  7.1 38 130   M    M   1 38     49 130
 7  93  64  79   2   0  14 1.09    M    M  7.9 39 200   M    M   3 138    53 180
 8  81  60  71  -6   0   6 0.50    M    M  6.2 28 120   M    M   2 3      32 130
 9  88  58  73  -4   0   8    T    M    M  5.5 28 300   M    M   1 3      34 290
10  86  64  75  -2   0  10 0.16    M    M  5.1 30 150   M    M   5 13     37 140
11  90  62  76  -1   0  11 0.46    M    M  9.8 32 150   M    M   3 13     42 160
12  83  64  74  -3   0   9 0.19    M    M  7.9 18 150   M    M   5        24 260
13  94  60  77   1   0  12 0.00    M    M  3.2 10 110   M    M   0        16  90
14  97  61  79   3   0  14 0.00    M    M  5.5 32 240   M    M   0 38     39 240
15  97  65  81   5   0  16    T    M    M  5.0 24 300   M    M   0        30 300
16  98  63  81   5   0  16 0.00    M    M  6.9 18 260   M    M   1        23 270
17  98  64  81   5   0  16 0.00    M    M  8.3 22 250   M    M   1        33 270
18  99  70  85   9   0  20 0.00  0.0    0 12.1 26 210   M    M   0 3      32 270
19  96  60  78   2   0  13 0.00    M    M  8.8 22 250   M    M   0        27 270
20  97  61  79   3   0  14 0.00    M    M  8.4 20 260   M    M   1        26 250
21  93  63  78   2   0  13 0.00    M    M 10.6 23 210   M    M   0        30 230
22  94  62  78   3   0  13    T  0.0    M  7.7 18 260   M    M   0 3      24 270
23  94  61  78   3   0  13 0.00  0.0    M  7.7 26 260   M    M   0        33 220
24  95  62  79   4   0  14    T    M    M  5.3 24 190   M    M   0 3      32 190
25  88  65  77   2   0  12 0.10    M    M  8.2 23 150   M    M   3 3      29 200
26  90  62  76   1   0  11 0.05  0.0    M  7.7 33 320   M    M   5 3      42 320
27  84  62  73  -1   0   8 0.04    M    M  5.4 20 230   M    M   0 13     26 230
28  94  58  76   2   0  11 0.00    M    M  3.3 10 260   M    M   1        18  50
29  96  57  77   3   0  12 0.00    M    M  6.4 22 210   M    M   0        27 220
30  92  63  78   4   0  13 0.46    M    M  6.2 24 320   M    M   3 3      29 310
31  85  61  73  -1   0   8 0.19    M    M  7.0 29 300   M    M   0 13     36 310
================================================================================
SM 2873 1920         0 389  3.26     0.0 225.2          M       42
================================================================================
AV 92.7 61.9                               7.3 FASTST   M    M   1    MAX(MPH)
                                 MISC ---->  # 39 200               # 53  180
================================================================================
NOTES:
# LAST OF SEVERAL OCCURRENCES

COLUMN 17 PEAK WIND IN M.P.H.

PRELIMINARY LOCAL CLIMATOLOGICAL DATA (WS FORM: F-6) , PAGE 2

                                          STATION:  WINSLOW AZ AIRPORT
                                          MONTH:    AUGUST
                                          YEAR:     2015
                                          LATITUDE:   35  1 N
                                          LONGITUDE: 110 44 W

[TEMPERATURE DATA]      [PRECIPITATION DATA]       SYMBOLS USED IN COLUMN 16

AVERAGE MONTHLY: 77.3   TOTAL FOR MONTH:   3.26    1 = FOG OR MIST
DPTR FM NORMAL:   1.3   DPTR FM NORMAL:    2.06    2 = FOG REDUCING VISIBILITY
HIGHEST:   100 ON  5    GRTST 24HR  1.35 ON  7- 8      TO 1/4 MILE OR LESS
LOWEST:     56 ON  3                               3 = THUNDER
                        SNOW, ICE PELLETS, HAIL    4 = ICE PELLETS
                        TOTAL MONTH:   0.0 INCH    5 = HAIL
                        GRTST 24HR     0.0         6 = FREEZING RAIN OR DRIZZLE
                        GRTST DEPTH:   0           7 = DUSTSTORM OR SANDSTORM:
                                                       VSBY 1/2 MILE OR LESS
                                                   8 = SMOKE OR HAZE
[NO. OF DAYS WITH]      [WEATHER - DAYS WITH]      9 = BLOWING SNOW
                                                   X = TORNADO
MAX 32 OR BELOW:   0    0.01 INCH OR MORE:  11
MAX 90 OR ABOVE:  23    0.10 INCH OR MORE:   8
MIN 32 OR BELOW:   0    0.50 INCH OR MORE:   2
MIN  0 OR BELOW:   0    1.00 INCH OR MORE:   1

[HDD (BASE 65) ]
TOTAL THIS MO.     0    CLEAR  (SCALE 0-3)  26
DPTR FM NORMAL     0    PTCLDY (SCALE 4-7)   5
TOTAL FM JUL 1     0    CLOUDY (SCALE 8-10)  0
DPTR FM NORMAL     0

[CDD (BASE 65) ]
TOTAL THIS MO.   389
DPTR FM NORMAL    48    [PRESSURE DATA]
TOTAL FM JAN 1  1109    HIGHEST SLP M ON M
DPTR FM NORMAL    51    LOWEST  SLP 29.80 ON 18

[REMARKS]
#FINAL-08-15#
