000
CXUS56 KFGZ 200900
CF6INW
PRELIMINARY LOCAL CLIMATOLOGICAL DATA (WS FORM: F-6)

                                          STATION:   WINSLOW AZ AIRPORT
                                          MONTH:     OCTOBER
                                          YEAR:      2017
                                          LATITUDE:   35  1 N
                                          LONGITUDE: 110 44 W

  TEMPERATURE IN F:       :PCPN:    SNOW:  WIND      :SUNSHINE: SKY     :PK WND
================================================================================
1   2   3   4   5  6A  6B    7    8   9   10  11  12  13   14  15   16   17  18
                                     12Z  AVG MX 2MIN
DY MAX MIN AVG DEP HDD CDD  WTR  SNW DPTH SPD SPD DIR MIN PSBL S-S WX    SPD DR
================================================================================

 1  84  44  64   2   1   0 0.00    M    M 11.5 28 220   M    M   0        35 220
 2  81  43  62   0   3   0 0.00    M    M 12.8 31 200   M    M   0        38 240
 3  85  36  61  -1   4   0 0.00    M    M  6.0 24 190   M    M   0        32 220
 4  90  51  71  10   0   6 0.00    M    M  9.3 22 220   M    M   0        28 220
 5  90  48  69   8   0   4 0.00    M    M  9.0 28 230   M    M   1        41 240
 6  79  41  60   0   5   0 0.00    M    M  6.7 17 320   M    M   0        23 330
 7  79  31  55  -5  10   0 0.00    M    M  3.2 10 130   M    M   0        15 120
 8  84  38  61   1   4   0 0.00    M    M 13.9 32 240   M    M   0        38 230
 9  64  34  49 -10  16   0 0.00    M    M 11.5 23 320   M    M   1        28 300
10  70  24  47 -12  18   0 0.00    M    M  3.1 10  70   M    M   0        16 110
11  84  38  61   3   4   0 0.00    M    M 10.7 25 240   M    M   0        32 230
12  84  46  65   7   0   0 0.00  0.0    0 10.1 28 220   M    M   0        35 220
13  84  40  62   5   3   0 0.00  0.0    0 10.6 28 240   M    M   0        33 250
14  80  37  59   2   6   0 0.00  0.0    0  6.1 16 340   M    M   0        23  20
15  70  28  49  -8  16   0 0.00  0.0    0  4.0 12 260   M    M   0        12 260
16  79  31  55  -1  10   0 0.00  0.0    0  4.2  9 230   M    M   0        12 330
17  82  36  59   3   6   0 0.00    M    M  2.5 10  60   M    M   0        12  60
18  83  37  60   4   5   0 0.00    M    M  4.7 12 250   M    M   0        13 240
19  77  50  64   9   1   0 0.01    M    M  9.0 24 150   M    M   3 3      30 140
================================================================================
SM 1529  733       112  10  0.01     0.0 148.9          M        5
================================================================================
AV 80.5 38.6                               7.8 FASTST   M    M   0    MAX(MPH)
                                 MISC ---->  # 32 240               # 41  240
================================================================================
NOTES:
# LAST OF SEVERAL OCCURRENCES

COLUMN 17 PEAK WIND IN M.P.H.

PRELIMINARY LOCAL CLIMATOLOGICAL DATA (WS FORM: F-6) , PAGE 2

                                          STATION:  WINSLOW AZ AIRPORT
                                          MONTH:    OCTOBER
                                          YEAR:     2017
                                          LATITUDE:   35  1 N
                                          LONGITUDE: 110 44 W

[TEMPERATURE DATA]      [PRECIPITATION DATA]       SYMBOLS USED IN COLUMN 16

AVERAGE MONTHLY: 59.5   TOTAL FOR MONTH:   0.01    1 = FOG OR MIST
DPTR FM NORMAL:   0.8   DPTR FM NORMAL:   -0.33    2 = FOG REDUCING VISIBILITY
HIGHEST:    90 ON  5, 4 GRTST 24HR  0.01 ON 19-19      TO 1/4 MILE OR LESS
LOWEST:     24 ON 10                               3 = THUNDER
                        SNOW, ICE PELLETS, HAIL    4 = ICE PELLETS
                        TOTAL MONTH:   0.0 INCH    5 = HAIL
                        GRTST 24HR     0.0         6 = FREEZING RAIN OR DRIZZLE
                        GRTST DEPTH:   0           7 = DUSTSTORM OR SANDSTORM:
                                                       VSBY 1/2 MILE OR LESS
                                                   8 = SMOKE OR HAZE
[NO. OF DAYS WITH]      [WEATHER - DAYS WITH]      9 = BLOWING SNOW
                                                   X = TORNADO
MAX 32 OR BELOW:   0    0.01 INCH OR MORE:   1
MAX 90 OR ABOVE:   2    0.10 INCH OR MORE:   0
MIN 32 OR BELOW:   4    0.50 INCH OR MORE:   0
MIN  0 OR BELOW:   0    1.00 INCH OR MORE:   0

[HDD (BASE 65) ]
TOTAL THIS MO.   112    CLEAR  (SCALE 0-3)  18
DPTR FM NORMAL   -15    PTCLDY (SCALE 4-7)   1
TOTAL FM JUL 1   163    CLOUDY (SCALE 8-10)  0
DPTR FM NORMAL     5

[CDD (BASE 65) ]
TOTAL THIS MO.    10
DPTR FM NORMAL     4    [PRESSURE DATA]
TOTAL FM JAN 1  1443    HIGHEST SLP M ON M
DPTR FM NORMAL   236    LOWEST  SLP 29.57 ON  2

[REMARKS]
